crafers weather station

 Latitude S 34° 59' 22"    Longitude E 138° 43' 40"    Elevation 500 m

5.8 °C




  NOAA Style Reports for Crafers - commenced 28/12/2013.






Report for 2019 Sep
                   Monthly Climatological Summary for Sep. 2019

Name: Crafers Weather Station   City: Crafers   State: SA
Elevation: 500 m  Lat: S 34 59 21   Lon: E 138 43 40

                  Temperature (C), Rain (mm), Wind Speed (km/h)

                                      Heat  Cool        Avg
    Mean                              Deg   Deg         Wind                 Dom
Day Temp  High   Time   Low    Time   Days  Days  Rain  Speed High   Time    Dir
----------------------------------------------------------------------------------
01   9.2  20.1   08:29   4.6   23:51   9.1   0.0   0.1   1.3  22.0   13:33    SW
02  14.1  22.0   10:31   8.4   03:11   4.4   0.2   0.2   1.1  18.4   10:15   SSE
03  10.5  15.4   12:13   7.7   06:18   6.4   0.0   2.5   0.9  13.3   18:29     S
04  11.6  19.0   08:31   8.7   09:56   6.0   0.0   3.6   0.4   8.6   08:10    SE
05   9.9  18.2   10:07   6.1   06:27   8.4   0.0   4.7   3.2  23.4   04:58   SSW
06   6.8   8.9   13:40   5.5   06:13  11.5   0.0   3.8   3.7  34.2   13:17   WSW
07   8.3  12.2   11:35   6.5   04:35   9.9   0.0   4.2   2.8  18.4   12:51    SW
08   8.1  13.1   08:07   4.9   06:29   9.4   0.0   1.3   3.0  24.5   15:17    SW
09   7.3  16.6   12:37   2.7   06:04   9.4   0.0   0.0   0.5  11.2   13:52   SSW
10  11.2  21.5   08:03   6.6   21:59   6.1   0.1   0.0   0.7   9.7   09:16     S
11  17.5  23.0   11:36  13.2   06:37   1.7   1.0   0.0   3.0  24.5   02:27   SSE
12  14.0  22.9   10:39   7.4   23:25   5.1   0.8   0.0   0.8  15.8   11:56    SW
13  14.4  26.0   08:59   9.0   23:53   4.3   0.7   0.0   0.4  14.8   15:30   WSW
14  16.9  25.1   20:00   9.3   18:15   1.4   0.3   0.0   1.1  13.3   04:06     S
15  15.4  26.1   12:08   6.9   05:56   4.9   2.0   2.1   1.8  17.3   14:06     S
16   6.6  11.4   12:34   1.3   04:28  10.4   0.0   0.0   1.7  23.4   11:49     S
17   7.4  18.1   08:22   3.1   22:52   9.5   0.0   0.1   1.3  19.4   09:36   SSE
18  15.7  20.0   08:32  11.9   18:49   2.7   0.2   0.0   1.7  24.5   02:16   ESE
19  19.8  26.4   13:16  12.9   05:00   1.2   2.7   0.0   2.1  22.0   09:37   SSE
20  10.1  17.6   10:41   6.2   00:45   8.2   0.0  13.9   1.5  14.8   15:09    SW
21   7.7  13.7   13:01   5.2   23:12  10.5   0.0   3.2   1.7  20.9   09:25    SW
22   8.1  14.7   07:58   5.4   01:30  10.0   0.0   3.9   1.9  17.3   14:22   SSW
23   8.6  15.0   12:50   4.2   04:35   9.5   0.0   0.2   1.0  15.8   15:23    SW
24   8.8  17.0   12:42   4.1   04:45   9.4   0.0   0.0   0.5  12.2   12:42    SW
25  11.8  23.4   08:20   6.6   02:29   6.7   0.3   0.0   0.6   8.6   10:24     S
26  16.4  23.8   11:10  10.4   18:55   3.2   1.3   0.0   1.1  13.3   13:16    SE
27   9.7  22.3   09:13   0.0   17:39   8.7   0.4   0.0   1.0  15.8   08:56     S
28   9.6  16.6   12:12   4.3   05:32   8.5   0.0   0.0   0.8  17.3   09:26   SSE
29  10.1  18.2   11:47   5.8   22:00   8.1   0.0   0.0   1.7  54.4   11:05   SSE
----------------------------------------------------------------------------------
    11.2  26.4    19     0.0    27   204.6  10.0  43.8   1.5  54.4    29       S

Max >=  40.0  0
Max <=  25.0 25
Min <=  16.0 29
Min <=   5.0  9
Max Rain: 13.9 on day 20
Days of Rain: 12 (>= 0.2 mm)  9 (>= 2.0 mm)  0 (>= 20.0 mm)
Heat Base: 18.3  Cool Base: 18.3  Method: Integration