crafers weather station

 Latitude S 34° 59' 22"    Longitude E 138° 43' 40"    Elevation 500 m

5.9 °C




  NOAA Style Reports for Crafers - commenced 28/12/2013.






Report for 2019 Jul
                   Monthly Climatological Summary for Jul 2019

Name: Crafers Weather   City: Adelaide   State: South Australia
Elevation: 500 m  Lat: S 34 59' 22"   Lon: E 138 43' 40"

                  Temperature (C), Rain (mm), Wind Speed (km/h)

                                      Heat  Cool        Avg
    Mean                              Deg   Deg         Wind                 Dom
Day Temp  High   Time   Low    Time   Days  Days  Rain  Speed High   Time    Dir
----------------------------------------------------------------------------------
 1   8.1  11.7   12:22   6.2   05:22  10.2   0.0   0.0   2.1  19.4   12:01   SSE
 2   9.1  13.5   13:17   7.2   20:44   9.2   0.0   0.1   0.2  11.2   12:57    SW
 3   7.8  11.9   12:26   5.5   02:36  10.5   0.0   0.0   1.6  15.8   11:54    SE
 4   9.2  18.6   08:52   6.9   20:54   9.1   0.0   0.0   1.7  24.5   11:18    SE
 5  14.0  21.6   11:37  11.0   18:20   4.5   0.2   0.0   1.5  20.9   22:50   SSW
 6  13.6  21.5   12:13   9.0   07:29   4.9   0.2   6.8   1.0  13.3   11:43   SSW
 7   9.1  13.4   11:23   6.6   01:42   9.2   0.0   0.0   0.8  13.3   10:08   SSW
 8   7.8  14.3   13:29   5.1   05:27  10.5   0.0   0.2   0.4  13.3   13:51   WSW
 9   9.0  14.3   13:02   6.0   06:52   9.3   0.0   0.0   2.1  18.4   08:18   SSE
10   9.0  11.2   15:01   6.9   21:18   9.3   0.0   9.8   4.1  34.2   15:55   SSW
11   9.8  10.7   11:55   8.8   07:22   8.5   0.0   9.4   3.7  28.1   23:38    SW
12   6.4   9.5   11:14   4.3   22:22  11.9   0.0   9.4   2.8  28.1   11:01    SW
13   6.9  11.1   11:49   4.8   21:24  11.4   0.0   2.0   1.9  19.4   11:37    SW
14   7.9   9.1   11:29   7.2   01:12  10.4   0.0   3.4   3.5  23.4   11:35    SW
15   9.1  11.1   11:59   7.4   04:52   9.2   0.0   0.3   0.9  15.8   09:45    SW
16   9.0  13.5   12:31   6.2   05:25   9.3   0.0   5.4   1.5  20.9   05:14   SSW
17   8.5   9.3   14:47   7.6   09:00   9.8   0.0   7.6   1.6  18.4   11:04   SSW
18   8.3   9.4   15:25   7.5   23:07  10.0   0.0   0.1   1.8  19.4   14:59   SSE
19  10.8  16.4   12:43   6.1   20:53   7.5   0.0   0.0   1.5  19.4   07:52   SSE
20  12.2  17.6   12:03   6.7   07:06   6.1   0.0   0.0   3.0  27.0   17:49   SSE
21   9.5  13.2   11:46   7.8   04:21   8.8   0.0   0.0   2.6  19.4   09:50   SSE
22  10.0  13.7   11:30   7.6   05:55   8.3   0.0  15.8   3.8  29.5   01:38   SSE
23   8.8  10.7   12:24   7.6   23:16   9.5   0.0   6.5   3.1  37.8   11:11   SSW
24   9.5  13.7   08:58   7.1   06:17   8.8   0.0   0.3   0.9  13.3   11:35   SSE
25  11.1  14.1   12:05   8.5   06:07   7.2   0.0   0.1   1.6  15.8   15:34   SSE
26   8.3  13.9   08:55   4.3   01:32  10.0   0.0   0.0   0.3  11.2   11:51   SSW
27   7.9  13.9   09:05   5.4   04:51  10.4   0.0   0.0   0.5  11.2   10:44   SSW
28  11.5  20.4   11:56   7.9   07:18   6.8   0.1   5.0   1.3  13.3   17:40   SSE
29   8.3  15.3   12:23   5.6   00:04  10.0   0.0   0.0   0.7  11.2   12:24     S
30   6.7  12.4   13:15   4.2   06:35  11.6   0.0   0.0   0.8  11.2   11:08     S
31   7.2  11.4   08:24   5.4   09:00  11.1   0.0   0.0   0.9  14.8   11:21     S
----------------------------------------------------------------------------------
     9.2  21.6     5     4.2    30   283.3   0.5  82.2   1.7  37.8    23       S

Max >=  40.0:  0
Max <=  25.0: 31
Min <=  16.0: 31
Min <=   5.0:  4
Max Rain: 15.8 on day 22
Days of Rain: 14 (>= 0.2 mm)  11 (>= 2.0 mm)  0 (>= 20.0 mm)
Heat Base: 18.3  Cool Base: 18.3  Method: Integration