crafers weather station

 Latitude S 34° 59' 22"    Longitude E 138° 43' 40"    Elevation 500 m

10.2 °C




  NOAA Style Reports for Crafers - commenced 28/12/2013.





Select a Year or Month report

Report for 2019 Jun
                   Monthly Climatological Summary for Jun 2019

Name: Crafers Weather   City: Adelaide   State: South Australia
Elevation: 500 m  Lat: S 34 59' 22"   Lon: E 138 43' 40"

                  Temperature (C), Rain (mm), Wind Speed (km/h)

                                      Heat  Cool        Avg
    Mean                              Deg   Deg         Wind                 Dom
Day Temp  High   Time   Low    Time   Days  Days  Rain  Speed High   Time    Dir
----------------------------------------------------------------------------------
 1   8.9  11.0   13:48   7.8   09:00   9.4   0.0   0.5   1.5  14.8   02:18   SSE
 2   7.7  11.6   11:51   5.1   05:50  10.6   0.0   1.5   2.6  22.0   13:29    SW
 3   6.9  11.2   13:12   5.4   01:47  11.4   0.0   0.9   2.5  20.9   15:11    SW
 4   5.8   7.8   14:34   3.2   06:45  12.5   0.0   2.1   1.2  17.3   12:17     S
 5   7.5  10.8   13:49   6.0   01:09  10.8   0.0   0.0   0.8  11.2   05:11     S
 6   7.2  15.2   12:14   4.2   01:01  11.1   0.0   0.0   0.4  11.2   09:05    SE
 7   9.0  16.9   12:10   6.1   21:24   9.3   0.0   0.0   0.5  11.2   11:01   ESE
 8  10.7  15.6   13:10   6.9   19:10   7.6   0.0   0.0   1.8  19.4   11:33    SE
 9  11.0  13.5   11:49   8.9   13:15   7.3   0.0   6.2   2.5  23.4   02:22    SE
10   9.8  16.9   08:41   6.3   06:19   8.5   0.0   0.0   1.1  22.0   09:30   SSE
11  14.8  20.2   13:06  11.5   07:37   3.5   0.1  52.8   1.8  15.8   00:35    SE
12  10.3  12.1   14:30   9.2   08:03   8.0   0.0   3.5   1.8  23.4   13:45   SSE
13  10.3  11.5   15:08   9.2   09:01   8.0   0.0   2.9   1.5  15.8   08:01   SSE
14  10.3  13.5   13:11   7.9   07:39   8.0   0.0   6.8   0.8  12.2   15:47   SSE
15   8.9  14.3   08:45   5.7   07:33   9.4   0.0   1.8   0.4  11.2   01:17    SE
16   8.1  16.6   11:53   4.3   06:20  10.3   0.0   0.0   0.3   9.7   12:21    SE
17   7.9  11.0   12:32   4.6   07:25  10.4   0.0   7.7   1.8  22.0   07:31   SSE
18   5.1  12.3   12:14   2.4   07:13  13.2   0.0   1.7   0.8  18.4   12:23   WSW
19   5.2  11.2   12:05   2.1   05:09  13.1   0.0   0.2   0.2   7.2   13:37    SE
20   6.1  13.5   08:45   3.5   03:00  12.2   0.0   0.0   0.3   7.2   09:53    SE
21   6.3  13.0   12:52   2.6   06:54  12.0   0.0   0.0   0.2   8.6   12:28   SSE
22   5.0  12.9   12:12   1.5   06:49  13.3   0.0   0.0   0.3  12.2   11:43   SSE
23   4.7  12.6   11:44   1.7   07:34  13.6   0.0   0.0   0.7  14.8   10:49    SE
24   7.4  15.7   08:50   3.8   07:42  10.9   0.0   0.0   0.7  11.2   10:22   SSE
25   8.9  16.5   11:59   6.1   23:13   9.4   0.0   0.0   0.5   9.7   12:37    NE
26  11.9  19.1   08:46   8.0   20:30   6.4   0.0   0.0   1.0  14.8   03:17   SSE
27  15.4  19.6   11:40  13.4   18:01   3.0   0.1   0.0   3.4  46.4   01:26   ESE
28  14.7  21.2   11:48   6.7   08:09   3.7   0.1  23.4   3.3  24.5   06:17    SE
29   6.1   8.2   12:37   4.7   23:37  12.2   0.0  18.8   2.1  22.0   12:18   SSW
30   7.1   8.9   13:22   5.6   05:13  11.2   0.0   0.0   3.0  19.4   12:28   SSE
----------------------------------------------------------------------------------
     8.6  21.2    28     1.5    22   290.3   0.3 130.8   1.3  46.4    27     SSE

Max >=  40.0:  0
Max <=  25.0: 30
Min <=  16.0: 30
Min <=   5.0: 12
Max Rain: 52.8 on day 11
Days of Rain: 15 (>= 0.2 mm)  9 (>= 2.0 mm)  2 (>= 20.0 mm)
Heat Base: 18.3  Cool Base: 18.3  Method: Integration