crafers weather station

 Latitude S 34° 59' 22"    Longitude E 138° 43' 40"    Elevation 500 m

6.6 °C




  NOAA Style Reports for Crafers - commenced 28/12/2013.





Select a Year or Month report

Report for 2019 May
                   Monthly Climatological Summary for May 2019

Name: Crafers Weather   City: Adelaide   State: South Australia
Elevation: 500 m  Lat: S 34 59' 22"   Lon: E 138 43' 40"

                  Temperature (C), Rain (mm), Wind Speed (km/h)

                                      Heat  Cool        Avg
    Mean                              Deg   Deg         Wind                 Dom
Day Temp  High   Time   Low    Time   Days  Days  Rain  Speed High   Time    Dir
----------------------------------------------------------------------------------
 1  10.4  15.5   12:05   8.4   08:45   7.9   0.0   8.0   2.4  20.9   19:59   ESE
 2   9.2  11.8   13:36   7.6   20:50   9.1   0.0   9.9   1.9  15.8   03:37   ESE
 3  10.5  13.2   13:18   7.9   06:02   7.8   0.0  13.6   2.0  19.4   12:02    SW
 4  11.1  16.2   13:16   8.7   05:56   7.2   0.0   0.0   0.7  12.2   12:46    SW
 5   9.3  17.3   12:42   5.4   06:34   9.0   0.0   0.0   0.2  11.2   13:22   SSE
 6  12.5  19.6   13:39   7.7   20:26   5.8   0.0   0.0   1.0  18.4   08:18    SE
 7   9.6  16.3   10:31   7.5   05:18   8.7   0.0  12.5   1.8  27.0   12:26    SW
 8  10.2  15.8   09:00   7.8   08:58   8.1   0.0   7.4   2.6  23.4   04:37     S
 9   5.9   9.3   12:49   3.8   06:25  12.4   0.0   6.4   2.2  20.9   04:05    SW
10   8.4  12.4   11:24   5.5   19:07   9.9   0.0   1.9   1.8  22.0   12:56    SW
11  10.8  14.2   11:51   9.6   00:29   7.5   0.0   1.9   0.9  13.3   12:38   SSW
12   9.8  15.4   08:49   6.2   02:50   8.5   0.0   0.1   0.5  15.8   08:27    SE
13   9.9  15.4   09:00   7.4   05:30   8.4   0.0   0.0   1.1   9.7   09:00    NE
14  11.8  21.8   08:55   8.6   05:57   6.7   0.2   0.0   0.0   0.0   09:00   ---
15  11.9  20.9   12:00   7.8   06:53   6.5   0.1   0.0   0.0   0.0   09:00   ---
16  11.9  20.7   13:39   7.0   06:47   6.6   0.2   0.0   0.0   0.0   09:00   ---
17  12.8  22.2   12:19   8.8   00:19   5.9   0.3   0.0   0.0   0.0   09:00   ---
18  17.8  22.9   08:18  13.6   09:00   1.1   0.6   0.0   0.7  12.2   07:38   WSW
19  13.8  19.6   10:13  10.4   04:48   4.6   0.1   5.5   1.6  17.3   02:31   SSE
20  12.2  14.7   13:07   9.6   06:54   6.1   0.0   0.0   1.4  17.3   14:28   SSE
21  13.5  22.2   08:35  10.0   07:32   5.1   0.3   0.0   0.4  12.2   11:29    SE
22  14.9  24.7   11:26  10.8   23:24   4.2   0.8   0.0   0.2   6.1   11:23     W
23  16.3  24.0   11:47  12.6   19:51   2.7   0.7   1.2   1.4  15.8   06:05   SSE
24  13.7  21.4   11:52  10.4   22:28   4.8   0.2   5.8   2.3  30.6   12:10     S
25   9.4  11.8   13:33   8.3   20:59   8.9   0.0   9.3   1.7  14.8   11:43    SW
26   8.5  10.4   16:33   6.3   02:47   9.8   0.0  18.3   2.6  23.4   16:12   WSW
27   9.1  12.6   11:44   7.6   17:04   9.2   0.0   4.4   2.4  27.0   23:21    SW
28   9.2  11.0   13:40   6.2   08:44   9.1   0.0   8.8   3.8  28.1   07:36    SW
29   5.9  11.1   11:55   3.3   06:17  12.4   0.0   3.0   2.5  39.2   14:54   WSW
30   8.1  12.6   12:03   5.2   20:49  10.2   0.0   0.2   1.7  14.8   10:57    SW
31   9.2  12.2   13:36   7.0   07:28   9.1   0.0   0.2   1.8  14.8   04:14     S
----------------------------------------------------------------------------------
    10.9  24.7    22     3.3    29   233.3   3.5 118.4   1.4  39.2    29     SSW

Max >=  40.0:  0
Max <=  25.0: 31
Min <=  16.0: 31
Min <=   5.0:  2
Max Rain: 18.3 on day 26
Days of Rain: 18 (>= 0.2 mm)  13 (>= 2.0 mm)  0 (>= 20.0 mm)
Heat Base: 18.3  Cool Base: 18.3  Method: Integration