crafers weather station

 Latitude S 34° 59' 22"    Longitude E 138° 43' 40"    Elevation 500 m

7.2 °C




  NOAA Style Reports for Crafers - commenced 28/12/2013.





Select a Year or Month report

Report for 2019 Apr
                   Monthly Climatological Summary for Apr 2019

Name: Crafers Weather   City: Adelaide   State: South Australia
Elevation: 500 m  Lat: S 34 59' 22"   Lon: E 138 43' 40"

                  Temperature (C), Rain (mm), Wind Speed (km/h)

                                      Heat  Cool        Avg
    Mean                              Deg   Deg         Wind                 Dom
Day Temp  High   Time   Low    Time   Days  Days  Rain  Speed High   Time    Dir
----------------------------------------------------------------------------------
 1  14.0  25.4   08:57   9.7   05:52   4.8   0.5   0.0   0.9  18.4   16:03    SW
 2  19.1  27.2   10:17  14.6   00:37   1.7   2.5   0.0   0.7   9.7   12:36   SSE
 3  19.4  28.0   11:03  15.4   07:57   1.0   2.1   0.0   0.4  12.2   11:03    SE
 4  23.9  31.3   14:34  19.3   04:52   0.0   5.6   0.0   1.2  18.4   01:57   SSE
 5  19.7  31.6   11:43  12.1   06:54   2.5   4.0   0.0   3.1  29.5   13:05     S
 6  14.1  23.7   13:37   9.4   02:37   5.0   0.6   0.0   0.8  13.3   08:33   SSW
 7  15.4  22.1   09:11  12.0   00:37   3.3   0.4   0.0   1.8  18.4   10:42     S
 8  13.3  19.1   12:29   7.9   06:38   5.0   0.0   1.2   2.5  20.9   01:13    SW
 9  10.6  16.8   09:01   7.3   06:23   7.7   0.0   0.0   1.0  17.3   09:29   SSW
10  10.0  17.9   13:41   5.0   05:23   8.3   0.0   0.0   1.0  14.8   10:49    SE
11  13.3  24.4   08:02   7.9   22:38   5.5   0.5   0.0   0.7  12.2   09:46    SE
12  16.5  24.9   12:26  12.2   20:12   2.9   1.1   0.0   0.7  12.2   13:47     S
13  15.6  18.6   12:24  13.0   06:40   2.7   0.0   1.0   0.8  20.9   13:28   ESE
14  18.2  25.5   13:01  14.3   23:40   1.6   1.4   0.1   0.7  14.8   16:17    SE
15  21.1  32.2   08:39  16.0   04:11   0.4   3.2   0.0   0.5   9.7   11:47   ESE
16  25.9  31.8   13:15  21.5   07:30   0.0   7.6   0.0   2.3  23.4   15:22   ESE
17  15.3  27.1   12:07   8.7   04:52   4.4   1.4   0.0   2.0  19.4   14:16   SSW
18  14.8  25.2   07:57  11.1   00:22   3.9   0.4   0.0   1.8  18.4   11:13   ESE
19  23.8  30.7   12:54  19.4   23:31   0.0   5.5   0.0   1.1  15.8   07:29   ESE
20  21.2  31.2   09:18  11.4   08:10   1.5   4.4   0.2   2.2  24.5   00:34   SSE
21  12.1  19.1   12:57   7.4   06:37   6.2   0.0   0.1   1.0  15.8   12:40    SW
22  11.6  20.3   11:58   6.4   05:25   6.7   0.0   0.0   1.1  18.4   12:02   SSE
23  12.7  20.7   08:24   8.3   05:59   5.7   0.1   0.0   1.0  14.8   10:01    SE
24  13.2  22.8   11:50   8.2   02:32   5.6   0.5   0.0   1.1  17.3   13:30    SW
25  14.1  20.5   11:39  10.3   06:38   4.3   0.1   0.6   1.9  18.4   04:56    SW
26  10.8  15.8   12:10   8.5   03:06   7.5   0.0   0.0   1.7  19.4   10:05    SW
27  12.2  20.0   11:54   8.4   21:18   6.1   0.0   0.0   1.1  14.8   12:09    SW
28  12.0  19.8   12:36   7.0   06:48   6.3   0.0   0.1   0.9  13.3   09:34    SW
29  15.0  23.6   13:11  10.3   22:31   3.8   0.5   0.0   1.0  14.8   07:06   ESE
30  14.8  24.1   12:36   9.7   00:03   4.3   0.7  10.5   3.0  20.9   20:27   ESE
----------------------------------------------------------------------------------
    15.8  32.2    15     5.0    10   118.7  43.1  13.8   1.3  29.5     5     SSE

Max >=  40.0:  0
Max <=  25.0: 18
Min <=  16.0: 27
Min <=   5.0:  1
Max Rain: 10.5 on day 30
Days of Rain: 5 (>= 0.2 mm)  1 (>= 2.0 mm)  0 (>= 20.0 mm)
Heat Base: 18.3  Cool Base: 18.3  Method: Integration