crafers weather station

 Latitude S 34° 59' 22"    Longitude E 138° 43' 40"    Elevation 500 m

6.1 °C




  NOAA Style Reports for Crafers - commenced 28/12/2013.






Report for 2019 Mar
                   Monthly Climatological Summary for Mar 2019

Name: Crafers Weather   City: Adelaide   State: South Australia
Elevation: 500 m  Lat: S 34 59' 22"   Lon: E 138 43' 40"

                  Temperature (C), Rain (mm), Wind Speed (km/h)

                                      Heat  Cool        Avg
    Mean                              Deg   Deg         Wind                 Dom
Day Temp  High   Time   Low    Time   Days  Days  Rain  Speed High   Time    Dir
----------------------------------------------------------------------------------
 1  32.0  40.3   13:12  25.9   06:41   0.0  13.7   0.0   1.6  14.8   12:04   SSE
 2  29.2  39.2   12:49  20.0   02:07   0.0  10.9   0.0   1.1  19.4   10:06    SE
 3  21.3  35.3   11:02  13.2   06:47   1.9   5.0   0.1   0.9  18.4   16:24    SE
 4  20.1  34.2   14:33  12.3   07:07   2.3   4.1   0.0   0.9  11.2   13:54   ESE
 5  15.9  25.7   11:18   9.3   06:43   3.6   1.3   1.2   2.7  20.9   21:06    SW
 6  11.8  18.5   10:56   6.3   06:35   6.5   0.0   0.0   1.7  20.9   11:19    SW
 7  17.2  25.1   08:59  12.9   06:59   2.1   1.0   0.0   1.0  14.8   12:33    SE
 8  19.6  27.5   08:59  14.6   05:46   1.1   2.4   0.0   0.7  11.2   12:08     S
 9  20.4  29.3   11:12  14.5   00:14   1.2   3.4   0.0   1.1  13.3   08:46   SSW
10  19.9  27.2   10:27  15.6   07:05   0.7   2.2   0.0   1.5  15.8   13:02   SSW
11  16.8  24.5   12:06  13.6   06:38   2.3   0.8   0.0   2.2  17.3   10:32    SW
12  13.1  22.1   13:07   7.7   06:35   5.4   0.2   0.1   1.6  22.0   12:26    SW
13  14.4  25.8   08:59   8.6   06:49   4.4   0.5   0.0   0.8  12.2   10:44   ESE
14  16.9  27.2   10:45  10.8   01:09   3.6   2.2   0.0   1.5  14.8   11:59     S
15  16.3  28.7   08:50  10.9   01:06   3.5   1.5   0.0   1.5  19.4   09:40    SE
16  20.4  30.1   13:40  12.2   05:24   2.1   4.2   0.0   1.0  18.4   18:30   ESE
17  24.4  31.5   12:26  21.9   18:29   0.0   6.1   0.0   2.3  12.2   12:58    SE
18  21.9  21.9   09:00  21.9   09:00   0.0   3.6   0.0   2.5   6.1   09:00   SSE
19  21.9  21.9   09:00  21.9   09:00   0.0   3.6   0.0   2.5   6.1   09:00   SSE
20  21.9  21.9   09:00  21.9   09:00   0.0   3.6   0.0   2.5   6.1   09:00   SSE
21  21.9  21.9   09:00  21.9   09:00   0.0   3.6   0.0   2.5   6.1   09:00   SSE
22  21.9  21.9   09:00  21.9   09:00   0.0   3.6   0.0   2.5   6.1   09:00   SSE
23  21.9  21.9   09:00  21.9   09:00   0.0   3.6   0.0   2.5   6.1   09:00   SSE
24  17.2  21.9   09:00   9.4   08:08   2.9   1.8   5.2   3.2  28.1   00:36   SSW
25  11.8  17.6   08:42   8.3   00:01   6.5   0.0   1.1   1.7  22.0   16:23   WSW
26  13.7  21.4   12:04   9.3   06:03   4.8   0.2   0.0   1.1  20.9   10:27    SW
27  16.8  27.0   08:59  11.6   05:57   3.0   1.6   0.0   0.7  12.2   15:48     S
28  20.5  27.9   13:40  15.3   05:32   0.7   2.9   0.1   1.5  18.4   13:08    SE
29  10.0  19.2   09:00   5.8   06:03   8.3   0.0   1.1   3.0  27.0   13:31   WSW
30  11.6  16.4   11:16  10.0   19:55   6.7   0.0   1.0   2.4  20.9   09:30   WSW
31  13.1  18.9   14:09   9.4   23:21   5.2   0.0   0.1   1.3  17.3   14:11    SW
----------------------------------------------------------------------------------
    18.6  40.3     1     5.8    29    78.8  87.6  10.0   1.7  28.1    24       S

Max >=  40.0:  1
Max <=  25.0: 15
Min <=  16.0: 22
Min <=   5.0:  0
Max Rain: 5.2 on day 24
Days of Rain: 5 (>= 0.2 mm)  1 (>= 2.0 mm)  0 (>= 20.0 mm)
Heat Base: 18.3  Cool Base: 18.3  Method: Integration