crafers weather station

 Latitude S 34° 59' 22"    Longitude E 138° 43' 40"    Elevation 500 m

8.5 °C




  NOAA Style Reports for Crafers - commenced 28/12/2013.





Select a Year or Month report

Report for 2019 Feb
                   Monthly Climatological Summary for Feb 2019

Name: Crafers Weather   City: Adelaide   State: South Australia
Elevation: 500 m  Lat: S 34 59' 22"   Lon: E 138 43' 40"

                  Temperature (C), Rain (mm), Wind Speed (km/h)

                                      Heat  Cool        Avg
    Mean                              Deg   Deg         Wind                 Dom
Day Temp  High   Time   Low    Time   Days  Days  Rain  Speed High   Time    Dir
----------------------------------------------------------------------------------
 1  18.8  32.5   08:59  12.3   23:35   2.1   2.6   0.0   1.7  17.3   15:16   ESE
 2  28.9  38.1   08:52  23.1   05:55   0.0  10.6   0.0   1.1  12.2   13:55   SSE
 3  24.0  39.7   12:10  14.6   06:07   1.2   6.9   0.0   3.0  22.0   14:35   SSW
 4  16.4  23.8   13:12  11.4   07:03   2.9   1.0   0.0   3.5  23.4   16:49   SSE
 5  19.9  26.6   14:18  14.7   22:59   0.9   2.5   0.4   1.4  18.4   09:11   ESE
 6  21.1  31.8   14:31  13.6   06:44   1.5   4.3   0.1   1.0  14.8   13:24   SSE
 7  18.8  28.0   14:00  13.1   07:26   2.0   2.5   0.0   1.8  14.8   19:53     S
 8  15.8  22.9   12:48  12.3   01:28   3.1   0.6   8.1   3.2  25.6   15:21   WSW
 9  14.1  20.6   14:03   9.4   01:52   4.4   0.1   0.5   2.1  29.5   10:29   WSW
10  16.1  21.5   08:53  13.6   21:27   2.3   0.1   0.1   1.5  15.8   16:28   SSW
11  16.5  21.1   15:04  13.3   07:28   2.0   0.2   3.8   2.8  25.6   02:52   SSW
12  11.5  16.5   14:22   8.2   04:15   6.8   0.0   1.0   2.5  23.4   09:49   WSW
13  12.9  21.1   08:37   8.3   01:58   5.5   0.1   0.0   1.4  23.4   10:27    SW
14  16.9  24.8   11:25  11.1   06:49   3.1   1.7   0.0   1.3  17.3   13:16     S
15  19.8  31.7   08:58  12.2   00:40   2.3   3.8   0.0   1.1  14.8   16:02     S
16  23.2  32.5   09:40  16.6   22:56   0.3   5.2   0.0   1.0  13.3   15:04    SW
17  23.8  33.7   13:36  15.1   08:03   0.6   6.1   0.0   0.9  18.4   14:25    SE
18  16.0  25.7   13:06  11.4   01:49   3.6   1.2   0.0   2.1  22.0   17:27    SW
19  14.8  24.2   11:13   9.8   05:22   4.0   0.6   0.0   1.5  19.4   10:20    SW
20  16.5  24.1   13:19  12.5   05:20   2.8   1.0   0.2   1.9  23.4   15:59    SW
21  16.2  25.9   14:26  10.5   06:17   3.5   1.4   0.0   1.2  17.3   12:44    SE
22  20.4  29.4   14:02  13.7   00:20   1.6   3.6   0.0   1.4  15.8   16:42   ESE
23  23.6  36.0   08:48  16.9   01:32   0.2   5.5   0.0   1.5  15.8   15:41   ESE
24  27.6  37.4   14:11  20.4   01:56   0.0   9.3   0.0   1.1  13.3   14:49   SSE
25  27.8  37.5   13:08  20.3   05:12   0.0   9.5   0.0   1.2  19.4   14:07   SSW
26  33.8  36.1   13:04  33.0   09:00   0.0  15.5   0.0   2.5  12.2   12:57    SE
27  28.3  38.5   09:27  20.2   02:40   0.0  10.2   0.0   1.1  13.3   09:27     S
28  28.3  37.6   13:02  21.2   21:38   0.0  10.0   0.0   1.1  12.2   13:31    SE
----------------------------------------------------------------------------------
    20.4  39.7     3     8.2    12    56.7 116.1  14.2   1.7  29.5     9       S

Max >=  40.0:  0
Max <=  25.0: 10
Min <=  16.0: 20
Min <=   5.0:  0
Max Rain: 8.1 on day 8
Days of Rain: 6 (>= 0.2 mm)  2 (>= 2.0 mm)  0 (>= 20.0 mm)
Heat Base: 18.3  Cool Base: 18.3  Method: Integration