crafers weather station

 Latitude S 34° 59' 22"    Longitude E 138° 43' 40"    Elevation 500 m

5.4 °C




  NOAA Style Reports for Crafers - commenced 28/12/2013.






Report for 2019 Jan
                   Monthly Climatological Summary for Jan 2019

Name: Crafers Weather   City: Adelaide   State: South Australia
Elevation: 500 m  Lat: S 34 59' 22"   Lon: E 138 43' 40"

                  Temperature (C), Rain (mm), Wind Speed (km/h)

                                      Heat  Cool        Avg
    Mean                              Deg   Deg         Wind                 Dom
Day Temp  High   Time   Low    Time   Days  Days  Rain  Speed High   Time    Dir
----------------------------------------------------------------------------------
 1  19.9  32.1   10:45  12.9   04:20   2.2   3.8   0.0   1.4  12.2   13:01    SE
 2  21.9  35.2   08:50  15.2   22:39   0.9   4.5   0.0   1.1  13.3   13:17   ESE
 3  31.9  39.0   14:26  26.1   06:22   0.0  13.6   0.0   0.9  12.2   17:26    SE
 4  20.3  39.2   09:19  11.9   03:51   2.7   4.6   0.0   2.0  18.4   15:50    SW
 5  15.7  23.6   08:35   9.7   03:52   3.5   0.9   0.0   1.8  24.5   13:47    SW
 6  17.2  26.4   13:29  11.8   06:54   3.1   2.0   0.0   1.8  14.8   17:49   SSE
 7  17.9  27.9   14:12  10.6   05:47   2.9   2.4   0.0   1.0  15.8   15:15   SSE
 8  18.4  30.1   11:48  11.2   06:31   2.5   2.6   0.0   3.1  20.9   14:26    SW
 9  14.6  23.2   11:31   8.6   04:43   4.9   1.1   0.0   1.4  17.3   16:41   SSE
10  19.6  33.8   08:24  11.4   09:00   1.6   2.9   0.0   1.1  13.3   15:32   ESE
11  27.3  36.4   10:34  15.2   05:50   0.3   9.2   0.0   1.3  17.3   13:18    SE
12  18.2  29.7   12:59  10.9   06:11   2.9   2.7   0.0   2.9  19.4   11:25   SSE
13  23.3  38.5   08:18  16.1   23:34   0.3   5.2   0.0   1.3  17.3   14:23    SE
14  31.0  44.0   08:59  23.1   22:55   0.0  12.7   0.0   1.2  18.4   15:15    SW
15  30.2  44.2   09:19  20.0   02:29   0.0  11.9   0.0   1.0  22.0   12:36    SW
16  29.9  39.8   13:40  23.1   05:24   0.0  11.6   0.0   1.0  22.0   17:51   SSW
17  28.0  38.2   14:12  21.1   06:14   0.0   9.7   0.0   1.4  24.5   18:47    SW
18  18.6  28.5   10:52  13.0   05:24   1.9   2.2   0.0   1.9  17.3   20:03   SSW
19  18.0  26.4   13:07  11.9   02:50   2.7   2.4   0.0   1.8  18.4   10:59    SE
20  21.7  31.0   13:59  15.1   01:31   0.9   4.3   0.0   1.2  14.8   18:01   ESE
21  26.8  37.3   08:47  18.4   01:16   0.0   8.5   0.0   0.9  13.3   14:31     S
22  28.6  40.1   11:21  18.7   03:13   0.0  10.3   0.0   1.4  19.4   16:39   SSW
23  30.4  38.6   08:52  23.5   00:00   0.0  12.1   0.0   1.8  18.4   03:50    SE
24  34.6  44.8   14:15  22.6   06:46   0.0  16.3   0.0   2.2  18.4   00:03   SSW
25  21.0  35.8   11:15  14.5   04:59   0.8   3.5   0.1   1.2  13.3   09:34   SSW
26  18.8  27.9   14:00  11.0   06:22   2.0   2.5   0.0   1.6  19.4   13:14    SW
27  17.8  26.0   08:15  11.1   05:42   2.4   2.0   0.0   1.7  20.9   10:07    SW
28  21.3  31.3   08:08  14.0   02:31   1.3   4.4   0.0   1.0  14.8   16:47   SSE
29  24.4  35.6   08:56  16.1   22:55   0.2   6.3   0.0   1.2  13.3   15:53   SSW
30  23.7  37.7   11:15  12.3   06:08   1.6   7.0   0.0   2.6  24.5   17:52   SSW
31  15.0  23.5   12:51   8.4   06:26   4.1   0.7   0.0   3.1  25.6   17:47     S
----------------------------------------------------------------------------------
    22.8  44.8    24     8.4    31    45.7 183.9   0.1   1.6  25.6    31       S

Max >=  40.0:  4
Max <=  25.0:  3
Min <=  16.0: 20
Min <=   5.0:  0
Max Rain: 0.1 on day 25
Days of Rain: 0 (>= 0.2 mm)  0 (>= 2.0 mm)  0 (>= 20.0 mm)
Heat Base: 18.3  Cool Base: 18.3  Method: Integration