crafers weather station

 Latitude S 34° 59' 22"    Longitude E 138° 43' 40"    Elevation 500 m

6.1 °C




  NOAA Style Reports for Crafers - commenced 28/12/2013.






Report for 2018 Dec
                   Monthly Climatological Summary for Dec 2018

Name: Crafers Weather   City: Adelaide   State: South Australia
Elevation: 500 m  Lat: S 34 59' 22"   Lon: E 138 43' 40"

                  Temperature (C), Rain (mm), Wind Speed (km/h)

                                      Heat  Cool        Avg
    Mean                              Deg   Deg         Wind                 Dom
Day Temp  High   Time   Low    Time   Days  Days  Rain  Speed High   Time    Dir
----------------------------------------------------------------------------------
 1  18.1  32.5   11:57   7.4   05:00   3.8   3.5   3.1   3.2  25.6   18:28     S
 2  12.9  18.2   10:45  10.2   22:07   5.4   0.0   0.6   2.8  24.5   14:59    SW
 3  14.8  20.0   15:21  11.1   04:42   3.6   0.1   0.0   1.3  17.3   09:29    SW
 4  19.1  30.6   08:19  12.1   00:44   2.2   2.9   0.0   0.9  12.2   16:10    SE
 5  25.8  35.2   08:59  19.1   01:35   0.0   7.5   0.0   0.9  12.2   10:48   ESE
 6  29.1  37.4   13:12  22.3   04:52   0.0  10.8   0.0   1.1  14.8   06:48    SE
 7  24.7  35.8   13:54  16.9   08:55   0.1   6.4   0.2   1.2  25.6   14:01   SSE
 8  14.7  20.1   11:17  12.4   06:13   3.6   0.1   1.9   1.0  12.2   12:13    SE
 9  17.4  28.7   14:14   9.9   03:28   3.4   2.5   0.0   1.2  15.8   07:58    SE
10  17.2  26.2   08:24  10.7   05:17   3.1   2.0   0.0   1.5  18.4   09:27    SE
11  24.0  30.9   14:46  18.2   02:08   0.0   5.7   0.0   1.0  18.4   11:27   ESE
12  21.0  33.5   11:23   9.3   06:35   2.3   5.0   6.7   2.9  30.6   05:43    SW
13  10.7  16.4   09:24   8.2   21:55   7.6   0.0   9.2   6.1  36.7   13:12   WSW
14  14.0  18.0   08:59  12.6   09:57   4.3   0.0   3.8   2.4  27.0   13:39   SSW
15  17.8  26.1   10:37  14.3   21:30   2.0   1.5   1.2   1.0  11.2   16:06   SSW
16  15.7  21.0   10:34  13.0   05:02   2.7   0.1   0.9   1.3  17.3   14:56    SW
17  16.9  23.3   13:45  13.5   21:13   2.2   0.7   0.1   1.1  12.2   09:13   ESE
18  20.0  26.8   12:24  15.4   02:17   0.5   2.1   6.1   1.1  15.8   00:29   ESE
19  20.2  29.0   15:53  13.0   08:50   1.6   3.5   0.0   2.4  23.4   11:20   ESE
20  13.7  20.6   14:06  10.8   04:26   4.7   0.1   0.0   2.8  20.9   21:31   SSW
21  13.6  20.5   11:26   9.4   03:05   4.8   0.1   0.0   2.2  19.4   13:10   SSW
22  14.5  23.9   08:44   8.8   05:55   4.3   0.5   0.0   1.4  15.8   11:41   SSE
23  22.3  34.0   08:46  15.7   02:51   0.7   4.7   0.0   0.8  13.3   15:12     S
24  25.6  37.9   08:31  16.1   01:00   0.3   7.7   0.0   1.3  18.4   16:13   SSW
25  25.8  38.3   09:34  15.4   03:07   0.6   8.1   0.0   0.8  15.8   16:56     S
26  28.4  40.1   08:17  18.4   23:23   0.0  10.1   0.0   1.0  15.8   12:06     S
27  28.7  40.9   11:34  21.2   05:11   0.0  10.4   0.0   1.8  24.5   17:34    SW
28  24.6  36.7   13:51  17.3   08:50   0.0   6.3   0.0   1.2  15.8   19:07     S
29  18.9  28.9   15:28  12.8   06:06   1.8   2.4   0.1   0.9  11.2   09:37    SE
30  17.3  25.4   08:39  11.4   04:44   2.7   1.7   0.0   1.3  17.3   16:17    SE
31  19.7  30.8   13:29  11.4   03:26   2.7   4.1   0.0   1.1  14.8   18:20     S
----------------------------------------------------------------------------------
    19.6  40.9    27     7.4     1    71.0 110.6  33.9   1.6  36.7    13       S

Max >=  40.0:  2
Max <=  25.0: 10
Min <=  16.0: 23
Min <=   5.0:  0
Max Rain: 9.2 on day 13
Days of Rain: 10 (>= 0.2 mm)  5 (>= 2.0 mm)  0 (>= 20.0 mm)
Heat Base: 18.3  Cool Base: 18.3  Method: Integration