crafers weather station

 Latitude S 34° 59' 22"    Longitude E 138° 43' 40"    Elevation 500 m

6.6 °C




  NOAA Style Reports for Crafers - commenced 28/12/2013.





Select a Year or Month report

Report for 2018 Sep
                   Monthly Climatological Summary for Sep 2018

Name: Crafers Weather   City: Adelaide   State: South Australia
Elevation: 500 m  Lat: S 34 59' 22"   Lon: E 138 43' 40"

                  Temperature (C), Rain (mm), Wind Speed (km/h)

                                      Heat  Cool        Avg
    Mean                              Deg   Deg         Wind                 Dom
Day Temp  High   Time   Low    Time   Days  Days  Rain  Speed High   Time    Dir
----------------------------------------------------------------------------------
 1   8.1  13.0   12:31   5.3   06:20  10.2   0.0   0.4   0.6  12.2   12:31   SSW
 2   6.0  12.5   13:03   2.2   06:36  12.3   0.0   0.1   0.7   9.7   15:50    SE
 3   6.7  16.1   08:59   2.0   03:49  11.6   0.0   0.0   0.8  15.8   11:05   ESE
 4  10.3  16.8   13:31   5.8   19:52   8.0   0.0   0.0   0.9  23.4   05:51   ESE
 5  13.0  18.6   13:36   8.5   08:53   5.3   0.0   1.5   1.9  18.4   01:29   ESE
 6   7.8  15.3   08:24   3.6   05:30  10.5   0.0   0.1   1.1  25.6   09:28     S
 7   7.9  15.2   12:44   3.9   22:20  10.4   0.0   0.0   0.6  15.8   08:20   SSE
 8  11.3  15.6   13:00   7.5   05:52   7.0   0.0   0.1   2.3  27.0   15:05    SE
 9  12.0  21.3   08:52   7.1   06:32   6.4   0.1   0.0   1.0  19.4   13:09   SSE
10  16.9  23.1   13:55  12.0   00:39   2.6   1.1   0.0   1.3  17.3   02:47   ESE
11  10.9  22.8   09:53   6.2   03:17   7.8   0.4   2.7   2.8  27.0   11:48    SE
12   8.8  14.4   10:27   6.1   23:15   9.5   0.0   0.0   1.1  13.3   09:54   SSE
13  12.1  20.5   08:59   8.0   20:44   6.2   0.0   0.0   1.4  20.9   14:06   ESE
14  14.2  24.6   14:20   3.6   05:41   5.5   1.4   6.3   3.0  28.1   08:29    SE
15   5.8  13.1   08:18   2.8   02:48  12.5   0.0   2.7   1.7  30.6   11:48    SW
16   7.5  15.3   12:52   2.2   03:06  10.8   0.0   0.0   0.9  15.8   08:16   SSE
17  13.4  18.9   13:53   8.9   04:00   4.9   0.0   0.0   2.9  24.5   09:55   ESE
18   7.5  15.9   10:35   3.4   03:59  10.8   0.0   5.8   1.4  23.4   16:21     S
19   8.9  14.7   10:40   6.2   22:50   9.4   0.0   3.4   1.2  18.4   09:07     S
20  10.1  13.9   14:00   7.3   03:53   8.2   0.0   0.0   0.7  11.2   10:43     S
21  12.7  22.0   08:03   8.5   20:33   5.8   0.2   0.0   0.7  13.3   14:40   ESE
22  12.9  22.4   09:57   7.2   00:50   6.1   0.7   0.0   1.1  17.3   15:53     S
23   8.7  16.7   14:36   2.0   05:31   9.6   0.0   0.0   2.5  18.4   08:36   ESE
24   7.7  14.4   13:10   1.8   06:03  10.6   0.0   0.0   2.5  17.3   13:29   ESE
25   9.9  19.9   08:14   5.0   04:13   8.5   0.0   0.0   1.0  12.2   12:57     E
26  14.5  23.5   13:52   8.3   05:17   4.7   0.9   0.0   0.9  14.8   12:36    SE
27  10.9  18.5   13:41   7.7   01:35   7.4   0.0   2.3   1.5  18.4   13:52   SSW
28   7.6  15.5   12:32   2.3   03:36  10.7   0.0   0.1   1.7  22.0   13:47   SSW
29   8.6  16.4   13:42   3.2   05:50   9.7   0.0   0.0   1.1  12.2   12:38    SE
30  14.6  22.4   08:59   9.8   01:08   4.2   0.5   0.0   0.8  12.2   11:05   ESE
----------------------------------------------------------------------------------
    10.2  24.6    14     1.8    24   247.2   5.3  25.5   1.4  30.6    15      SE

Max >=  40.0:  0
Max <=  25.0: 30
Min <=  16.0: 30
Min <=   5.0: 13
Max Rain: 6.3 on day 14
Days of Rain: 8 (>= 0.2 mm)  6 (>= 2.0 mm)  0 (>= 20.0 mm)
Heat Base: 18.3  Cool Base: 18.3  Method: Integration