crafers weather station

 Latitude S 34° 59' 22"    Longitude E 138° 43' 40"    Elevation 500 m

7.5 °C




  NOAA Style Reports for Crafers - commenced 28/12/2013.






Report for 2018 Aug
                   Monthly Climatological Summary for Aug 2018

Name: Crafers Weather   City: Adelaide   State: South Australia
Elevation: 500 m  Lat: S 34 59' 22"   Lon: E 138 43' 40"

                  Temperature (C), Rain (mm), Wind Speed (km/h)

                                      Heat  Cool        Avg
    Mean                              Deg   Deg         Wind                 Dom
Day Temp  High   Time   Low    Time   Days  Days  Rain  Speed High   Time    Dir
----------------------------------------------------------------------------------
 1   9.9  17.4   08:53   6.6   20:01   8.4   0.0   0.0   0.4  14.8   08:29   ESE
 2  12.1  19.6   13:26   8.2   02:30   6.2   0.0   5.3   2.5  24.5   00:33   ESE
 3   7.8  10.7   13:11   6.3   16:39  10.5   0.0   2.9   3.6  28.1   05:37   ESE
 4  11.5  15.4   13:06   8.9   09:00   6.8   0.0   0.1   3.8  29.5   11:30   ESE
 5   6.7  13.0   09:43   4.0   06:58  11.6   0.0  36.1   3.4  25.6   15:40   ESE
 6   5.6   7.6   13:50   4.1   09:01  12.7   0.0   6.9   1.8  18.4   13:35    SE
 7   8.1   9.2   14:56   6.3   09:00  10.2   0.0   4.7   4.2  24.5   14:38     E
 8   9.2  13.8   13:16   7.1   04:50   9.1   0.0   0.1   1.8  20.9   02:43   SSE
 9  12.2  14.8   08:55  10.3   07:23   6.1   0.0   0.0   2.3  27.0   05:00     E
10   7.8  14.5   09:00   5.0   07:19  10.6   0.0   8.0   1.7  20.9   08:28   ESE
11   4.9   8.1   08:43   2.9   18:48  13.4   0.0   6.1   1.0  34.2   11:14   SSW
12   8.2  10.5   12:51   6.8   07:02  10.1   0.0   5.6   1.4  17.3   16:15   SSW
13   7.8  13.9   20:45   4.6   00:31  10.5   0.0   0.0   1.7  17.3   08:19    SE
14  11.6  15.7   13:27   9.2   07:01   6.7   0.0   0.0   3.5  36.7   22:13   ESE
15   7.5  11.4   10:08   5.0   03:29  10.8   0.0   9.7   1.6  23.4   16:06     S
16   7.4  11.5   09:07   5.1   20:31  10.9   0.0   2.2   1.1  14.8   22:57    SE
17   8.0  11.4   14:28   4.5   04:33  10.3   0.0  15.5   2.3  24.5   12:16    SE
18   6.6  10.7   11:45   3.6   04:23  11.7   0.0   2.0   2.0  22.0   15:06    SW
19   6.1  11.0   13:03   2.4   04:16  12.2   0.0   0.0   1.0  18.4   10:47     S
20   7.2  10.2   13:51   6.0   06:04  11.1   0.0   2.2   0.9  18.4   14:22   ESE
21   7.0  19.6   08:53   3.9   05:50  11.3   0.0   0.0   0.3  12.2   13:44    SE
22  12.2  19.5   09:04   9.0   20:35   6.1   0.0   0.0   0.8  14.8   09:48    SE
23  12.4  20.3   11:08   7.8   06:26   6.0   0.1   0.0   0.8  17.3   12:11    SE
24  10.9  17.2   08:31   6.2   05:53   7.4   0.0   0.0   1.8  18.4   11:44     E
25  10.8  18.0   13:37   6.5   20:34   7.5   0.0   0.0   0.8  11.2   09:56    SE
26   9.4  16.9   09:08   4.8   06:57   8.9   0.0   1.0   1.1  13.3   04:56   SSE
27   7.4  16.6   08:59   4.4   22:28  11.7   0.0   0.0   0.9  13.3   10:09    NW
28  12.2  20.4   08:56   8.7   21:16   6.2   0.0   0.0   0.3  15.8   07:32   SSW
29  17.4  23.0   13:37  14.4   22:53   1.6   0.7   0.0   1.9  18.4   13:44   SSE
30   9.3  15.4   09:00   7.2   23:28   9.0   0.0   9.6   2.3  23.4   21:19   ESE
31   9.5  15.4   13:08   6.8   02:25   8.8   0.0   5.2   1.3  15.8   09:31   SSW
----------------------------------------------------------------------------------
     9.2  23.0    29     2.4    19   284.4   0.8 123.2   1.8  36.7    14      SE

Max >=  40.0:  0
Max <=  25.0: 31
Min <=  16.0: 31
Min <=   5.0: 12
Max Rain: 36.1 on day 5
Days of Rain: 16 (>= 0.2 mm)  15 (>= 2.0 mm)  1 (>= 20.0 mm)
Heat Base: 18.3  Cool Base: 18.3  Method: Integration