crafers weather station

 Latitude S 34° 59' 22"    Longitude E 138° 43' 40"    Elevation 500 m

7.4 °C




  NOAA Style Reports for Crafers - commenced 28/12/2013.






Report for 2018 Jul
                   Monthly Climatological Summary for Jul 2018

Name: Crafers Weather   City: Adelaide   State: South Australia
Elevation: 500 m  Lat: S 34 59' 22"   Lon: E 138 43' 40"

                  Temperature (C), Rain (mm), Wind Speed (km/h)

                                      Heat  Cool        Avg
    Mean                              Deg   Deg         Wind                 Dom
Day Temp  High   Time   Low    Time   Days  Days  Rain  Speed High   Time    Dir
----------------------------------------------------------------------------------
 1   6.7  15.1   14:43   2.0   07:00  11.6   0.0   0.1   0.9  13.3   12:53    NE
 2   9.4  14.6   14:34   6.3   18:43   8.9   0.0   0.0   4.5  39.2   08:39   ESE
 3  11.7  16.5   14:46   8.1   09:32   6.6   0.0   0.0   6.4  37.8   04:22     E
 4  13.1  15.1   12:42   8.9   03:37   5.2   0.0   3.4   4.5  29.5   08:45     E
 5   9.9  14.6   09:08   5.5   07:37   8.4   0.0   9.5   4.8  37.8   23:42    SE
 6   7.5  10.9   11:46   3.9   02:13  10.8   0.0  15.8   4.8  36.7   02:01     W
 7   8.5  12.7   14:34   7.0   10:30   9.8   0.0   2.3   3.1  29.5   13:16   WSW
 8   8.8  13.2   13:47   6.6   19:46   9.5   0.0   0.2   1.4  17.3   01:35   SSW
 9   7.1  10.9   13:28   3.4   02:51  11.2   0.0   0.0   0.6  13.3   16:16     S
10   6.8  14.4   13:40   3.4   21:23  11.5   0.0   3.8   0.9  13.3   14:20     E
11   7.1  10.7   08:40   5.3   20:37  11.2   0.0   4.0   1.1  13.3   10:48   SSW
12   5.5  12.0   12:51   1.7   05:44  12.8   0.0   0.1   0.3   8.6   12:55     S
13   5.8  12.2   13:02   2.1   02:55  12.5   0.0   0.0   0.6  18.4   08:14   ESE
14   7.3  13.8   13:11   2.5   05:54  11.0   0.0   0.1   1.1  19.4   11:21   ESE
15  10.0  13.9   12:28   7.2   01:52   8.3   0.0   0.7   2.2  33.1   00:16   ESE
16  10.4  12.2   11:57   8.9   05:44   7.9   0.0   0.1   3.2  31.7   08:54   ESE
17   7.5   9.9   09:24   6.0   07:10  10.8   0.0   4.2   2.8  28.1   09:36   SSE
18   9.8  13.7   13:12   7.4   06:36   8.5   0.0   0.0   3.5  25.6   17:02   ESE
19   5.5  10.1   08:58   3.2   05:11  12.8   0.0  17.2   0.8  14.8   11:57   SSW
20   6.7  10.1   09:00   4.6   20:43  11.6   0.0   3.5   0.8  14.8   14:29   SSE
21   8.3  11.8   08:53   6.0   18:21  10.0   0.0   0.1   1.3  20.9   05:15     E
22  11.8  16.0   08:37   9.8   09:55   6.5   0.0   0.1   2.5  25.6   11:17     E
23  10.0  14.9   11:01   8.2   03:11   8.4   0.0   4.4   3.9  31.7   11:22   ESE
24   9.8  13.2   11:58   8.2   22:48   8.5   0.0   8.4   2.6  28.1   11:23    SE
25   9.4  12.2   12:19   6.9   02:32   8.9   0.0   0.1   0.5  15.8   14:33   ESE
26  12.0  18.6   08:55   8.7   09:00   6.3   0.0   0.1   0.4  13.3   12:59     E
27  11.6  20.3   08:54   8.0   04:05   6.8   0.1   0.2   0.4  12.2   11:26   ESE
28  10.0  19.3   09:00   5.1   06:21   8.3   0.0   5.0   1.6  23.4   21:44   SSE
29   7.4  11.3   12:45   5.7   18:42  10.9   0.0   0.7   1.7  24.5   11:56     S
30   9.4  12.1   12:34   6.6   09:05   8.8   0.0   4.9   3.5  35.6   20:23   ESE
31   9.2  14.9   08:52   7.3   05:42   9.1   0.0   6.7   1.9  28.1   15:17   SSE
----------------------------------------------------------------------------------
     8.8  20.3    27     1.7    12   293.4   0.1  95.7   2.2  39.2     2      SE

Max >=  40.0:  0
Max <=  25.0: 31
Min <=  16.0: 31
Min <=   5.0:  9
Max Rain: 17.2 on day 19
Days of Rain: 18 (>= 0.2 mm)  14 (>= 2.0 mm)  0 (>= 20.0 mm)
Heat Base: 18.3  Cool Base: 18.3  Method: Integration