crafers weather station

 Latitude S 34° 59' 22"    Longitude E 138° 43' 40"    Elevation 500 m

7.4 °C




  NOAA Style Reports for Crafers - commenced 28/12/2013.






Report for 2018 Jun
                   Monthly Climatological Summary for Jun 2018

Name: Crafers Weather   City: Adelaide   State: South Australia
Elevation: 500 m  Lat: S 34 59' 22"   Lon: E 138 43' 40"

                  Temperature (C), Rain (mm), Wind Speed (km/h)

                                      Heat  Cool        Avg
    Mean                              Deg   Deg         Wind                 Dom
Day Temp  High   Time   Low    Time   Days  Days  Rain  Speed High   Time    Dir
----------------------------------------------------------------------------------
 1  10.7  19.4   13:35   6.9   05:15   7.6   0.0   0.0   0.9   9.7   09:17    NW
 2  11.0  20.0   13:45   7.3   19:08   7.4   0.1   0.0   0.6  11.2   10:57    NW
 3  11.7  21.8   13:47   7.8   22:11   6.8   0.2   0.0   0.6  11.2   11:51   SSE
 4   9.5  17.4   14:44   5.5   06:45   8.8   0.0   0.1   0.9  14.8   10:19   SSE
 5   9.0  16.9   14:48   5.5   06:59   9.3   0.0   0.1   1.2  14.8   03:10     E
 6  12.1  17.1   13:42  10.2   02:52   6.2   0.0   0.0   3.4  27.0   05:47   ENE
 7  10.8  14.3   14:46   8.6   01:02   7.5   0.0   4.6   5.7  34.2   09:24     E
 8   9.9  11.5   13:20   7.8   05:35   8.4   0.0   2.3   1.4  20.9   17:01     E
 9  10.6  15.3   12:16   7.9   04:31   7.7   0.0   0.0   0.9  12.2   12:18   ESE
10  12.1  17.7   14:00   8.9   19:20   6.2   0.0   0.0   1.8  20.9   21:12   NNE
11  11.4  16.8   11:43   9.1   22:53   6.9   0.0  32.8   6.0  49.0   21:08     S
12   8.5  10.4   15:22   7.2   20:18   9.8   0.0  25.5   3.0  27.0   04:29   SSE
13   9.0  13.9   14:11   7.5   21:16   9.2   0.0   7.5   4.0  31.7   01:51     W
14   8.1  10.7   14:07   5.3   03:20  10.2   0.0  28.0   5.7  41.8   07:12    SW
15   7.5  11.0   13:00   4.2   07:11  10.8   0.0  12.1   2.7  27.0   18:29   WSW
16   5.7   9.7   08:59   3.3   21:23  12.6   0.0   5.7   2.3  25.6   16:16    SW
17   6.8  12.4   13:48   5.3   00:20  11.5   0.0   2.7   2.1  23.4   13:52     S
18   6.7  10.9   14:06   2.6   06:49  11.6   0.0   0.2   1.2  12.2   20:24   ESE
19   6.8  10.7   13:28   5.1   05:44  11.5   0.0   0.0   2.9  18.4   12:17     E
20   7.9  16.3   08:56   5.1   20:06  10.4   0.0   0.0   1.2  14.8   09:36   ENE
21   8.0  15.5   09:00   4.0   06:09  10.3   0.0   0.0   0.8   9.7   10:12   ENE
22   8.0  15.9   08:59   4.6   04:54  10.3   0.0   0.0   1.1  12.2   12:18   NNW
23  10.0  18.1   13:17   6.7   20:53   8.3   0.0   0.9   0.7   8.6   12:45    SE
24   5.5   9.1   08:42   1.8   04:07  12.8   0.0   0.1   1.1  11.2   10:59    SE
25   3.9  10.0   08:58   1.0   06:01  14.4   0.0   0.0   1.4  18.4   10:49     E
26   5.5  11.7   08:58   2.5   04:31  12.8   0.0   0.0   1.1  17.3   13:16   ESE
27   5.8  13.5   14:27   2.4   05:00  12.5   0.0   0.0   1.0  13.3   13:50    SE
28   8.1  12.5   14:09   5.4   09:00  10.2   0.0   0.1   3.3  29.5   05:32     E
29   6.9  10.7   09:39   4.3   21:18  11.4   0.0   6.2   3.7  34.2   14:58    SW
----------------------------------------------------------------------------------
     8.5  21.8     3     1.0    25   283.4   0.3 128.9   2.2  49.0    11     SSE

Max >=  40.0:  0
Max <=  25.0: 29
Min <=  16.0: 29
Min <=   5.0: 10
Max Rain: 32.8 on day 11
Days of Rain: 12 (>= 0.2 mm)  10 (>= 2.0 mm)  3 (>= 20.0 mm)
Heat Base: 18.3  Cool Base: 18.3  Method: Integration