crafers weather station

 Latitude S 34° 59' 22"    Longitude E 138° 43' 40"    Elevation 500 m

18.5 °C




  NOAA Style Reports for Crafers - commenced 28/12/2013.






Report for 2018 Apr
                   Monthly Climatological Summary for Apr 2018

Name: Crafers Weather   City: Adelaide   State: South Australia
Elevation: 500 m  Lat: S 34 59' 22"   Lon: E 138 43' 40"

                  Temperature (C), Rain (mm), Wind Speed (km/h)

                                      Heat  Cool        Avg
    Mean                              Deg   Deg         Wind                 Dom
Day Temp  High   Time   Low    Time   Days  Days  Rain  Speed High   Time    Dir
----------------------------------------------------------------------------------
 1  18.0  28.5   14:37  11.3   06:51   2.7   2.4   0.1   2.2  22.0   12:17     S
 2  14.8  24.0   15:22  11.3   20:26   4.1   0.6   0.0   3.5  22.0   12:25   SSE
 3  14.8  25.5   13:57   9.7   21:34   4.7   1.1   0.0   2.1  17.3   14:36   ESE
 4  15.9  29.1   14:19   7.9   06:45   4.8   2.4   0.1   1.2  19.4   15:51    SE
 5  14.4  27.8   13:36   8.7   22:51   5.4   1.5   0.2   1.8  15.8   14:46    SE
 6  15.4  26.7   08:59  10.5   00:51   4.0   1.1   0.0   2.0  18.4   13:51   ESE
 7  22.3  30.7   15:33  16.8   01:10   0.3   4.3   0.0   1.5  14.8   12:43     N
 8  24.5  33.5   14:16  18.6   07:00   0.0   6.2   0.0   1.7  19.4   10:27     S
 9  26.8  34.7   14:45  21.5   03:43   0.0   8.5   0.0   2.4  23.4   13:06     E
10  25.3  35.9   13:06  14.5   23:59   0.3   7.3   0.0   1.9  24.5   11:51    SE
11  24.5  34.7   12:39  13.3   05:58   1.2   7.3   0.0   4.7  36.7   16:55     E
12  15.2  22.0   11:28  11.8   02:31   3.3   0.2   0.0   3.4  28.1   13:20   SSW
13  12.8  20.7   12:28   9.2   21:38   5.6   0.2  23.5   6.2  42.8   08:58     S
14  12.4  14.9   13:35  10.7   20:27   5.9   0.0  28.7   5.2  41.8   09:08   WSW
15  14.2  15.5   12:39  13.3   01:04   4.1   0.0  15.2   4.1  25.6   15:47    SW
16  13.2  17.0   14:07   9.7   04:56   5.1   0.0   1.5   2.0  19.4   06:20   SSE
17  12.8  22.3   08:34   8.5   21:24   5.7   0.2   0.0   2.1  19.4   12:53   ESE
18  17.8  25.4   14:19  13.2   03:59   2.3   1.8   0.0   1.3  13.3   12:07     E
19  21.5  30.6   14:50  17.1   05:15   0.1   3.3   0.0   1.6  15.8   10:44   NNW
20  20.4  30.3   13:19  14.2   02:32   0.9   3.0   2.0   1.5  20.9   05:35    NW
21  20.3  31.2   13:15  13.6   20:55   1.7   3.8   0.0   1.3  14.8   12:34    NW
22  22.2  32.3   14:22  16.3   03:52   0.4   4.2   0.0   1.5  20.9   07:30   NNW
23  21.6  29.6   14:12  15.9   07:43   0.2   3.4   0.6   2.2  24.5   12:42   ESE
24  14.7  22.4   12:06  10.3   06:07   4.0   0.4   1.2   0.9  17.3   13:05    SW
25  14.7  23.5   14:50   9.6   05:47   4.3   0.7   0.0   0.7  14.8   13:02     W
26  12.6  22.2   14:23   7.5   05:55   5.9   0.2   0.1   1.3  19.4   15:57   SSE
27  14.3  24.1   15:11   8.9   04:32   4.7   0.7   0.0   1.2  12.2   18:41   ESE
28  13.8  22.9   12:31   8.0   06:43   5.2   0.7   0.0   4.3  25.6   08:42    SE
29  12.9  20.1   13:53   8.3   04:38   5.5   0.1   0.0   2.5  22.0   11:13    SE
30  15.9  25.8   14:16  11.0   03:10   3.7   1.3   0.0   1.1  14.8   08:52   ENE
----------------------------------------------------------------------------------
    17.3  35.9    10     7.5    26    96.1  66.9  73.2   2.3  42.8    13     SSE

Max >=  40.0:  0
Max <=  25.0: 13
Min <=  16.0: 25
Min <=   5.0:  0
Max Rain: 28.7 on day 14
Days of Rain: 8 (>= 0.2 mm)  4 (>= 2.0 mm)  2 (>= 20.0 mm)
Heat Base: 18.3  Cool Base: 18.3  Method: Integration