crafers weather station

 Latitude S 34° 59' 22"    Longitude E 138° 43' 40"    Elevation 500 m

5.9 °C




  NOAA Style Reports for Crafers - commenced 28/12/2013.






Report for 2018 Mar
                   Monthly Climatological Summary for Mar 2018

Name: Crafers Weather   City: Adelaide   State: South Australia
Elevation: 500 m  Lat: S 34 59' 22"   Lon: E 138 43' 40"

                  Temperature (C), Rain (mm), Wind Speed (km/h)

                                      Heat  Cool        Avg
    Mean                              Deg   Deg         Wind                 Dom
Day Temp  High   Time   Low    Time   Days  Days  Rain  Speed High   Time    Dir
----------------------------------------------------------------------------------
 1  18.0  25.7   15:46  13.0   22:38   1.9   1.5   0.0   3.2  27.0   14:04    SE
 2  21.0  32.9   16:19  13.2   06:34   1.7   4.4   0.0   1.2  18.4   12:47     E
 3  18.2  27.4   13:15  12.3   23:42   2.4   2.3   0.0   3.2  22.0   15:46   SSE
 4  14.2  24.1   13:30  10.0   00:58   4.5   0.4   0.0   3.7  22.0   17:14   SSE
 5  13.8  20.9   14:20   9.3   06:24   4.7   0.2   0.0   7.8  33.1   14:57    SE
 6  16.0  22.9   15:08  11.4   05:51   3.2   0.8   0.0   5.7  30.6   09:30    SE
 7  22.7  32.4   15:46  15.6   05:33   0.5   5.0   0.0   2.7  28.1   14:11   ESE
 8  23.8  33.3   16:36  17.0   01:13   0.2   5.7   0.0   3.1  25.6   17:26   ESE
 9  25.5  33.4   08:41  18.1   23:57   0.0   7.2   0.0   3.3  31.7   11:22   ESE
10  25.5  36.4   15:58  15.2   06:54   0.3   7.6   0.0   1.7  23.4   12:30   ESE
11  16.8  27.8   13:19  11.0   04:54   3.6   2.1   0.0   6.3  28.1   02:18    SE
12  14.6  22.3   15:14  11.3   07:20   4.2   0.5   0.0   7.5  28.1   10:02    SE
13  14.9  22.5   14:23  11.5   07:10   3.9   0.4   0.0   5.7  25.6   15:14    SE
14  15.9  27.4   14:49   9.2   06:48   4.1   1.7   0.0   2.1  19.4   18:06   SSE
15  15.1  24.6   15:58  10.5   04:00   4.0   0.8   0.0   2.1  18.4   17:42    SE
16  18.7  28.3   12:45  14.3   21:58   1.3   1.7   1.0   1.9  23.4   13:17     E
17  20.2  28.3   10:13  11.9   06:43   1.5   3.4   2.3   4.2  29.5   05:43   ESE
18  15.0  21.1   14:30  11.9   22:49   3.6   0.3   0.0   3.9  25.6   11:29    SW
19  15.3  20.9   14:06  11.1   07:58   3.2   0.2   1.4   3.0  28.1   11:46     S
20  11.8  18.4   15:26   5.4   06:04   6.5   0.0   0.0   6.5  34.2   18:25    SE
21  15.1  22.9   15:38  10.3   22:26   3.8   0.6   0.0   2.6  20.9   09:46   ESE
22  22.7  31.4   13:09  17.3   06:37   0.1   4.5   0.0   1.4  15.8   14:27     N
23  24.0  32.5   13:25  16.5   06:37   0.2   5.9   0.0   1.7  17.3   12:02    NE
24  21.0  32.0   14:43  12.7   08:58   1.6   4.2   1.6   4.9  35.6   14:31    SW
25  12.3  20.1   11:53   6.3   06:47   6.0   0.0   3.6   3.5  33.1   18:27    SW
26  12.1  20.4   13:43   7.8   05:08   6.3   0.1   0.0   1.3  24.5   13:03     S
27  20.1  26.7   16:31  14.0   09:01   0.6   2.4   0.0   3.4  24.5   10:02   ESE
28  16.1  26.4   15:15   9.7   05:15   3.8   1.7   0.0   1.1  18.4   13:22   SSW
29  16.8  25.3   16:27  12.1   21:16   2.9   1.5   0.3   1.4  17.3   13:11    SW
30  14.9  24.4   16:19   9.2   07:47   4.0   0.6   0.0   1.1  18.4   17:11     S
31  18.3  27.2   15:56  12.0   00:03   2.1   2.1   0.0   1.2  14.8   14:10     E
----------------------------------------------------------------------------------
    17.8  36.4    10     5.4    20    86.7  69.8  10.2   3.3  35.6    24      SE

Max >=  40.0:  0
Max <=  25.0: 13
Min <=  16.0: 27
Min <=   5.0:  0
Max Rain: 3.6 on day 25
Days of Rain: 6 (>= 0.2 mm)  2 (>= 2.0 mm)  0 (>= 20.0 mm)
Heat Base: 18.3  Cool Base: 18.3  Method: Integration