crafers weather station

 Latitude S 34° 59' 22"    Longitude E 138° 43' 40"    Elevation 500 m

6.0 °C




  NOAA Style Reports for Crafers - commenced 28/12/2013.






Report for 2018 Feb
                   Monthly Climatological Summary for Feb 2018

Name: Crafers Weather   City: Adelaide   State: South Australia
Elevation: 500 m  Lat: S 34 59' 22"   Lon: E 138 43' 40"

                  Temperature (C), Rain (mm), Wind Speed (km/h)

                                      Heat  Cool        Avg
    Mean                              Deg   Deg         Wind                 Dom
Day Temp  High   Time   Low    Time   Days  Days  Rain  Speed High   Time    Dir
----------------------------------------------------------------------------------
 1  14.8  21.6   14:29   9.7   06:32   3.9   0.3   0.0   7.4  37.8   10:44    SE
 2  18.2  28.0   16:11  12.3   05:46   2.1   2.0   0.0   4.6  27.0   15:00    SE
 3  21.8  31.4   15:53  15.4   05:34   0.8   4.3   0.0   3.3  22.0   15:05    SE
 4  26.2  36.0   16:16  17.9   23:09   0.0   7.9   0.0   2.1  23.4   16:45   SSE
 5  26.4  36.8   16:12  17.7   02:10   0.0   8.1   0.0   2.1  19.4   18:30     S
 6  27.1  37.7   15:40  18.8   23:19   0.0   8.7   0.0   1.7  13.3   13:25   SSW
 7  29.2  40.5   17:11  20.8   04:08   0.0  10.9   0.0   1.7  18.4   10:15   SSW
 8  28.1  41.2   15:03  20.4   23:39   0.0   9.8   0.0   2.6  19.4   16:51    SE
 9  28.2  38.7   16:21  21.8   00:30   0.0   9.9   0.0   1.5  18.4   11:37   ENE
10  20.2  33.1   16:29  10.9   05:37   2.5   4.4   0.0   2.5  18.4   14:01     S
11  16.3  26.8   15:55   9.2   03:58   4.0   2.0   0.0   2.5  23.4   18:45   SSE
12  16.5  26.8   15:25  11.3   03:09   3.1   1.2   0.0   1.6  15.8   16:52    SE
13  20.8  28.3   16:36  15.2   07:35   0.6   3.2   0.0   3.0  36.7   03:56    SW
14  16.5  26.2   15:54   9.1   06:25   3.8   2.0   0.0   1.6  30.6   10:05   SSW
15  16.9  25.4   14:33  11.3   01:58   2.7   1.3   0.0   1.4  17.3   14:04   SSW
16  16.1  24.6   16:22  10.7   06:28   3.1   1.0   0.0   1.2  13.3   11:34   SSE
17  19.6  31.1   15:32  12.4   04:54   2.2   3.5   0.0   1.4  13.3   14:06    SE
18  16.9  26.1   10:57  13.4   08:13   2.0   0.7   1.3   3.7  27.0   05:54    SE
19  18.1  25.9   16:30  13.7   05:54   1.9   1.6   0.0   4.4  29.5   11:22    SE
20  24.9  33.0   17:02  19.6   00:28   0.0   6.6   0.0   1.6  17.3   13:53     E
21  21.3  28.1   15:35  18.1   23:38   0.0   3.0   0.8   1.3  14.8   15:35   ESE
22  23.3  32.7   08:54  19.7   01:30   0.0   5.0   0.8   2.8  25.6   22:26     E
23  24.3  34.9   10:38  16.6   07:50   0.2   6.2   5.6   3.5  24.5   10:30    SE
24  15.2  21.1   15:21  11.4   07:28   3.3   0.2   1.0   3.4  27.0   04:37   SSE
25  12.7  20.0   16:05   7.0   06:13   5.6   0.0   0.0   5.4  31.7   17:25    SE
26  20.7  28.9   15:41  15.1   21:29   0.5   2.9   0.0   2.8  19.4   08:05   ESE
27  24.3  35.3   16:10  14.4   06:41   0.9   6.9   0.0   3.4  25.6   09:15     S
28  16.3  24.7   15:48  12.1   06:05   3.2   1.2   0.0   4.5  23.4   09:27   SSE
----------------------------------------------------------------------------------
    20.7  41.2     8     7.0    25    46.4 114.8   9.5   2.8  37.8     1     SSE

Max >=  40.0:  2
Max <=  25.0:  5
Min <=  16.0: 18
Min <=   5.0:  0
Max Rain: 5.6 on day 23
Days of Rain: 5 (>= 0.2 mm)  1 (>= 2.0 mm)  0 (>= 20.0 mm)
Heat Base: 18.3  Cool Base: 18.3  Method: Integration