crafers weather station

 Latitude S 34° 59' 22"    Longitude E 138° 43' 40"    Elevation 500 m

7.2 °C




  NOAA Style Reports for Crafers - commenced 28/12/2013.






Report for 2018 Jan
                   Monthly Climatological Summary for Jan 2018

Name: Crafers Weather   City: Adelaide   State: South Australia
Elevation: 500 m  Lat: S 34 59' 22"   Lon: E 138 43' 40"

                  Temperature (C), Rain (mm), Wind Speed (km/h)

                                      Heat  Cool        Avg
    Mean                              Deg   Deg         Wind                 Dom
Day Temp  High   Time   Low    Time   Days  Days  Rain  Speed High   Time    Dir
----------------------------------------------------------------------------------
 1  16.9  26.5   15:40  10.4   01:30   3.1   1.7   0.0   1.2  15.8   17:40   SSW
 2  16.2  23.8   16:23  12.0   02:51   3.1   1.0   0.0   2.9  19.4   20:36     S
 3  17.7  28.0   08:03  10.2   06:01   2.9   2.3   0.0   2.8  20.9   18:40    SE
 4  22.1  33.0   17:04  12.9   05:08   1.5   5.3   0.0   1.6  15.8   12:12    SE
 5  30.3  37.7   16:22  23.8   22:48   0.0  12.0   0.0   2.3  18.4   07:20     E
 6  24.2  39.5   13:55  13.7   03:25   1.8   7.7   0.0   4.6  34.2   13:29    SE
 7  18.3  30.1   14:44  12.2   05:53   2.6   2.5   0.0   3.6  18.4   09:35    SE
 8  17.9  30.5   16:55  10.3   01:24   3.1   2.7   0.0   2.7  22.0   19:11    SE
 9  15.5  24.4   11:44   9.7   02:53   4.1   1.3   0.0   3.5  25.6   15:39   SSE
10  21.6  30.1   15:20  16.2   09:00   0.2   3.4   0.0   1.3  13.3   17:14     E
11  26.0  35.8   14:45  19.5   08:40   0.0   7.7   3.9   2.0  25.6   07:20    NE
12  15.7  19.9   14:34  12.9   04:59   2.8   0.2   1.2   3.1  27.0   08:31   WSW
13  13.8  21.4   15:21  10.4   00:36   4.8   0.2   2.9   2.7  35.6   11:57   SSW
14  10.6  10.6   09:00  10.6   09:00   7.7   0.0   0.0   1.1   3.6   09:00     S
15  11.0  20.5   08:03  10.6   09:00   7.4   0.1   0.3   1.1   3.6   09:00     S
16  23.3  33.1   08:56  15.3   00:56   0.5   5.6   0.0   0.9  15.8   11:33     S
17  30.3  39.7   15:49  23.2   00:48   0.0  12.0   0.0   1.9  22.0   12:20   NNE
18  33.1  42.4   15:43  24.5   23:08   0.0  14.8   0.0   2.0  22.0   13:12    NW
19  29.9  42.9   17:00  16.6   07:00   0.1  11.7   0.0   2.2  24.5   12:06   SSE
20  27.9  35.7   13:14  21.8   06:31   0.0   9.6   0.0   2.6  20.9   14:39    SE
21  26.1  40.6   14:09  16.3   01:46   0.4   8.3   1.9   1.3  18.4   17:09     S
22  18.4  35.4   12:10  12.5   23:53   2.6   2.7   0.0   4.5  20.9   14:20    SE
23  18.0  27.3   14:50  11.9   03:08   2.6   2.3   0.0   3.3  20.9   09:09    SE
24  19.5  28.9   14:57  12.3   01:11   2.2   3.4   0.0   2.6  18.4   16:18    SE
25  23.9  35.6   13:25  14.7   03:14   0.8   6.4   0.0   2.0  18.4   15:19    SE
26  24.3  34.6   17:03  18.5   01:20   0.0   6.0   0.4   1.1  18.4   14:10   WSW
27  31.4  39.8   13:49  24.9   02:20   0.0  13.1   0.0   1.9  17.3   13:30   WNW
28  29.5  43.6   14:46  19.8   02:49   0.0  11.2   0.4   2.2  19.4   14:13     S
29  15.6  27.3   10:54  11.9   06:12   3.6   0.9   4.0   7.7  33.1   03:33    SE
30  13.3  18.9   15:38   9.9   06:19   5.0   0.0   0.0  11.0  46.4   16:21    SE
31  13.1  19.2   15:47   8.8   06:34   5.2   0.0   0.0   9.3  43.9   12:05    SE
----------------------------------------------------------------------------------
    21.1  43.6    28     8.8    31    68.1 156.1  15.0   3.0  46.4    30     SSE

Max >=  40.0:  4
Max <=  25.0:  8
Min <=  16.0: 20
Min <=   5.0:  0
Max Rain: 4.0 on day 29
Days of Rain: 8 (>= 0.2 mm)  3 (>= 2.0 mm)  0 (>= 20.0 mm)
Heat Base: 18.3  Cool Base: 18.3  Method: Integration