crafers weather station

 Latitude S 34° 59' 22"    Longitude E 138° 43' 40"    Elevation 500 m

6.6 °C




  NOAA Style Reports for Crafers - commenced 28/12/2013.





Select a Year or Month report

Report for 2017 Dec
                   Monthly Climatological Summary for Dec 2017

Name: Crafers Weather   City: Adelaide   State: South Australia
Elevation: 500 m  Lat: S 34 59' 22"   Lon: E 138 43' 40"

                  Temperature (C), Rain (mm), Wind Speed (km/h)

                                      Heat  Cool        Avg
    Mean                              Deg   Deg         Wind                 Dom
Day Temp  High   Time   Low    Time   Days  Days  Rain  Speed High   Time    Dir
----------------------------------------------------------------------------------
 1  13.1  16.5   14:05  11.8   20:37   5.2   0.0   0.1   5.7  28.1   19:13   SSE
 2  11.8  11.8   09:00  11.8   09:00   6.5   0.0   0.0   5.0   9.7   09:00   SSE
 3  11.8  11.8   09:00  11.8   09:00   6.5   0.0   0.0   5.0   9.7   09:00   SSE
 4  11.8  11.8   09:00  11.8   09:00   6.5   0.0   0.0   5.0   9.7   09:00   SSE
 5  11.8  11.8   09:00  11.8   09:00   6.5   0.0   0.0   5.0   9.7   09:00   SSE
 6  11.8  11.8   09:00  11.8   09:00   6.5   0.0   0.0   5.0   9.7   09:00   SSE
 7  11.8  11.8   09:00  11.8   09:00   6.5   0.0   0.0   5.0   9.7   09:00   SSE
 8  11.8  11.8   09:00  11.8   09:00   6.5   0.0   0.0   5.0   9.7   09:00   SSE
 9  11.8  11.8   09:00  11.8   09:00   6.5   0.0   0.0   5.0   9.7   09:00   SSE
10  11.8  11.8   09:00  11.8   09:00   6.5   0.0   0.0   5.0   9.7   09:00   SSE
11  11.8  11.8   09:00  11.8   09:00   6.5   0.0   0.0   5.0   9.7   09:00   SSE
12  11.8  11.8   09:00  11.8   09:00   6.5   0.0   0.0   5.0   9.7   09:00   SSE
13  11.8  11.8   09:00  11.8   09:00   6.5   0.0   0.0   5.0   9.7   09:00   SSE
14  11.8  11.8   09:00  11.8   09:00   6.5   0.0   0.0   5.0   9.7   09:00   SSE
15  12.5  20.5   22:32  10.3   04:57   6.1   0.2   0.0   2.9   9.7   09:00   SSE
16  18.9  29.4   15:22  12.2   23:48   2.3   3.0   0.0   2.3  20.9   17:38    SE
17  25.3  33.0   13:09  20.1   01:22   0.0   7.0   0.4   1.4  18.4   08:24   NNW
18  23.7  31.1   12:28  17.3   06:25   0.0   5.4   7.7   2.4  28.1   05:01     E
19  18.6  25.9   14:25  12.6   04:56   2.2   2.5   0.0   3.9  34.2   13:49    SW
20  14.5  22.0   15:14   8.9   03:07   4.4   0.6   0.8   1.7  18.4   10:55   SSW
21  16.6  26.3   14:26   8.8   06:02   3.4   1.7   0.1   1.8  18.4   13:52   SSE
22  22.6  30.9   16:48  14.6   06:01   0.8   5.1   0.0   1.9  23.4   13:30   ESE
23  23.1  36.6   13:29  11.9   06:20   2.0   6.7   0.0   4.8  30.6   07:35    SE
24  14.1  21.3   14:48   8.6   05:33   4.5   0.3   0.0   7.9  33.1   10:12    SE
25  17.9  26.4   15:38  12.2   05:20   2.3   1.9   0.0   3.9  30.6   13:58    SE
26  25.5  36.7   17:04  19.1   01:48   0.0   7.2   0.0   2.0  17.3   10:13   ESE
27  25.4  36.0   13:55  18.6   06:00   0.0   7.1   0.0   2.2  19.4   17:52   SSE
28  19.0  27.9   13:04  13.6   06:47   1.7   2.4   1.9   1.1  12.2   11:46    SE
29  17.1  25.4   15:02  12.0   02:35   2.5   1.2   0.1   1.3  18.4   07:59   WSW
30  15.0  23.5   16:37   9.6   04:13   4.1   0.8   0.2   2.5  18.4   13:47   SSW
31  17.3  26.3   16:48  11.8   22:16   2.8   1.8   0.0  ----  13.3   13:29     S
----------------------------------------------------------------------------------
    15.9  36.7    26     8.6    24   128.8  54.9  11.3   3.9  34.2    19     SSE

Max >=  40.0:  0
Max <=  25.0: 18
Min <=  16.0: 27
Min <=   5.0:  0
Max Rain: 7.7 on day 18
Days of Rain: 5 (>= 0.2 mm)  1 (>= 2.0 mm)  0 (>= 20.0 mm)
Heat Base: 18.3  Cool Base: 18.3  Method: Integration