crafers weather station

 Latitude S 34° 59' 22"    Longitude E 138° 43' 40"    Elevation 500 m

7.2 °C




  NOAA Style Reports for Crafers - commenced 28/12/2013.






Report for 2017 Nov
                   Monthly Climatological Summary for Nov 2017

Name: Crafers Weather   City: Adelaide   State: South Australia
Elevation: 500 m  Lat: S 34 59' 22"   Lon: E 138 43' 40"

                  Temperature (C), Rain (mm), Wind Speed (km/h)

                                      Heat  Cool        Avg
    Mean                              Deg   Deg         Wind                 Dom
Day Temp  High   Time   Low    Time   Days  Days  Rain  Speed High   Time    Dir
----------------------------------------------------------------------------------
 1  12.4  20.4   15:48   7.8   06:16   6.0   0.1   0.0   1.7  22.0   17:54   SSE
 2  12.5  19.4   14:05   7.3   06:40   5.9   0.1   0.0   3.3  20.9   08:48   SSE
 3   8.3  14.7   12:33   3.1   06:00  10.0   0.0   0.0   5.1  25.6   15:43    SE
 4  10.2  17.2   15:32   5.7   06:00   8.1   0.0   0.0   4.8  33.1   14:14    SE
 5  12.6  21.4   15:17   7.0   05:41   6.0   0.3   0.0   6.7  36.7   16:39    SE
 6  10.2  15.5   13:41   7.7   04:29   8.1   0.0   0.8   7.3  33.1   10:09   SSE
 7   9.9  15.8   16:03   5.4   05:41   8.4   0.0   0.0   5.2  27.0   16:16    SE
 8  15.2  22.5   16:05  10.5   22:49   3.8   0.7   0.0   2.6  20.9   14:39   ESE
 9  21.0  27.0   16:18  15.9   00:41   0.4   3.1   0.0   2.5  20.9   15:42     E
10  23.2  30.8   13:47  19.9   02:26   0.0   4.9   0.0   1.2  19.4   09:53     N
11  22.6  28.2   12:14  18.7   04:46   0.0   4.3   0.0   0.7   8.6   11:11   WNW
12  24.9  31.9   14:40  20.0   02:23   0.0   6.6   0.0   1.3  13.3   19:49   ESE
13  26.4  34.5   15:18  19.5   03:54   0.0   8.1   0.0   1.3  17.3   12:18   NNW
14  21.3  31.7   11:18  16.3   07:12   0.6   3.6   2.3   2.2  19.4   20:34   SSE
15  11.7  16.7   09:35   8.5   04:20   6.6   0.0  11.9   3.7  30.6   17:46   SSE
16  10.5  12.9   13:48   8.7   23:16   7.8   0.0   2.4   2.4  24.5   09:30   SSW
17  12.5  14.3   14:34  11.2   09:00   5.8   0.0   5.6   1.9  18.4   15:21     S
18  15.1  20.8   16:14  12.3   04:28   3.4   0.2   0.0   2.8  19.4   15:35    SE
19  22.7  28.0   16:20  18.6   22:20   0.0   4.4   0.0   3.3  25.6   03:47   ENE
20  25.3  31.3   15:15  20.4   05:12   0.0   7.0   0.0   2.8  27.0   11:47   ENE
21  26.3  32.5   15:46  21.8   00:36   0.0   8.0   0.0   2.3  22.0   17:15   NNE
22  22.1  31.8   11:22  14.5   06:46   0.9   4.7   5.8   1.8  29.5   10:03   ENE
23  17.7  22.8   15:40  14.3   05:02   1.5   0.8   1.8   1.2  14.8   18:49     E
24  18.3  23.5   16:16  14.1   00:22   1.5   1.5   0.0   1.8  15.8   10:59    SE
25  16.8  16.8   09:00  16.8   09:00   1.5   0.0   0.0   2.5   3.6   09:00   ENE
26  14.8  23.6   09:22  10.6   06:00   4.4   0.9   0.0   5.8  25.6   19:39    SE
27  17.8  27.8   08:17  11.6   22:52   2.4   2.0   0.0   2.9  22.0   09:34    SE
28  26.4  37.0   15:49  19.1   23:21   0.0   8.1   0.0   2.1  24.5   18:21   ESE
29  28.7  38.6   14:59  20.9   06:04   0.0  10.4   0.0   1.5  15.8   10:53    NE
30  22.5  35.3   16:30  13.7   07:49   1.3   5.5  17.8   2.4  20.9   07:32     S
----------------------------------------------------------------------------------
    18.0  38.6    29     3.1     3    94.4  85.3  48.4   2.9  36.7     5      SE

Max >=  40.0:  0
Max <=  25.0: 16
Min <=  16.0: 19
Min <=   5.0:  1
Max Rain: 17.8 on day 30
Days of Rain: 8 (>= 0.2 mm)  6 (>= 2.0 mm)  0 (>= 20.0 mm)
Heat Base: 18.3  Cool Base: 18.3  Method: Integration