crafers weather station

 Latitude S 34° 59' 22"    Longitude E 138° 43' 40"    Elevation 500 m

6.0 °C




  NOAA Style Reports for Crafers - commenced 28/12/2013.






Report for 2017 Oct
                   Monthly Climatological Summary for Oct 2017

Name: Crafers Weather   City: Adelaide   State: South Australia
Elevation: 500 m  Lat: S 34 59' 22"   Lon: E 138 43' 40"

                  Temperature (C), Rain (mm), Wind Speed (km/h)

                                      Heat  Cool        Avg
    Mean                              Deg   Deg         Wind                 Dom
Day Temp  High   Time   Low    Time   Days  Days  Rain  Speed High   Time    Dir
----------------------------------------------------------------------------------
 1  10.1  15.9   14:07   6.1   06:35   8.2   0.0   0.1   1.5  15.8   14:15   SSE
 2  13.5  20.4   15:32   8.9   09:00   5.0   0.1   0.0   1.4  17.3   14:39   NNW
 3  18.0  25.3   15:48  13.2   06:43   1.9   1.7   0.0   2.2  14.8   10:28   ENE
 4  16.9  26.8   13:44  10.0   01:05   3.6   2.2   2.3   2.8  24.5   15:23     S
 5   8.7  13.0   13:15   5.8   06:39   9.6   0.0   0.1   9.0  33.1   19:38    SE
 6  11.3  14.7   15:59   7.0   09:00   7.0   0.0   1.8   5.0  29.5   11:25   ESE
 7  16.6  23.9   15:54  10.0   09:00   2.9   1.2   0.1   2.0  22.0   13:59   NNE
 8  15.1  23.3   15:03   8.6   03:39   4.3   1.1   0.8   2.6  24.5   17:51    SW
 9  10.6  16.7   13:02   5.8   06:15   7.7   0.0   0.1   1.3  19.4   15:01    SW
10  19.6  23.5   15:34  14.2   09:00   0.3   1.5   0.0   3.3  36.7   06:27   ENE
11  11.2  21.7   09:23   7.7   03:16   7.3   0.2  26.1   4.1  30.6   09:26   WSW
12  10.7  13.7   14:55   9.3   06:21   7.6   0.0   0.1   1.9  24.5   10:39    SW
13  10.7  16.4   16:00   7.9   06:07   7.6   0.0   1.6   2.2  15.8   17:57   SSE
14  12.3  19.3   15:42   8.5   06:26   6.1   0.0   0.0   3.7  20.9   20:16   ESE
15  15.6  22.7   08:59  11.2   21:23   3.2   0.5   0.0   3.2  24.5   16:46    SE
16  23.0  29.0   15:20  18.9   23:00   0.0   4.7   0.0   2.2  19.4   17:07    NE
17  24.5  30.3   15:05  21.0   01:12   0.0   6.2   0.0   2.8  24.5   04:22    NE
18  22.2  30.7   14:52  14.9   04:31   0.7   4.6   2.0   2.5  22.0   06:19   SSE
19  11.8  18.7   14:57   7.1   05:44   6.5   0.0   0.1   2.2  27.0   08:33     S
20   9.8  15.8   15:00   6.6   23:43   8.5   0.0   0.0   7.4  30.6   09:42   SSE
21  10.1  15.8   14:04   7.3   03:46   8.2   0.0   0.6   4.7  24.5   14:55   SSE
22  11.2  16.6   14:22   8.1   07:04   7.1   0.0   0.2   2.6  19.4   12:16   SSE
23  16.0  22.4   15:53  10.0   09:00   3.0   0.7   0.0   1.3  13.3   11:10   ENE
24  15.1  22.8   11:28  11.4   06:32   3.9   0.6   3.6   1.6  20.9   13:40   ENE
25  15.3  22.0   13:27  10.9   04:15   3.6   0.6   0.0   1.5  14.8   13:15     S
26  12.6  19.2   08:57   8.0   03:28   5.7   0.0   0.0   1.1  15.8   09:49     S
27  16.3  29.1   14:11   7.6   05:05   4.5   2.5   0.3   3.0  27.0   13:52   ESE
28  13.6  18.5   08:58   9.7   22:50   4.7   0.0   0.0   2.9  28.1   07:47    SE
29  11.9  24.4   12:42   4.7   07:19   7.2   0.9   8.0   5.1  34.2   12:04    SW
30   7.9  12.6   13:51   4.9   04:18  10.4   0.0   0.9   1.9  31.7   13:20    SW
31  11.1  17.0   16:37   7.9   04:48   7.2   0.0   0.0   1.1  14.8   09:32    SW
----------------------------------------------------------------------------------
    14.0  30.7    18     4.7    29   163.5  29.3  48.8   2.9  36.7    10      SE

Max >=  40.0:  0
Max <=  25.0: 25
Min <=  16.0: 29
Min <=   5.0:  2
Max Rain: 26.1 on day 11
Days of Rain: 12 (>= 0.2 mm)  5 (>= 2.0 mm)  1 (>= 20.0 mm)
Heat Base: 18.3  Cool Base: 18.3  Method: Integration