crafers weather station

 Latitude S 34° 59' 22"    Longitude E 138° 43' 40"    Elevation 500 m

8.5 °C




  NOAA Style Reports for Crafers - commenced 28/12/2013.





Select a Year or Month report

Report for 2017 Aug
                   Monthly Climatological Summary for Aug 2017

Name: Crafers Weather   City: Adelaide   State: South Australia
Elevation: 500 m  Lat: S 34 59' 22"   Lon: E 138 43' 40"

                  Temperature (C), Rain (mm), Wind Speed (km/h)

                                      Heat  Cool        Avg
    Mean                              Deg   Deg         Wind                 Dom
Day Temp  High   Time   Low    Time   Days  Days  Rain  Speed High   Time    Dir
----------------------------------------------------------------------------------
 1   8.1  12.8   15:48   5.2   06:24  10.2   0.0   0.1   1.2  15.8   08:40    NE
 2   7.4  11.3   10:52   5.2   07:23  10.9   0.0   8.7   5.5  35.6   19:53   ESE
 3   6.0   7.0   02:45   5.0   19:40  12.3   0.0   1.3   2.3  25.6   08:33    SE
 4   6.2   7.4   11:30   5.0   16:49  12.1   0.0  17.0   5.1  33.1   06:30   ESE
 5   7.2   9.9   17:04   4.7   05:08  11.1   0.0  18.4   5.8  52.6   19:40     E
 6   6.2   7.8   08:47   5.0   19:49  12.3   0.0  15.5   3.9  41.8   13:22   WSW
 7   7.9  10.3   11:38   6.0   20:06  10.4   0.0   0.0   1.8  22.0   09:06   WSW
 8   9.2  12.4   08:59   5.4   21:04   9.1   0.0   0.0   1.9  18.4   11:39     E
 9  13.5  15.4   13:54  11.6   05:29   4.8   0.0   0.0   5.5  30.6   23:25     E
10   9.8  15.0   13:34   6.8   03:17   8.5   0.0   0.3   4.7  41.8   21:02   WSW
11   9.0  10.8   12:30   7.6   07:55   9.3   0.0   0.7   4.3  34.2   15:02   WSW
12  11.0  14.3   13:22   5.6   19:57   7.4   0.0   0.0   3.2  29.5   08:58   ESE
13  14.6  20.1   14:14  10.2   06:23   3.8   0.2   0.0   2.8  24.5   12:08     E
14  15.0  19.6   10:51  12.0   21:29   3.4   0.1  19.5   2.5  23.4   04:21     E
15  10.3  12.6   10:38   8.1   05:42   8.0   0.0  22.8   5.8  37.8   15:30   ENE
16   9.1  11.0   12:14   7.7   07:44   9.2   0.0  10.9   5.4  64.8   21:27    NE
17   6.9  10.1   13:58   4.6   01:18  11.4   0.0  11.1   5.3  42.8   11:52     W
18   6.5  10.5   11:49   3.9   03:11  11.8   0.0   1.2   1.8  23.4   09:30   WSW
19   6.6  12.0   14:00   3.5   04:59  11.7   0.0   0.1   1.8  18.4   10:16    SE
20   7.0  11.7   11:58   4.6   19:07  11.3   0.0  13.4   2.9  23.4   09:53    NE
21   8.0  10.7   13:58   6.2   20:17  10.3   0.0   1.6   1.0  18.4   16:47     S
22   9.4  13.4   14:01   7.6   22:38   8.9   0.0   1.4   2.0  22.0   08:49   WNW
23   7.3  11.4   14:59   5.4   23:52  11.0   0.0   5.8   1.3  31.7   09:33     W
24   7.1  10.9   11:35   3.5   05:32  11.4   0.0   0.2   0.8  17.3   10:22   SSW
25   6.8  10.0   09:29   3.5   05:36  11.5   0.0   0.0   0.4   9.7   09:50   WNW
26   8.0  11.6   14:05   5.3   06:35  10.3   0.0   1.9   1.3   9.7   16:35   SSW
27   5.0   9.1   14:05   2.5   03:55  13.4   0.0   0.2   0.7  18.4   10:05    SE
28   5.4   8.3   12:35   2.8   04:54  12.9   0.0   0.0   0.6  18.4   09:54    SE
29   6.7  11.4   15:33   4.0   04:24  11.6   0.0   0.0   0.6  12.2   12:50   WSW
30   8.7  14.1   14:08   5.8   21:32   9.6   0.0   0.0   1.5  13.3   14:07   ENE
31  12.4  16.0   12:58  10.0   19:26   5.9   0.0   0.0   2.1  18.4   15:03    NE
----------------------------------------------------------------------------------
     8.5  20.1    13     2.5    27   305.8   0.3 152.1   2.8  64.8    16     ESE

Max >=  40.0:  0
Max <=  25.0: 31
Min <=  16.0: 31
Min <=   5.0: 13
Max Rain: 22.8 on day 15
Days of Rain: 19 (>= 0.2 mm)  10 (>= 2.0 mm)  1 (>= 20.0 mm)
Heat Base: 18.3  Cool Base: 18.3  Method: Integration