crafers weather station

 Latitude S 34° 59' 22"    Longitude E 138° 43' 40"    Elevation 500 m

6.6 °C




  NOAA Style Reports for Crafers - commenced 28/12/2013.





Select a Year or Month report

Report for 2017 Jul
                   Monthly Climatological Summary for Jul 2017

Name: Crafers Weather   City: Adelaide   State: South Australia
Elevation: 500 m  Lat: S 34 59' 22"   Lon: E 138 43' 40"

                  Temperature (C), Rain (mm), Wind Speed (km/h)

                                      Heat  Cool        Avg
    Mean                              Deg   Deg         Wind                 Dom
Day Temp  High   Time   Low    Time   Days  Days  Rain  Speed High   Time    Dir
----------------------------------------------------------------------------------
 1   8.4  12.6   13:39   6.4   18:55   9.9   0.0   0.0   1.7  18.4   03:58     E
 2   9.7  14.2   14:05   5.6   07:54   8.6   0.0   2.3   3.2  31.7   08:10     E
 3   8.8  10.1   22:26   6.0   12:53   9.5   0.0  27.6   6.3  43.9   18:06   ESE
 4   8.5  10.5   14:04   7.0   05:52   9.8   0.0  13.2   3.0  34.2   22:19    SW
 5   7.5  12.6   13:43   5.3   00:34  10.8   0.0   1.8   0.4   9.7   09:10     W
 6   7.6  10.6   14:06   5.4   05:24  10.7   0.0   8.7   3.1  23.4   19:39     E
 7   7.3   9.1   13:55   5.5   22:46  11.0   0.0  18.8   2.8  28.1   13:55   WSW
 8   8.0   9.5   12:45   6.8   01:34  10.3   0.0   7.1   3.0  33.1   13:16   ENE
 9   7.9  10.8   14:23   6.6   07:09  10.4   0.0   1.2   1.8  20.9   10:18     S
10   7.9  12.1   14:40   5.6   23:19  10.4   0.0   0.1   0.8  13.3   12:46   NNW
11   9.9  15.2   13:57   7.9   18:22   8.4   0.0   0.0   1.0  17.3   01:18   NNW
12  11.0  14.3   13:20   7.8   07:31   7.3   0.0   1.3   2.5  24.5   04:58   ENE
13  10.2  13.5   13:02   7.1   03:56   8.1   0.0   6.7   2.7  25.6   23:47     S
14   6.5   9.4   14:15   4.5   03:51  11.8   0.0   3.8   0.7  20.9   12:42     W
15   7.9  10.5   15:07   5.8   21:43  10.4   0.0   0.0   2.2  25.6   02:00     E
16   8.4  10.0   23:45   7.3   17:55   9.9   0.0  12.2   5.2  25.6   09:33     E
17   7.9   9.8   15:54   4.7   23:19  10.4   0.0  32.0   5.5  39.2   11:47    NE
18   7.1   8.5   17:01   5.1   13:19  11.2   0.0  25.0   3.6  29.5   16:19    SW
19   6.1   9.7   12:31   2.7   05:07  12.2   0.0   0.0   1.7  31.7   11:43   SSE
20   6.3  12.0   14:40   2.7   05:58  12.0   0.0   0.0   0.9  12.2   10:47     E
21  10.6  13.7   14:31   8.2   09:00   7.7   0.0   0.0   3.6  33.1   04:23     E
22  11.2  14.9   14:10   9.4   08:18   7.1   0.0   0.0   4.2  27.0   00:07   ESE
23   9.2  10.7   12:27   7.8   07:22   9.1   0.0   8.7   2.5  24.5   11:31    SW
24  11.1  14.5   14:49   8.3   09:00   7.2   0.0   0.0   2.4  22.0   23:51   ESE
25   9.8  11.4   13:03   8.2   05:34   8.5   0.0   2.3   3.3  33.1   02:00     W
26   8.9  13.7   14:51   6.2   21:48   9.4   0.0   0.0   0.9  15.8   06:13   ESE
27   9.1  13.9   11:30   6.9   07:05   9.2   0.0   2.9   2.0  24.5   10:33   ENE
28  13.9  18.0   08:58   8.7   09:00   4.4   0.0   0.0   3.9  40.3   05:19     E
29  10.8  18.5   09:43   7.6   06:53   7.5   0.0  13.3   4.3  27.0   12:04   ESE
30   7.4  11.0   12:11   5.4   06:01  10.9   0.0   9.6   2.0  27.0   04:54   ESE
31   6.8   9.7   14:31   4.2   06:48  11.5   0.0   2.7   1.0  19.4   10:25   WSW
----------------------------------------------------------------------------------
     8.8  18.5    29     2.7    19   295.6   0.0 201.3   2.6  43.9     3     ESE

Max >=  40.0:  0
Max <=  25.0: 31
Min <=  16.0: 31
Min <=   5.0:  5
Max Rain: 32.0 on day 17
Days of Rain: 20 (>= 0.2 mm)  17 (>= 2.0 mm)  3 (>= 20.0 mm)
Heat Base: 18.3  Cool Base: 18.3  Method: Integration