crafers weather station

 Latitude S 34° 59' 22"    Longitude E 138° 43' 40"    Elevation 500 m

8.5 °C




  NOAA Style Reports for Crafers - commenced 28/12/2013.





Select a Year or Month report

Report for 2017 Jun
                   Monthly Climatological Summary for Jun 2017

Name: Crafers Weather   City: Adelaide   State: South Australia
Elevation: 500 m  Lat: S 34 59' 22"   Lon: E 138 43' 40"

                  Temperature (C), Rain (mm), Wind Speed (km/h)

                                      Heat  Cool        Avg
    Mean                              Deg   Deg         Wind                 Dom
Day Temp  High   Time   Low    Time   Days  Days  Rain  Speed High   Time    Dir
----------------------------------------------------------------------------------
 1   7.1  13.3   14:10   3.9   05:51  11.2   0.0   0.0   1.0  12.2   12:50    NW
 2   8.1  16.4   14:50   4.3   05:18  10.2   0.0   0.0   0.8   9.7   11:19   NNW
 3   8.7  15.4   13:55   4.9   07:07   9.6   0.0   0.0   0.7  14.8   12:09    NW
 4   9.3  15.0   13:39   6.4   06:09   9.0   0.0   0.0   0.3  12.2   11:45     S
 5  10.0  13.7   14:20   7.8   08:12   8.3   0.0   0.5   1.0  14.8   11:09   SSW
 6   7.5  12.5   14:47   4.6   04:55  10.8   0.0   0.1   1.6  18.4   11:12   SSE
 7   7.7  14.2   13:56   4.4   22:59  10.6   0.0   0.1   0.3   8.6   12:32    SW
 8   8.6  13.7   13:20   5.6   22:17   9.7   0.0   1.2   1.4  20.9   16:51   SSE
 9   8.4  10.3   13:27   7.2   09:00   9.9   0.0   0.1   3.3  20.9   12:13    SE
10   7.5  14.0   14:11   4.9   04:53  10.8   0.0   0.1   0.6  12.2   11:05   ESE
11   9.4  13.1   14:16   6.8   09:00   8.9   0.0   0.3   0.9  14.8   11:35   SSW
12  10.2  14.4   14:24   8.2   07:32   8.1   0.0   0.0   0.6  14.8   12:06   WSW
13   9.9  13.7   15:27   6.6   03:21   8.4   0.0   0.1   0.7  12.2   07:45   ESE
14  10.3  14.9   13:09   7.6   04:02   8.0   0.0   0.0   1.2  22.0   12:21     E
15  11.0  15.2   13:15   8.9   07:36   7.3   0.0   0.1   0.3   9.7   13:16    NE
16   9.0  11.8   14:31   7.6   05:40   9.3   0.0   1.7   0.2   9.7   16:12    NW
17   9.9  14.2   14:24   7.1   06:21   8.4   0.0   0.2   0.3   9.7   11:48    SW
18  10.0  13.9   12:15   6.8   05:50   8.3   0.0   0.0   0.6   9.7   10:56     W
19   9.9  16.7   14:42   6.4   02:36   8.4   0.0   0.1   0.6  11.2   10:59   NNE
20  10.3  15.3   14:23   7.5   06:13   8.0   0.0   0.1   1.0  14.8   10:53   ESE
21   9.8  15.8   12:39   6.1   07:30   8.5   0.0   0.0   0.6  11.2   12:12    NW
22   9.3  15.8   14:25   5.7   04:39   9.0   0.0   0.0   0.8  13.3   12:01     N
23  10.1  15.2   13:02   7.0   07:35   8.2   0.0   0.0   0.7  12.2   11:42   NNW
24  10.0  15.3   13:05   7.6   21:11   8.3   0.0   0.0   0.7  14.8   07:25     W
25   8.4  11.5   12:58   6.6   07:53   9.9   0.0   2.3   0.7  11.2   11:03   WSW
26   8.5  13.2   13:46   7.0   23:26   9.8   0.0   0.0   0.3  11.2   13:21   WNW
27   8.3  13.3   14:32   5.6   05:00  10.0   0.0   0.0   0.6  12.2   10:18   ENE
28   7.6  11.7   11:38   5.7   23:34  10.7   0.0   5.8   0.8  18.4   06:34     S
29   7.7   9.9   11:53   4.4   07:45  10.6   0.0   3.0   1.0  12.2   10:41     S
30   6.9  12.3   14:10   4.2   23:35  11.4   0.0   0.1   0.6  11.2   11:25    NE
----------------------------------------------------------------------------------
     9.0  16.7    19     3.9     1   279.6   0.0  15.9   0.8  22.0    14     SSE

Max >=  40.0:  0
Max <=  25.0: 30
Min <=  16.0: 30
Min <=   5.0:  8
Max Rain: 5.8 on day 28
Days of Rain: 8 (>= 0.2 mm)  3 (>= 2.0 mm)  0 (>= 20.0 mm)
Heat Base: 18.3  Cool Base: 18.3  Method: Integration