crafers weather station

 Latitude S 34° 59' 22"    Longitude E 138° 43' 40"    Elevation 500 m

7.2 °C




  NOAA Style Reports for Crafers - commenced 28/12/2013.






Report for 2017 May
                   Monthly Climatological Summary for May 2017

Name: Crafers Weather   City: Adelaide   State: South Australia
Elevation: 500 m  Lat: S 34 59' 22"   Lon: E 138 43' 40"

                  Temperature (C), Rain (mm), Wind Speed (km/h)

                                      Heat  Cool        Avg
    Mean                              Deg   Deg         Wind                 Dom
Day Temp  High   Time   Low    Time   Days  Days  Rain  Speed High   Time    Dir
----------------------------------------------------------------------------------
 1   9.6  13.3   11:27   6.4   04:45   8.7   0.0   4.1   0.7  18.4   09:48     S
 2   8.8  13.6   11:20   6.5   02:01   9.5   0.0   0.9   0.7  20.9   10:26     S
 3   8.7  14.9   13:03   5.0   06:06   9.6   0.0   0.0   0.8  11.2   11:14   ESE
 4   9.4  15.9   14:26   5.7   06:55   8.9   0.0   0.0   0.7  12.2   10:40   ENE
 5  12.2  16.2   14:09  10.2   21:02   6.1   0.0   0.0   2.9  22.0   11:09    SE
 6  10.2  15.4   12:10   6.0   04:19   8.1   0.0   0.0   1.9  19.4   23:58     S
 7   8.4  11.4   11:42   4.9   04:41   9.9   0.0   0.0   2.2  24.5   05:40   ESE
 8   8.1  12.5   13:35   5.9   02:49  10.2   0.0   0.1   2.0  19.4   23:50     E
 9  10.7  16.5   14:33   7.7   09:00   7.6   0.0   0.0   0.9  12.2   13:06   ENE
10  11.8  17.3   13:29   8.8   02:32   6.5   0.0   0.0   0.7   9.7   11:42    NW
11  12.2  18.7   14:05   8.2   06:57   6.2   0.0   0.0   0.4   6.1   09:39    NW
12  10.9  17.0   13:20   6.9   07:05   7.4   0.0   0.1   0.8  12.2   10:53     E
13  10.1  16.5   13:31   6.1   02:20   8.2   0.0   0.1   0.9  11.2   13:53     E
14  10.3  18.0   14:05   6.0   06:38   8.0   0.0   0.1   0.7   9.7   12:15   ESE
15  14.0  19.7   14:30  11.3   20:15   4.4   0.1   0.0   0.6  11.2   13:07   NNE
16  14.7  17.5   13:37  10.9   17:53   3.6   0.0   1.8   3.4  27.0   06:13     E
17  11.0  14.3   10:13   8.0   01:55   7.3   0.0   4.9   0.7  15.8   11:29   ENE
18  11.9  15.5   14:30   9.3   06:41   6.4   0.0   1.2   1.0  17.3   11:23     E
19  11.7  14.4   13:45  10.0   19:26   6.6   0.0   0.1   1.1  12.2   14:13     E
20  12.6  16.4   13:46   8.2   06:58   5.7   0.0   0.0   1.3  18.4   00:31    SE
21  14.2  19.2   14:00   9.9   20:15   4.2   0.0   0.0   1.2  20.9   08:50   ENE
22  13.8  16.5   10:36  10.4   08:29   4.5   0.0   3.5   3.1  24.5   10:40    SE
23  11.4  14.0   13:49  10.3   07:20   6.9   0.0   8.2   3.7  31.7   15:47    SW
24  11.8  13.7   11:20  10.0   03:59   6.5   0.0   0.2   2.7  17.3   10:06   SSW
25  12.3  15.8   14:09   9.5   03:33   6.0   0.0   0.4   1.4  20.9   11:30   SSW
26  12.9  17.5   14:43  10.2   21:23   5.4   0.0   0.8   1.9  19.4   07:00     E
27  10.2  16.0   13:05   6.7   08:15   8.1   0.0  14.8   3.5  31.7   09:50     S
28   7.7  10.3   12:17   6.2   21:32  10.6   0.0  11.5   1.1  27.0   11:55   WSW
29   9.7  10.7   12:39   6.7   07:41   8.6   0.0  14.8   2.7  34.2   14:45   SSW
30   6.6  11.3   14:07   3.7   06:44  11.7   0.0   0.2   1.7  31.7   14:18   SSE
31   6.5  10.7   13:22   4.3   06:35  11.8   0.0   0.1   1.6  22.0   12:43    SE
----------------------------------------------------------------------------------
    10.8  19.7    15     3.7    30   233.2   0.1  67.9   1.6  34.2    29      SE

Max >=  40.0:  0
Max <=  25.0: 31
Min <=  16.0: 31
Min <=   5.0:  4
Max Rain: 14.8 on day 27
Days of Rain: 14 (>= 0.2 mm)  7 (>= 2.0 mm)  0 (>= 20.0 mm)
Heat Base: 18.3  Cool Base: 18.3  Method: Integration