crafers weather station

 Latitude S 34° 59' 22"    Longitude E 138° 43' 40"    Elevation 500 m

7.5 °C




  NOAA Style Reports for Crafers - commenced 28/12/2013.






Report for 2017 Apr
                   Monthly Climatological Summary for Apr 2017

Name: Crafers Weather   City: Adelaide   State: South Australia
Elevation: 500 m  Lat: S 34 59' 22"   Lon: E 138 43' 40"

                  Temperature (C), Rain (mm), Wind Speed (km/h)

                                      Heat  Cool        Avg
    Mean                              Deg   Deg         Wind                 Dom
Day Temp  High   Time   Low    Time   Days  Days  Rain  Speed High   Time    Dir
----------------------------------------------------------------------------------
 1  12.2  18.2   15:49   9.0   06:28   6.4   0.0   0.4   2.6  19.4   08:40   SSE
 2  10.8  16.9   13:26   5.9   06:29   7.5   0.0   0.0   3.6  24.5   14:53    SE
 3  12.5  18.2   08:54   8.8   02:52   5.8   0.0   0.0   2.2  20.9   16:34    SE
 4  17.8  25.2   13:38  13.6   00:52   2.0   1.5   0.0   1.3  14.8   13:55   ENE
 5  18.1  24.5   13:09  13.5   05:26   1.7   1.5   0.0   1.5  19.4   12:46   NNE
 6  19.6  25.9   12:51  15.2   06:17   0.9   2.2   0.0   1.5  15.8   10:33     N
 7  20.2  26.4   13:54  16.2   03:45   0.6   2.4   0.0   2.0  22.0   12:05     E
 8  15.5  25.7   11:55   7.5   05:23   4.5   1.7   8.5   4.1  34.2   01:25   SSW
 9   9.7  14.0   12:29   7.7   20:23   8.6   0.0   0.5   2.8  33.1   14:57   SSW
10  10.8  14.2   13:21   9.5   04:13   7.5   0.0   1.3   3.0  22.0   14:54   SSE
11  12.0  16.4   15:32   9.0   04:37   6.3   0.0   0.0   2.6  18.4   00:21    SE
12  15.6  22.6   14:09  11.5   05:45   3.5   0.7   0.0   1.1  12.2   18:00   ENE
13  15.3  24.2   13:34   9.2   06:05   4.3   1.3   0.1   0.8  12.2   09:46     W
14  14.8  23.4   14:35  10.1   04:19   4.3   0.7   0.0   1.0  11.2   10:58     N
15  15.3  23.1   14:32  10.0   06:04   3.9   0.9   0.0   0.8  13.3   10:09   ESE
16  13.6  20.2   13:47  10.7   22:28   4.8   0.1   0.0   1.2  15.8   10:32     E
17  18.3  25.4   15:29  15.7   04:05   1.2   1.2   0.0   1.2  14.8   08:57     N
18  20.5  24.6   15:05  18.0   21:04   0.0   2.2   0.0   2.8  20.9   09:57    NE
19  19.6  27.2   14:16  15.3   02:35   1.1   2.3   2.6   1.4  22.0   10:17   ENE
20  16.1  18.0   14:16  14.9   22:52   2.2   0.0  10.9   0.7  13.3   12:48    SE
21  13.9  20.3   15:08  10.5   03:40   4.5   0.1   0.2   0.5  11.2   13:08    SW
22  15.1  21.2   12:48  12.4   04:52   3.5   0.2   0.0   0.7   9.7   22:16     E
23  16.0  20.5   12:11  12.6   04:04   2.5   0.2   2.9   0.7  13.3   10:40     E
24  14.2  16.3   13:27  12.2   04:24   4.1   0.0   8.9   2.5  23.4   04:23     S
25  10.9  17.1   13:13   5.4   06:34   7.4   0.0   9.1   3.0  28.1   07:34   SSW
26   8.2  11.7   11:17   6.3   20:11  10.1   0.0   0.5   1.6  27.0   10:52     S
27  10.8  13.7   13:11   8.7   19:17   7.5   0.0   0.1   0.7  14.8   13:25   SSW
28  11.6  13.7   09:58   9.8   07:08   6.7   0.0   1.7   0.3  12.2   09:39   SSW
29  12.2  14.3   12:19  11.1   09:00   6.1   0.0   0.0   0.2   7.2   10:50     S
30  11.9  15.4   15:17   9.1   21:58   6.4   0.0   0.0   1.5  18.4   07:11     E
----------------------------------------------------------------------------------
    14.4  27.2    19     5.4    25   135.9  19.2  47.7   1.7  34.2     8      SE

Max >=  40.0:  0
Max <=  25.0: 24
Min <=  16.0: 28
Min <=   5.0:  0
Max Rain: 10.9 on day 20
Days of Rain: 12 (>= 0.2 mm)  6 (>= 2.0 mm)  0 (>= 20.0 mm)
Heat Base: 18.3  Cool Base: 18.3  Method: Integration