crafers weather station

 Latitude S 34° 59' 22"    Longitude E 138° 43' 40"    Elevation 500 m

5.5 °C




  NOAA Style Reports for Crafers - commenced 28/12/2013.






Report for 2017 Mar
                   Monthly Climatological Summary for Mar 2017

Name: Crafers Weather   City: Adelaide   State: South Australia
Elevation: 500 m  Lat: S 34 59' 22"   Lon: E 138 43' 40"

                  Temperature (C), Rain (mm), Wind Speed (km/h)

                                      Heat  Cool        Avg
    Mean                              Deg   Deg         Wind                 Dom
Day Temp  High   Time   Low    Time   Days  Days  Rain  Speed High   Time    Dir
----------------------------------------------------------------------------------
 1  27.2  36.4   16:11  19.3   02:05   0.0   8.9   0.0   1.5  17.3   11:06   SSW
 2  20.2  31.4   15:04  14.0   08:08   2.0   3.9   0.0   2.4  18.4   15:53    SE
 3  20.8  29.5   15:05  15.0   09:00   0.7   3.2   0.0   2.1  20.9   11:06   ESE
 4  19.7  31.0   12:46  13.3   05:41   2.4   3.8   0.0   2.9  19.4   07:16    SE
 5  16.5  23.5   13:57  12.8   05:05   2.8   1.0   0.0   5.5  29.5   02:56   SSE
 6  15.9  24.1   14:55  13.0   09:00   3.1   0.7   0.0   2.3  22.0   11:59    SE
 7  21.4  29.9   15:05  15.6   23:47   0.5   3.6   0.0   1.8  18.4   15:12   ESE
 8  23.9  32.3   14:42  17.9   23:50   0.0   5.6   0.0   1.4  18.4   15:16    SW
 9  22.4  32.8   14:34  13.1   00:56   1.1   5.1   0.0   1.4  15.8   13:32    SW
10  23.1  31.4   15:36  17.2   21:12   0.0   4.9   0.0   1.4  14.8   08:08    SW
11  19.0  26.6   15:36  13.4   04:27   2.0   2.7   6.0   3.0  25.6   03:27   SSW
12  14.1  15.6   17:02  12.7   07:23   4.2   0.0  10.4   4.5  31.7   09:34     S
13  15.2  21.0   08:48  13.1   00:48   3.1   0.1   0.1   2.2  19.4   13:08    SE
14  22.3  28.8   16:33  19.2   21:40   0.0   4.0   0.1   1.5  15.8   15:40    NE
15  22.9  31.7   14:52  13.3   06:32   1.1   5.7   0.0   2.7  23.4   14:02   SSE
16  14.0  21.6   13:42   8.8   07:01   4.8   0.5   0.0   4.3  25.6   18:15   SSE
17  16.1  23.4   16:06  11.6   09:00   2.9   0.7   0.0   2.8  25.6   09:53     E
18  23.3  32.0   16:17  17.5   23:29   0.0   5.0   0.0   1.6  14.8   10:55     N
19  24.3  32.9   14:59  18.6   02:17   0.0   6.1   0.0   1.4  15.8   18:08   SSE
20  21.9  30.9   12:47  16.8   06:59   0.3   3.9   2.0   1.7  20.9   19:00   ESE
21  18.5  26.4   16:48  14.6   07:29   1.4   1.6   0.5   4.0  20.9   05:08    SE
22  14.8  16.8   16:25  13.1   07:25   3.5   0.0   0.1   5.7  28.1   16:26    SE
23  18.3  24.8   15:03  13.2   09:00   1.4   1.4   0.0   2.5  19.4   17:25     E
24  22.6  30.0   16:22  18.4   02:47   0.0   4.3   0.0   1.2  18.4   11:23     E
25  20.5  26.2   15:30  16.6   00:20   0.2   2.5   0.1   0.6  14.8   14:31    SW
26  25.4  31.0   14:34  16.4   07:29   0.2   7.2   0.0   2.2  25.6   08:30   SSW
27  15.3  20.8   14:35  11.5   06:57   3.3   0.3   0.1   2.1  31.7   15:00    SW
28  15.5  21.1   15:05  12.8   20:53   3.2   0.4   0.0   2.7  24.5   06:52   SSE
29  10.9  17.9   11:30   7.0   04:56   7.4   0.0   5.1   2.3  29.5   13:32   SSW
30  10.8  16.9   12:59   7.2   02:33   7.5   0.0   0.0   1.9  19.4   18:27   SSE
31  12.2  15.9   14:47   9.8   00:53   6.1   0.0   0.0   0.8  17.3   15:09   SSW
----------------------------------------------------------------------------------
    19.0  36.4     1     7.0    29    65.2  87.1  24.5   2.4  31.7    12     SSE

Max >=  40.0:  0
Max <=  25.0: 13
Min <=  16.0: 21
Min <=   5.0:  0
Max Rain: 10.4 on day 12
Days of Rain: 5 (>= 0.2 mm)  4 (>= 2.0 mm)  0 (>= 20.0 mm)
Heat Base: 18.3  Cool Base: 18.3  Method: Integration