crafers weather station

 Latitude S 34° 59' 22"    Longitude E 138° 43' 40"    Elevation 500 m

5.7 °C




  NOAA Style Reports for Crafers - commenced 28/12/2013.






Report for 2017 Feb
                   Monthly Climatological Summary for Feb 2017

Name: Crafers Weather   City: Adelaide   State: South Australia
Elevation: 500 m  Lat: S 34 59' 22"   Lon: E 138 43' 40"

                  Temperature (C), Rain (mm), Wind Speed (km/h)

                                      Heat  Cool        Avg
    Mean                              Deg   Deg         Wind                 Dom
Day Temp  High   Time   Low    Time   Days  Days  Rain  Speed High   Time    Dir
----------------------------------------------------------------------------------
 1  15.2  22.8   14:26  11.5   02:46   3.7   0.6   0.1   1.4  17.3   13:19   SSE
 2  16.4  25.4   16:03  11.0   05:22   3.1   1.2   0.0   1.5  14.8   18:54   SSE
 3  21.0  28.3   16:29  16.2   00:37   0.3   3.0   0.0   1.6  13.3   13:03   ENE
 4  21.2  29.2   10:46  16.8   21:45   0.2   3.2   2.3   2.7  20.9   12:22    SE
 5  18.4  22.3   09:00  13.2   08:19   1.1   1.2  30.5   3.7  30.6   09:14    SE
 6  12.7  14.2   19:07  10.3   04:39   5.6   0.0   1.6   3.2  27.0   08:33    SE
 7  21.4  28.1   08:57  13.5   09:00   0.2   3.3   0.0   3.2  28.1   11:35     E
 8  32.1  39.4   16:46  26.5   04:20   0.0  13.8   0.0   2.4  20.9   12:03     N
 9  27.7  39.4   13:37  19.0   00:47   0.0   9.4   0.0   1.6  12.2   12:12     E
10  28.4  39.2   14:10  20.3   06:01   0.0  10.1   0.0   1.4  13.3   19:39   ENE
11  18.9  28.2   13:23  12.2   06:31   2.3   2.9   0.1   3.4  24.5   05:54   SSE
12  13.9  19.7   14:14  11.4   21:47   4.4   0.1   0.0   4.4  30.6   11:12   SSE
13  14.5  20.3   15:38  11.6   07:46   3.9   0.1   0.1   3.8  24.5   22:20    SE
14  19.5  26.4   16:07  12.4   09:00   0.8   2.1   0.0   2.0  22.0   07:59     E
15  20.7  29.1   13:11  15.2   04:51   1.2   3.6   0.0   2.1  24.5   12:10   SSE
16  16.2  23.9   16:16  10.5   01:58   3.4   1.3   0.0   1.5  20.9   15:15   SSW
17  13.9  18.0   15:23  10.3   06:57   4.4   0.0   0.6   1.7  22.0   18:26    SW
18  12.0  17.1   15:15   9.3   06:09   6.3   0.0   0.3   2.2  27.0   15:27   SSW
19  11.7  15.3   15:43   9.1   01:26   6.6   0.0   2.3   1.5  20.9   13:55   SSW
20  13.2  20.6   16:02   8.6   06:31   5.2   0.2   0.0   1.5  17.3   10:15     S
21  22.0  27.3   16:47  15.6   09:00   0.1   3.8   0.0   3.7  17.3   11:06     E
22  18.1  26.1   09:47  13.7   07:06   1.9   1.7   0.0   2.6  24.5   10:47   SSW
23  15.2  23.0   15:43   9.2   06:23   3.9   0.8   0.0   1.8  14.8   15:51     S
24  14.2  20.8   14:15  10.0   07:06   4.4   0.3   0.0   4.7  25.6   20:47    SE
25  13.5  20.7   15:33   8.1   06:37   5.1   0.3   0.0   3.4  24.5   10:32    SE
26  18.0  26.8   16:40  10.9   02:17   2.4   2.1   0.0   1.5  15.8   13:39     E
27  25.3  32.9   16:16  19.4   22:36   0.0   7.0   0.0   2.1  18.4   13:20   ENE
28  27.3  34.0   13:20  22.0   07:04   0.0   9.0   0.0   1.7  15.8   09:56   NNE
----------------------------------------------------------------------------------
    18.7  39.4     8     8.1    25    70.5  81.1  37.9   2.4  30.6     5      SE

Max >=  40.0:  0
Max <=  25.0: 13
Min <=  16.0: 21
Min <=   5.0:  0
Max Rain: 30.5 on day 5
Days of Rain: 6 (>= 0.2 mm)  3 (>= 2.0 mm)  1 (>= 20.0 mm)
Heat Base: 18.3  Cool Base: 18.3  Method: Integration