crafers weather station

 Latitude S 34° 59' 22"    Longitude E 138° 43' 40"    Elevation 500 m

6.6 °C




  NOAA Style Reports for Crafers - commenced 28/12/2013.





Select a Year or Month report

Report for 2017 Jan
                   Monthly Climatological Summary for Jan 2017

Name: Crafers Weather   City: Adelaide   State: South Australia
Elevation: 500 m  Lat: S 34 59' 22"   Lon: E 138 43' 40"

                  Temperature (C), Rain (mm), Wind Speed (km/h)

                                      Heat  Cool        Avg
    Mean                              Deg   Deg         Wind                 Dom
Day Temp  High   Time   Low    Time   Days  Days  Rain  Speed High   Time    Dir
----------------------------------------------------------------------------------
 1  14.7  20.5   12:42  11.7   01:06   3.9   0.2   0.0   4.3  31.7   23:49   SSE
 2  14.3  20.9   13:51  10.0   06:13   4.3   0.3   0.0   6.8  30.6   23:25    SE
 3  17.3  23.3   14:36  13.5   04:35   2.0   1.0   0.0   2.7  25.6   10:25    SE
 4  21.2  29.0   14:37  14.8   00:56   0.8   3.8   0.0   2.3  20.9   14:49   ESE
 5  24.9  31.0   16:09  20.0   22:25   0.0   6.7   0.0   2.3  15.8   13:53     E
 6  30.7  36.3   15:12  26.8   07:31   0.0  12.4   0.0   3.7  33.1   05:07    NE
 7  26.9  37.4   13:08  16.7   06:38   0.1   8.9   0.0   2.6  22.0   01:27   SSW
 8  19.6  27.6   12:33  14.5   07:13   1.5   2.8   0.0   1.3  11.2   11:56    SE
 9  18.7  27.8   15:56  14.0   06:20   1.8   2.2   0.0   1.3  12.2   15:08   ESE
10  19.0  28.8   15:30  11.6   02:40   2.6   3.2   0.0   1.8  19.4   17:13     S
11  17.9  27.6   15:37  12.1   05:43   2.6   2.2   0.0   2.2  20.9   17:07    SE
12  25.2  33.5   17:33  17.3   09:00   0.0   6.9  14.1   2.7  34.2   04:43   ENE
13  15.7  21.1   15:07  12.2   02:45   2.9   0.3   9.5   2.5  20.9   09:20    SW
14  15.4  21.4   13:56  11.7   04:29   3.5   0.5   0.0   3.3  23.4   22:55   SSE
15  18.6  26.3   16:10  12.1   00:57   1.9   2.2   0.0   2.0  14.8   11:31     E
16  26.3  33.0   15:54  21.7   22:43   0.0   8.0   0.0   2.2  15.8   10:47   SSE
17  24.1  37.3   13:57  12.5   07:57   1.7   7.5   0.2   3.8  27.0   19:57    SE
18  15.9  22.2   14:05  12.5   06:00   3.0   0.6   0.0   3.0  23.4   13:44   ESE
19  23.3  34.2   16:28  13.8   08:55   0.8   5.8  21.6   3.2  52.6   20:47    SE
20  14.0  20.1   16:02  10.1   05:25   4.5   0.2   0.0   4.1  31.7   12:31   SSE
21  18.4  26.4   15:34  12.8   23:51   2.0   2.1   0.0   2.2  15.8   19:09   ESE
22  25.2  32.0   16:17  21.0   01:57   0.0   6.9   0.0   1.6  15.8   11:02   ENE
23  19.7  30.2   10:15  12.2   06:37   1.4   2.8   7.7   3.2  27.0   19:50   SSW
24  14.6  22.1   13:57   9.7   03:16   4.3   0.6   0.0   2.9  27.0   18:14   SSE
25  16.0  25.0   15:28  11.2   02:56   3.5   1.3   0.0   2.5  17.3   11:23   ESE
26  16.3  23.4   15:23  12.1   06:33   3.0   0.9   0.0   3.1  19.4   16:37   ESE
27  22.3  29.4   14:38  17.1   04:04   0.2   4.2   0.0   1.6  13.3   13:10   NNW
28  22.6  31.9   15:47  13.5   05:08   0.8   5.1   0.0   1.5  22.0   12:13    SW
29  28.9  36.3   15:40  23.6   07:36   0.0  10.6   0.0   1.9  22.0   06:34   SSW
30  18.7  25.0   09:17  12.3   06:39   2.0   2.4   0.3   2.5  27.0   11:39     S
31  15.2  22.5   15:19  11.4   00:22   3.7   0.6   0.0   2.0  15.8   11:48   ESE
----------------------------------------------------------------------------------
    20.1  37.4     7     9.7    24    58.8 113.2  53.4   2.7  52.6    19      SE

Max >=  40.0:  0
Max <=  25.0: 12
Min <=  16.0: 23
Min <=   5.0:  0
Max Rain: 21.6 on day 19
Days of Rain: 6 (>= 0.2 mm)  4 (>= 2.0 mm)  1 (>= 20.0 mm)
Heat Base: 18.3  Cool Base: 18.3  Method: Integration