crafers weather station

 Latitude S 34° 59' 22"    Longitude E 138° 43' 40"    Elevation 500 m

5.4 °C




  NOAA Style Reports for Crafers - commenced 28/12/2013.






Report for 2016 Dec
                   Monthly Climatological Summary for Dec 2016

Name: Crafers Weather   City: Adelaide   State: South Australia
Elevation: 500 m  Lat: S 34 59' 22"   Lon: E 138 43' 40"

                  Temperature (C), Rain (mm), Wind Speed (km/h)

                                      Heat  Cool        Avg
    Mean                              Deg   Deg         Wind                 Dom
Day Temp  High   Time   Low    Time   Days  Days  Rain  Speed High   Time    Dir
----------------------------------------------------------------------------------
 1  14.3  21.1   12:12   8.7   04:32   4.4   0.4   0.0   1.2  14.8   13:33   SSE
 2  13.1  22.2   15:33   6.9   05:26   5.6   0.4   0.0   2.1  15.8   16:14   ESE
 3  22.5  30.1   15:12  14.2   09:02   0.1   4.4   0.0   2.5  31.7   07:16     E
 4  17.4  24.4   18:43   9.7   05:22   2.6   1.7   5.4   3.2  22.0   10:06    SE
 5  13.6  20.9   15:43   8.7   06:11   4.9   0.2   0.0   1.6  15.8   09:17    SE
 6  14.9  22.6   14:49   8.8   04:47   4.1   0.6   0.0   1.3  15.8   14:56   SSW
 7  19.7  27.8   13:23  10.2   05:32   1.7   3.1  17.5   4.3  37.8   01:36    SE
 8  10.5  15.6   12:31   6.9   05:35   7.8   0.0   3.1   2.8  27.0   12:03    SW
 9  11.2  19.0   15:55   6.7   05:53   7.1   0.0   0.0   2.2  18.4   09:08    SE
10  14.9  24.6   14:43   9.0   06:09   4.5   1.2   0.0   2.4  17.3   14:18    SE
11  20.6  29.0   15:32  15.0   00:08   1.0   3.2   0.0   1.9  14.8   09:59    NE
12  26.7  33.3   16:14  21.4   04:26   0.0   8.4   0.0   2.8  19.4   10:35   ESE
13  22.0  32.1   11:16  11.7   07:36   1.8   5.5   0.2   2.5  27.0   11:31   SSE
14  11.9  19.6   14:35   7.1   06:01   6.5   0.1   0.0   4.1  23.4   17:04    SE
15  13.0  19.7   14:35   7.9   04:11   5.3   0.1   0.0   2.6  23.4   11:22   ESE
16  16.6  23.9   15:28  10.5   03:38   3.3   1.6   1.2   2.2  22.0   15:03    SW
17  12.2  20.0   14:07   6.3   04:39   6.2   0.1   0.0   3.1  23.4   11:15   SSE
18  18.0  24.1   08:58  13.0   09:00   1.7   1.4   0.0   2.9  18.4   09:09     E
19  21.3  32.6   16:05  10.6   06:11   2.1   5.1   1.1   3.2  29.5   13:29    SE
20  14.5  21.4   14:41   9.0   04:07   4.2   0.3   0.0   2.1  20.9   14:45     S
21  15.3  22.9   14:16  10.7   00:06   3.8   0.8   0.0   3.0  22.0   15:47    SE
22  22.8  29.8   16:46  17.6   09:00   0.0   4.5   0.0   2.4  15.8   10:17   ENE
23  25.4  33.9   14:59  18.0   04:50   0.0   7.1   0.0   2.2  20.9   11:43   SSE
24  24.8  35.1   15:25  16.7   23:05   0.2   6.6   0.0   2.0  17.3   15:16   SSW
25  27.3  38.2   15:59  16.9   07:33   0.1   9.2   1.2   2.7  22.0   00:11    SE
26  20.6  25.0   15:03  17.3   09:00   0.1   2.4   7.5   1.5  31.7   08:38   NNE
27  21.0  22.8   18:47  19.3   09:03   0.0   2.7  65.7   5.4  51.5   07:08   ENE
28  18.6  28.9   17:04  12.6   03:03   1.0   1.2   4.1   1.5  27.0   09:00     S
29  19.5  26.8   12:51  14.0   05:46   1.7   2.9   0.1   3.4  30.6   14:09   SSW
30  15.4  19.2   15:31  13.6   06:24   3.0   0.0   1.4   1.7  18.4   09:48    SW
31  16.1  22.2   16:02  12.2   02:59   2.8   0.6   0.6   1.3  20.9   08:51    SW
----------------------------------------------------------------------------------
    17.9  38.2    25     6.3    17    87.6  75.8 109.1   2.5  51.5    27      SE

Max >=  40.0:  0
Max <=  25.0: 19
Min <=  16.0: 24
Min <=   5.0:  0
Max Rain: 65.7 on day 27
Days of Rain: 12 (>= 0.2 mm)  6 (>= 2.0 mm)  1 (>= 20.0 mm)
Heat Base: 18.3  Cool Base: 18.3  Method: Integration