crafers weather station

 Latitude S 34° 59' 22"    Longitude E 138° 43' 40"    Elevation 500 m

7.4 °C




  NOAA Style Reports for Crafers - commenced 28/12/2013.






Report for 2016 Nov
                   Monthly Climatological Summary for Nov 2016

Name: Crafers Weather   City: Adelaide   State: South Australia
Elevation: 500 m  Lat: S 34 59' 22"   Lon: E 138 43' 40"

                  Temperature (C), Rain (mm), Wind Speed (km/h)

                                      Heat  Cool        Avg
    Mean                              Deg   Deg         Wind                 Dom
Day Temp  High   Time   Low    Time   Days  Days  Rain  Speed High   Time    Dir
----------------------------------------------------------------------------------
 1   9.8  14.7   14:18   6.2   04:44   8.5   0.0   0.3   1.7  18.4   12:56    SW
 2  10.4  16.5   15:23   6.1   05:42   7.9   0.0   0.0   1.4  20.9   13:54    SW
 3  15.7  21.9   14:06  10.4   06:04   3.3   0.6   0.0   1.9  19.4   14:20   SSE
 4  13.9  24.4   13:47   6.5   06:06   5.6   1.2   0.0   3.5  27.0   11:04   SSW
 5  12.3  18.7   14:24   8.5   02:32   6.0   0.0   0.0   2.4  19.4   06:24   SSW
 6  17.9  21.3   15:51  13.2   09:00   1.1   0.7   0.0   3.4  30.6   06:26     E
 7  13.4  24.0   14:22   6.3   02:14   6.1   1.2   0.0   2.6  19.4   16:56     S
 8   9.9  16.6   15:45   6.2   05:52   8.4   0.0   0.0   1.9  17.3   17:02   SSE
 9  12.3  21.2   14:19   8.0   05:52   6.1   0.1   0.0   1.8  14.8   17:25   ESE
10  14.9  23.1   14:22   9.4   00:47   4.2   0.8   0.0   1.5  14.8   14:07     E
11  17.3  28.1   15:44  10.8   05:59   3.0   2.0  16.1   4.7  35.6   04:57    SE
12  10.2  13.8   13:45   7.6   06:28   8.1   0.0  39.5   5.1  41.8   11:40    SW
13   9.1  12.9   15:51   7.3   05:22   9.2   0.0   4.5   3.8  31.7   14:33    SW
14  10.0  14.6   12:29   6.7   01:14   8.3   0.0   0.0   1.4  20.9   09:14   SSW
15  12.0  19.0   15:16   7.6   05:21   6.3   0.0   0.0   1.4  13.3   13:49    SE
16  21.3  26.6   17:00  15.4   09:00   0.1   3.1   0.0   2.6  18.4   04:37   ENE
17  20.7  32.5   15:01  11.3   05:53   2.3   4.6   0.0   2.6  23.4   10:45   ESE
18  13.4  20.2   15:50   9.5   07:17   5.1   0.1   0.0   1.9  17.3   08:34   ESE
19  19.2  27.6   08:59  13.0   09:00   1.3   2.2   0.0   2.0  14.8   09:13     E
20  27.4  32.8   14:25  22.4   03:34   0.0   9.1   0.0   2.3  18.4   12:36    NE
21  15.9  30.8   10:22   9.9   06:10   3.5   1.7   1.2   2.3  17.3   09:18   SSE
22   9.6  12.5   12:14   6.1   04:07   8.7   0.0   0.4   1.5  23.4   08:29   SSE
23  10.7  17.8   15:14   5.4   05:10   7.6   0.0   0.0   3.3  23.4   13:24   SSE
24  12.2  19.7   12:52   6.8   23:29   6.1   0.0   0.0   2.8  19.4   17:45   SSE
25  12.2  19.5   14:26   8.5   03:15   6.1   0.0   0.0   4.1  22.0   17:38    SE
26  12.7  20.5   14:57   7.9   05:18   5.8   0.2   0.0   2.8  19.4   16:30   ESE
27  17.5  25.8   16:35  10.7   23:18   2.7   1.9   0.0   1.5  15.8   15:35    SE
28  19.2  28.2   14:44   9.3   06:44   2.4   3.2   0.0   1.4  15.8   13:50     S
29  15.7  26.4   15:42   8.7   23:14   4.6   2.1   0.0   1.9  22.0   16:32    SE
30  12.9  22.7   14:53   8.0   04:45   5.9   0.4   0.0   2.0  19.4   15:54    SE
----------------------------------------------------------------------------------
    14.3  32.8    20     5.4    23   154.3  35.2  62.0   2.4  41.8    12     SSE

Max >=  40.0:  0
Max <=  25.0: 21
Min <=  16.0: 29
Min <=   5.0:  0
Max Rain: 39.5 on day 12
Days of Rain: 6 (>= 0.2 mm)  3 (>= 2.0 mm)  1 (>= 20.0 mm)
Heat Base: 18.3  Cool Base: 18.3  Method: Integration