crafers weather station

 Latitude S 34° 59' 22"    Longitude E 138° 43' 40"    Elevation 500 m

6.6 °C




  NOAA Style Reports for Crafers - commenced 28/12/2013.





Select a Year or Month report

Report for 2016 Oct
                   Monthly Climatological Summary for Oct 2016

Name: Crafers Weather   City: Adelaide   State: South Australia
Elevation: 500 m  Lat: S 34 59' 22"   Lon: E 138 43' 40"

                  Temperature (C), Rain (mm), Wind Speed (km/h)

                                      Heat  Cool        Avg
    Mean                              Deg   Deg         Wind                 Dom
Day Temp  High   Time   Low    Time   Days  Days  Rain  Speed High   Time    Dir
----------------------------------------------------------------------------------
 1  15.3  18.1   00:26   8.7   09:00   2.9   0.0   0.0   0.1  17.3   00:31     E
 2  10.0  18.3   09:02   4.0   03:03   8.3   0.0  19.4   0.0  18.4   02:11    NW
 3   8.5   9.8   06:48   5.1   11:54  10.0   0.0  32.4   2.3  39.2   07:29     S
 4   8.9  12.3   14:18   7.4   23:36   9.4   0.0   0.1   3.8  30.6   12:30    SW
 5  13.7  19.8   08:58   8.6   09:10   4.6   0.0   0.0   0.7  22.0   10:14   SSE
 6  21.4  25.7   15:01  15.4   06:47   0.2   3.3   0.0   0.8  41.8   01:10   ESE
 7  14.0  22.4   17:02   7.3   06:57   5.2   0.9   0.0   0.7  23.4   15:27   SSE
 8  18.0  23.6   08:19  10.1   09:00   1.2   0.9   0.2   0.6  28.1   08:15     E
 9  12.1  24.4   09:51   7.5   07:03   6.7   0.5   6.0   4.7  39.2   18:51   WSW
10   8.0  12.3   15:22   6.3   05:05  10.3   0.0   3.7   1.5  29.5   14:54   WSW
11   8.5  12.3   15:18   6.7   02:46   9.8   0.0   2.4   0.1  18.4   09:43   WSW
12   8.9  13.1   13:38   4.8   06:35   9.4   0.0   1.9   0.0  11.2   15:08     N
13  11.4  17.0   16:24   7.3   22:41   6.9   0.0   0.0   0.0   1.1   19:40   ---
14  17.4  22.5   15:02  12.1   21:31   1.8   0.9   0.0   0.3  20.9   14:51     E
15  18.7  24.5   15:47   9.0   08:59   1.8   2.2   1.5   0.4  20.9   13:59   ESE
16   7.1   9.0   09:00   6.0   22:04  11.2   0.0  39.0   0.5  30.6   13:25   SSE
17   7.0  10.0   08:52   6.3   09:00  11.3   0.0  25.6   0.1  19.4   02:17   SSW
18   6.9  10.8   12:55   4.0   05:33  11.4   0.0   3.6   0.0   0.0   09:00   ---
19  10.7  18.3   08:55   6.7   23:46   7.6   0.0   0.0   0.2  13.3   08:15     E
20  17.8  26.3   15:42   7.3   06:21   3.3   2.8  10.7   4.2  39.2   21:35     E
21   6.8  13.4   13:16   3.1   04:13  11.5   0.0   0.7   2.0  24.5   16:09     S
22   7.1  12.5   13:25   3.4   04:50  11.2   0.0   0.1   3.0  28.1   16:48   SSE
23   8.2  14.2   15:43   4.5   06:29  10.1   0.0   0.0   1.7  15.8   15:13    SE
24  16.2  20.0   15:00  11.6   21:24   2.2   0.2   0.0   3.7  29.5   05:03     E
25  18.4  24.8   13:00  11.2   06:37   2.0   2.1   0.4   2.8  27.0   10:02   ESE
26  10.8  16.9   13:20   7.1   06:03   7.5   0.0   0.2   2.4  23.4   14:51     S
27  10.8  17.9   15:43   6.1   06:36   7.5   0.0   0.0   2.0  19.4   10:20   ESE
28  13.6  21.5   15:08   6.7   03:38   5.2   0.5   0.0   1.4  13.3   11:14     S
29  20.4  26.7   15:42  11.3   06:40   1.5   3.6   0.0   4.5  39.2   02:17     E
30   8.2  13.5   09:16   5.4   02:23  10.1   0.0   6.0   3.4  36.7   11:52    SW
31   9.4  13.3   15:53   7.0   10:01   8.9   0.0   1.8   2.1  19.4   12:09    SW
----------------------------------------------------------------------------------
    12.1  26.7    29     3.1    21   211.0  17.9 155.7   1.6  41.8     6     SSE

Max >=  40.0:  0
Max <=  25.0: 28
Min <=  16.0: 31
Min <=   5.0:  6
Max Rain: 39.0 on day 16
Days of Rain: 17 (>= 0.2 mm)  10 (>= 2.0 mm)  3 (>= 20.0 mm)
Heat Base: 18.3  Cool Base: 18.3  Method: Integration