crafers weather station

 Latitude S 34° 59' 22"    Longitude E 138° 43' 40"    Elevation 500 m

6.5 °C




  NOAA Style Reports for Crafers - commenced 28/12/2013.





Select a Year or Month report

Report for 2016 Sep
                   Monthly Climatological Summary for Sep 2016

Name: Crafers Weather   City: Adelaide   State: South Australia
Elevation: 500 m  Lat: S 34 59' 22"   Lon: E 138 43' 40"

                  Temperature (C), Rain (mm), Wind Speed (km/h)

                                      Heat  Cool        Avg
    Mean                              Deg   Deg         Wind                 Dom
Day Temp  High   Time   Low    Time   Days  Days  Rain  Speed High   Time    Dir
----------------------------------------------------------------------------------
 1  10.2  15.8   11:28   7.0   06:40   8.1   0.0   0.1   0.8  14.8   13:31   ESE
 2   9.6  14.6   11:13   6.5   01:06   8.7   0.0   2.0   1.9  27.0   07:23    SW
 3   7.8  11.4   12:53   6.1   19:58  10.5   0.0   3.4   2.7  29.5   09:29   WSW
 4   8.7  12.2   08:59   5.0   06:15   9.6   0.0   0.1   0.2  13.3   11:19    SW
 5  12.0  17.0   14:24   8.7   22:15   6.3   0.0   0.0   0.0   9.7   13:18     E
 6  14.7  20.4   13:55  10.6   06:24   3.9   0.2   0.0   0.2  13.3   00:19   ENE
 7  18.0  21.2   15:07  12.8   06:54   0.9   0.6   2.1   2.0  24.5   13:20     E
 8  11.5  15.8   15:46   7.7   06:51   6.8   0.0  34.0   2.7  18.4   10:41    SE
 9   9.0  13.7   12:21   6.3   05:39   9.3   0.0   1.9   2.0  17.3   15:36   WSW
10   8.0  11.7   14:44   4.7   04:07  10.3   0.0   0.3   0.7  17.3   17:09    SW
11   9.9  14.6   13:05   7.7   03:46   8.4   0.0   0.2   0.1  12.2   09:00   ENE
12   6.6   9.8   12:38   5.4   22:19  11.7   0.0   8.1   2.1  17.3   13:57    SE
13   6.5   9.9   14:14   4.7   07:02  11.8   0.0  19.6   3.3  37.8   02:58   WSW
14   7.7   9.1   18:51   5.0   10:24  10.6   0.0  65.7   4.0  35.6   10:10   WSW
15   8.2  12.6   13:20   6.5   19:02  10.1   0.0   0.0   0.6  17.3   04:23    SW
16  11.7  15.3   15:09   7.9   20:44   6.6   0.0   0.0   0.0  19.4   10:00   ESE
17   9.3  18.3   12:36   4.4   05:44   9.0   0.0   3.6   2.0  23.4   08:09   SSW
18   7.0  10.8   12:25   3.9   02:05  11.3   0.0   0.5   1.1  29.5   09:00     S
19   9.9  12.7   15:39   8.1   09:00   8.3   0.0   0.0   0.3  14.8   09:04   ESE
20  10.2  16.0   13:32   6.6   06:53   8.2   0.0   4.6   2.7  29.5   05:09   SSW
21   6.9  10.8   13:09   4.4   00:37  11.4   0.0   0.0   2.1  29.5   09:59   SSW
22   8.0  12.0   08:57   4.0   04:34  10.3   0.0   0.0   0.0  11.2   10:27   ESE
23  13.3  17.6   15:01  10.3   20:11   5.0   0.0   3.2   0.8  27.0   07:48   ESE
24   8.0  11.5   11:56   5.1   05:28  10.3   0.0   5.0   2.6  23.4   12:20    SW
25   8.6  13.4   13:42   4.5   04:06   9.7   0.0   0.1   1.4  20.9   07:56    SW
26   8.5  12.8   09:16   5.3   04:50   9.8   0.0   1.2   1.4  23.4   09:28   WSW
27   9.0  14.9   08:42   5.6   00:46   7.9   0.0   0.0   1.3  20.9   12:13   WSW
28   8.2  16.3   09:44   4.4   03:02  10.1   0.0  53.8   6.6  37.8   05:28   ESE
30   7.5  11.5   12:58   6.1   05:37  15.8   0.0  43.2   1.1  37.8   10:50   WSW
----------------------------------------------------------------------------------
     9.5  21.2     7     3.9    18   260.7   0.8 252.7   1.6  37.8    13     SSW

Max >=  40.0:  0
Max <=  25.0: 29
Min <=  16.0: 29
Min <=   5.0: 10
Max Rain: 65.7 on day 14
Days of Rain: 18 (>= 0.2 mm)  13 (>= 2.0 mm)  4 (>= 20.0 mm)
Heat Base: 18.3  Cool Base: 18.3  Method: Integration