crafers weather station

 Latitude S 34° 59' 22"    Longitude E 138° 43' 40"    Elevation 500 m

5.6 °C




  NOAA Style Reports for Crafers - commenced 28/12/2013.






Report for 2016 Aug
                   Monthly Climatological Summary for Aug 2016

Name: Crafers Weather   City: Adelaide   State: South Australia
Elevation: 500 m  Lat: S 34 59' 22"   Lon: E 138 43' 40"

                  Temperature (C), Rain (mm), Wind Speed (km/h)

                                      Heat  Cool        Avg
    Mean                              Deg   Deg         Wind                 Dom
Day Temp  High   Time   Low    Time   Days  Days  Rain  Speed High   Time    Dir
----------------------------------------------------------------------------------
 1   6.6  10.1   12:09   4.4   03:03  11.7   0.0   1.6   3.5  35.6   18:28     S
 2   7.7  11.5   14:41   6.2   21:23  10.6   0.0   1.7   2.6  28.1   13:42     S
 3   6.8  10.6   14:36   4.4   07:13  11.5   0.0   0.4   2.0  27.0   09:10     S
 4   6.3   8.3   09:29   3.1   06:44  12.0   0.0   0.0   0.7  24.5   09:34   ESE
 5   6.9  11.0   15:08   3.5   07:17  11.4   0.0   0.0   0.2  13.3   11:53     E
 6   8.5  13.4   13:04   4.2   06:15   9.8   0.0   0.0   0.7  19.4   12:26   ESE
 7  12.6  16.0   12:18   9.7   09:00   5.7   0.0   0.0   3.2  20.9   05:18     E
 8  15.0  18.2   14:05   9.8   08:09   3.3   0.0   0.8   4.9  29.5   09:49   ESE
 9   8.3  13.5   10:17   5.5   22:37  10.0   0.0   8.2   6.6  47.9   05:30     S
10   6.7   9.6   13:59   4.1   02:31  11.6   0.0  20.5   3.1  46.4   16:41   SSW
11   8.2  11.7   14:57   5.2   20:48  10.1   0.0   0.3   1.1  24.5   06:31    SE
12   9.6  13.7   14:51   6.9   03:56   8.7   0.0   0.0   1.0  27.0   11:15     S
13   9.1  12.2   13:13   6.5   00:06   9.2   0.0   0.1   0.9  19.4   10:22    SW
14   8.9  13.3   15:14   6.0   20:17   9.4   0.0   0.0   0.3  14.8   07:21   ESE
15  12.6  17.4   15:15   8.2   20:49   5.7   0.0   0.0   0.4  18.4   11:13   ESE
16  12.1  18.7   14:05   6.4   07:13   6.2   0.0   1.1   0.8  33.1   11:58     E
17  14.8  18.6   15:05   8.6   09:00   3.5   0.0   0.0   1.2  45.4   07:41     E
18  12.2  20.9   12:17   5.2   07:33   6.4   0.3  20.4   4.0  46.4   10:01   SSW
19   6.0   8.1   14:07   3.6   23:57  12.3   0.0  13.3   4.4  40.3   14:17     W
20   8.1  10.1   12:52   6.7   07:28  10.2   0.0   2.8   0.7  17.3   09:42     W
21   8.6  13.6   12:42   5.0   07:04   9.7   0.0   0.0   0.0   9.7   10:33     E
22   9.1  15.5   12:19   5.0   06:07   9.2   0.0   0.0   0.0  12.2   13:10    SE
23   8.1  13.6   11:53   5.0   05:46  10.2   0.0   0.1   0.2   9.7   17:18    SE
24   6.2  13.6   11:44   2.3   06:46  12.1   0.0   1.9   0.3  13.3   08:55    SE
25   7.2  12.7   13:35   4.0   05:10  11.1   0.0   0.4   0.5  18.4   09:38     S
26   6.1  10.4   08:58   2.2   06:14  12.2   0.0   0.0   0.4  13.3   07:58     S
27  10.7  14.1   16:01   7.5   05:38   7.6   0.0   0.0   0.1  24.5   12:38   ESE
28  13.9  19.3   13:38   9.1   03:41   4.5   0.1   1.7   0.8  20.9   20:59   NNE
29  13.1  19.5   13:32  10.3   03:31   5.2   0.0   9.1   3.5  27.0   20:57     E
30  11.1  14.6   15:25   9.1   05:59   7.2   0.0   1.5   4.2  29.5   01:33     S
31   9.3  13.0   08:59   7.2   05:03   9.0   0.0   2.4   1.3  20.9   09:47    SW
----------------------------------------------------------------------------------
     9.4  20.9    18     2.2    26   277.3   0.4  88.3   1.7  47.9     9     SSE

Max >=  40.0:  0
Max <=  25.0: 31
Min <=  16.0: 31
Min <=   5.0: 13
Max Rain: 20.5 on day 10
Days of Rain: 17 (>= 0.2 mm)  7 (>= 2.0 mm)  2 (>= 20.0 mm)
Heat Base: 18.3  Cool Base: 18.3  Method: Integration