crafers weather station

 Latitude S 34° 59' 22"    Longitude E 138° 43' 40"    Elevation 500 m

7.2 °C




  NOAA Style Reports for Crafers - commenced 28/12/2013.






Report for 2016 Jul
                   Monthly Climatological Summary for Jul 2016

Name: Crafers Weather   City: Adelaide   State: South Australia
Elevation: 500 m  Lat: S 34 59' 22"   Lon: E 138 43' 40"

                  Temperature (C), Rain (mm), Wind Speed (km/h)

                                      Heat  Cool        Avg
    Mean                              Deg   Deg         Wind                 Dom
Day Temp  High   Time   Low    Time   Days  Days  Rain  Speed High   Time    Dir
----------------------------------------------------------------------------------
 1   9.2  10.6   11:37   8.3   09:00   9.1   0.0   4.7   3.1  28.1   01:58    SW
 2   8.4   9.9   13:49   6.7   05:53   9.9   0.0   3.1   2.0  22.0   06:14    SE
 3   8.4  11.5   12:09   6.5   19:43   9.9   0.0   1.8   2.9  27.0   09:49    SE
 4   5.9   7.6   12:23   2.5   19:53  12.4   0.0  36.9   5.2  50.0   03:03   SSW
 5   7.7   9.0   12:17   6.8   06:21  10.5   0.0  10.8   2.4  31.7   16:04   SSW
 6   7.4  10.2   12:14   4.0   07:34  10.9   0.0   2.7   0.8  19.4   15:05   SSE
 7   6.5   9.9   13:21   4.3   04:35  11.8   0.0   0.1   0.2  19.4   11:08    SE
 8   6.8  12.0   14:30   4.6   01:06  11.5   0.0   0.1   0.1  13.3   12:05   NNE
 9   8.9  11.0   12:45   7.7   23:41   9.4   0.0   5.4   2.9  28.1   19:45    NE
10   8.9  10.8   16:50   6.7   05:12   9.4   0.0   2.1   6.4  41.8   02:41   ESE
11   7.6  10.3   15:07   3.3   07:08   9.4   0.0   9.3   8.6  46.4   10:37    SE
12   4.5   6.6   08:38   2.7   15:20  13.8   0.0   3.8   4.6  43.9   11:23   WSW
13   6.8   9.4   14:06   5.5   00:30  11.5   0.0   0.8   1.4  20.9   10:41   WSW
14   6.6   9.1   15:29   4.0   07:33  11.7   0.0   1.4   0.5  19.4   11:09     W
15   6.1  11.0   13:45   3.0   07:08  12.2   0.0   0.0   0.4  13.3   11:22   NNE
16   7.9  14.2   14:55   4.2   05:15  10.4   0.0   0.0   0.4  14.8   08:54    NE
17  11.4  13.5   15:35  10.0   09:00   6.9   0.0   0.0   4.8  42.8   06:00   ESE
18  11.6  16.0   13:31   9.0   07:09   6.7   0.0   0.0   1.9  30.6   14:57     S
19  11.5  16.0   13:48  10.0   09:00   6.7   0.0   5.6   0.9  11.2   18:31     E
20  11.3  13.5   08:59  10.6   23:44   7.1   0.0   0.2   0.6  12.2   08:47   ESE
21  15.0  18.2   20:29  10.4   08:36   3.3   0.0   1.3   4.5  30.6   18:04   ESE
22   7.3  10.4   09:00   5.3   07:34  11.0   0.0   8.4   4.3  47.9   18:37     W
23   6.3  10.3   14:10   4.5   02:35  12.0   0.0   0.7   2.0  27.0   08:14   ESE
24   6.2   7.3   17:21   3.8   10:27  12.1   0.0  26.4   5.1  43.9   10:12   WSW
25   6.4   8.7   15:09   4.6   22:41  11.9   0.0  18.1   3.9  31.7   15:25     S
26   6.9   7.9   18:20   5.7   05:46  11.4   0.0  20.0   4.8  37.8   17:41   SSW
27   8.0  10.7   11:57   6.9   09:00  10.3   0.0   1.2   2.0  19.4   04:05    SW
28   7.8  10.0   13:16   6.5   06:56  10.5   0.0   0.6   3.3  28.1   01:08     S
29   9.3  12.8   14:00   6.5   01:27   9.0   0.0   0.0   1.9  24.5   08:08    SE
30  10.6  14.2   11:38   8.3   04:44   7.7   0.0   4.8   3.5  31.7   10:28    SE
31  11.1  14.8   13:07   9.1   05:50   7.2   0.0  12.6   2.0  23.4   22:40    SE
----------------------------------------------------------------------------------
     8.3  18.2    21     2.5     4   307.6   0.0 182.9   2.8  50.0     4     SSE

Max >=  40.0:  0
Max <=  25.0: 31
Min <=  16.0: 31
Min <=   5.0: 12
Max Rain: 36.9 on day 4
Days of Rain: 24 (>= 0.2 mm)  16 (>= 2.0 mm)  3 (>= 20.0 mm)
Heat Base: 18.3  Cool Base: 18.3  Method: Integration