crafers weather station

 Latitude S 34° 59' 22"    Longitude E 138° 43' 40"    Elevation 500 m

6.6 °C




  NOAA Style Reports for Crafers - commenced 28/12/2013.





Select a Year or Month report

Report for 2016 Jun
                   Monthly Climatological Summary for Jun 2016

Name: Crafers Weather   City: Adelaide   State: South Australia
Elevation: 500 m  Lat: S 34 59' 22"   Lon: E 138 43' 40"

                  Temperature (C), Rain (mm), Wind Speed (km/h)

                                      Heat  Cool        Avg
    Mean                              Deg   Deg         Wind                 Dom
Day Temp  High   Time   Low    Time   Days  Days  Rain  Speed High   Time    Dir
----------------------------------------------------------------------------------
 1  10.9  15.8   11:49   7.7   05:23   7.4   0.0   0.0   1.2   9.7   10:50   NNW
 2  10.2  15.1   11:30   7.6   03:34   8.1   0.0   0.1   1.1  11.2   12:01     N
 3   9.4  14.8   14:39   6.6   04:17   8.9   0.0   0.1   1.9  15.8   12:19    SE
 4  10.1  15.2   13:27   7.8   04:23   8.2   0.0   0.2   3.1  30.6   04:51   SSE
 5   9.5  11.2   14:54   8.3   09:20   8.8   0.0  17.5   6.0  45.4   00:42   WSW
 6   9.6  11.5   14:38   8.8   19:55   8.7   0.0   9.8   3.4  24.5   10:12   WSW
 7   9.7  13.4   14:39   8.0   19:59   8.6   0.0   4.1   2.0  25.6   07:26    SE
 8  10.7  12.4   15:19   8.8   01:31   7.6   0.0  15.8   6.8  39.2   12:03   ESE
 9   9.0  10.9   10:03   7.4   20:17   9.3   0.0   7.7   3.5  33.1   12:00   WSW
10   8.5  10.6   11:13   4.8   02:30   9.8   0.0  10.8   2.4  34.2   11:50    SW
11   7.9  13.7   13:39   5.3   05:39  10.4   0.0   0.7   1.3  19.4   11:21    SW
12   6.4  12.4   14:23   3.2   03:30  11.9   0.0   0.0   2.0  14.8   04:47    NE
13   9.5  13.4   08:58   5.7   18:05   8.8   0.0   0.0   3.3  28.1   02:05     E
14  11.8  19.0   13:38   8.5   05:15   6.5   0.0   0.0   1.7  12.2   09:52    NW
15  12.7  17.1   14:09  10.7   04:03   5.6   0.0   2.8   2.1  20.9   01:25   ENE
16  11.3  12.3   14:06  10.9   11:38   7.0   0.0  10.3   3.1  24.5   17:21   SSE
17   9.0  12.0   12:02   5.8   06:41   9.3   0.0   1.2   4.0  27.0   02:03   SSE
18   8.3  10.9   14:14   6.9   09:00  10.0   0.0   1.4   3.6  19.4   10:06    SE
19   7.7  10.8   14:33   5.6   20:19  10.6   0.0   1.3   1.6  18.4   12:13     S
20   8.3  10.0   13:57   7.1   04:01  10.0   0.0   6.1   4.3  25.6   00:11   ESE
21   8.5  10.1   15:54   7.2   03:55   9.8   0.0  20.0   5.1  34.2   13:19    SW
22   9.1  11.3   11:26   7.4   08:54   9.2   0.0  12.0   6.5  45.4   06:04   ESE
23   6.0   8.2   12:15   3.8   04:11  12.3   0.0  25.2   5.2  34.2   09:00   WSW
24   5.5   8.6   14:07   2.6   07:05  12.8   0.0   0.4   1.9  25.6   10:40   WSW
25   7.0   9.5   12:12   5.9   06:40  11.3   0.0   0.1   0.8  14.8   10:13     E
26   7.2  10.2   12:37   5.4   20:44  11.1   0.0   4.0   1.8  22.0   13:02    SE
27   8.3  11.9   13:28   5.8   18:52  10.0   0.0   0.0   1.9  17.3   00:21     S
28   8.2  11.6   13:22   5.7   20:33  10.1   0.0   0.0   2.7  20.9   04:48   ESE
29   7.7   8.6   14:28   6.7   02:32  10.6   0.0   4.3   7.9  37.8   22:25   ESE
30   7.1  10.1   13:57   6.0   17:30  11.2   0.0   6.2   3.0  37.8   09:10   WSW
----------------------------------------------------------------------------------
     8.8  19.0    14     2.6    24   283.9   0.0 162.1   3.2  45.4     5     SSE

Max >=  40.0:  0
Max <=  25.0: 30
Min <=  16.0: 30
Min <=   5.0:  4
Max Rain: 25.2 on day 23
Days of Rain: 21 (>= 0.2 mm)  15 (>= 2.0 mm)  2 (>= 20.0 mm)
Heat Base: 18.3  Cool Base: 18.3  Method: Integration