crafers weather station

 Latitude S 34° 59' 22"    Longitude E 138° 43' 40"    Elevation 500 m

6.0 °C




  NOAA Style Reports for Crafers - commenced 28/12/2013.






Report for 2016 Apr
                   Monthly Climatological Summary for Apr 2016

Name: Crafers Weather   City: Adelaide   State: South Australia
Elevation: 500 m  Lat: S 34 59' 22"   Lon: E 138 43' 40"

                  Temperature (C), Rain (mm), Wind Speed (km/h)

                                      Heat  Cool        Avg
    Mean                              Deg   Deg         Wind                 Dom
Day Temp  High   Time   Low    Time   Days  Days  Rain  Speed High   Time    Dir
----------------------------------------------------------------------------------
 1  18.4  24.7   16:26  13.7   06:29   1.4   1.5   0.0   3.4  30.6   14:16     S
 2  12.9  20.4   12:53   7.9   06:21   5.8   0.2   0.0   2.8  20.9   18:37   SSE
 3  12.7  20.5   07:30   8.4   04:21   5.8   0.1   0.0   2.3  20.9   10:06   ESE
 4  18.3  24.9   14:51  12.6   23:01   1.5   1.5   0.0   2.5  20.9   02:20   ESE
 5  17.4  26.7   13:24  10.2   05:25   2.7   1.8   5.4   2.5  25.6   04:37    SW
 6  11.0  18.2   13:18   7.6   23:21   7.3   0.0   0.0   1.6  17.3   12:06   SSW
 7  11.9  17.2   13:03   8.3   06:33   6.4   0.0   0.1   1.2  13.3   10:26   ENE
 8  12.7  18.4   13:37  10.2   03:55   5.6   0.0   0.0   0.9  12.2   09:40    SW
 9  14.5  19.9   13:27  11.8   19:58   3.9   0.1   0.3   1.2  17.3   13:29   WSW
10  14.1  18.8   12:35  11.0   23:40   4.2   0.0   1.0   1.9  17.3   12:26    SW
11  13.9  21.2   14:44  10.5   02:09   4.6   0.2   0.0   3.2  20.9   08:25     S
12  13.3  20.6   14:41   9.7   06:29   5.2   0.2   0.0   2.6  20.9   09:19    SE
13  13.9  21.9   14:45  10.5   23:10   4.7   0.3   0.0   1.9  13.3   10:50     E
14  17.8  24.0   08:59  14.2   04:40   1.7   1.2   0.0   1.7  14.8   11:10   NNW
15  17.1  25.6   12:40  11.7   23:47   3.2   2.0   0.0   1.8  17.3   13:51     S
16  11.5  16.5   10:37   7.5   06:42   6.8   0.0   0.5   4.7  27.0   08:49   SSE
17  11.7  17.4   14:03   8.2   20:34   6.6   0.0   0.0   2.9  24.5   10:03   ESE
18  16.6  22.7   13:55  13.4   01:47   2.4   0.7   0.0   1.7  17.3   13:15   NNE
19  21.2  26.7   13:29  17.8   22:30   0.0   3.0   0.0   2.3  22.0   04:23     N
20  18.4  26.3   13:03  14.4   06:38   1.7   1.9   0.3   2.9  24.5   14:54    SW
21  13.3  18.6   12:38  10.3   06:23   5.0   0.0   0.6   3.5  19.4   17:35     S
22  10.3  15.5   15:12   7.8   23:32   8.0   0.0   0.2   5.3  25.6   18:10   SSE
23  11.9  16.4   13:58   8.5   06:10   6.4   0.0   0.0   4.7  22.0   10:45    SE
24  16.8  23.7   15:15  13.5   09:00   2.3   0.8   0.0   2.2  18.4   11:00   NNE
25  19.5  25.6   14:27  16.0   19:05   0.7   1.9   0.0   2.7  19.4   10:50     E
26  21.6  26.6   14:04  17.1   19:03   0.1   3.4   0.0   4.7  33.1   02:47     E
27  19.0  24.3   13:50  13.2   06:20   1.5   2.3   0.1   3.2  35.6   13:25   ESE
28  18.0  23.7   13:41  13.3   07:06   1.5   1.2   6.2   3.1  40.3   23:52   ESE
29  14.6  18.3   14:44  12.1   07:06   3.7   0.0   0.1   2.6  17.3   13:34   ESE
30  15.4  22.6   13:48   8.0   07:14   3.9   1.0   6.0   6.1  39.2   21:05   SSW
----------------------------------------------------------------------------------
    15.3  26.7     5     7.5    16   114.6  25.3  20.8   2.8  40.3    28      SE

Max >=  40.0:  0
Max <=  25.0: 24
Min <=  16.0: 28
Min <=   5.0:  0
Max Rain: 6.2 on day 28
Days of Rain: 9 (>= 0.2 mm)  3 (>= 2.0 mm)  0 (>= 20.0 mm)
Heat Base: 18.3  Cool Base: 18.3  Method: Integration