crafers weather station

 Latitude S 34° 59' 22"    Longitude E 138° 43' 40"    Elevation 500 m

6.1 °C




  NOAA Style Reports for Crafers - commenced 28/12/2013.






Report for 2016 Mar
                   Monthly Climatological Summary for Mar 2016

Name: Crafers Weather   City: Adelaide   State: South Australia
Elevation: 500 m  Lat: S 34 59' 22"   Lon: E 138 43' 40"

                  Temperature (C), Rain (mm), Wind Speed (km/h)

                                      Heat  Cool        Avg
    Mean                              Deg   Deg         Wind                 Dom
Day Temp  High   Time   Low    Time   Days  Days  Rain  Speed High   Time    Dir
----------------------------------------------------------------------------------
 1  24.5  30.3   12:40  16.7   06:25   0.0   0.8   0.0   1.9  18.4   13:15   WNW
 2  20.6  33.2   14:41  13.1   03:05   0.9   1.1   0.0   2.6  17.3   20:05    SE
 3  19.2  29.1   14:42  13.6   23:42   0.5   0.1   0.0   2.3  17.3   16:41    SE
 4  21.9  33.5   15:10  13.3   07:10   0.6   1.2   0.0   1.7  14.8   13:33   ESE
 5  24.5  32.4   15:30  18.2   09:00   0.0   0.6   0.0   2.2  15.8   11:41     E
 6  22.6  35.8   13:15  16.8   04:25   0.0   1.1   8.5   2.1  18.4   12:48   SSE
 7  22.7  29.8   08:59  19.5   01:19   0.0   0.0   0.0   2.4  20.9   17:43     S
 8  27.3  36.4   15:02  19.8   02:50   0.0   2.9   0.0   2.6  15.8   11:57    SE
 9  20.7  26.1   16:28  17.5   23:15   0.0   0.0  18.5   1.6  17.3   09:57   ESE
10  20.2  24.4   14:54  17.7   02:26   0.0   0.0   1.1   0.6   8.6   16:34   ESE
11  20.9  27.4   15:14  15.3   03:19   0.1   0.0   0.1   1.7  14.8   15:22   SSE
12  19.1  25.2   14:09  15.1   02:09   0.1   0.0   0.0   2.1  18.4   16:47   ESE
13  20.3  31.5   14:05  13.5   07:48   0.8   0.6   0.0   3.0  18.4   07:04    SE
14  14.7  21.0   14:04  10.3   07:16   2.3   0.0   0.0   4.1  22.0   11:36    SE
15  19.0  25.3   16:27  12.7   09:00   0.1   0.0   0.0   2.6  19.4   10:01     E
16  24.3  31.5   15:33  19.4   00:50   0.0   0.7   0.0   1.8  18.4   17:14   ENE
17  20.2  31.7   13:38  10.0   06:19   1.4   0.9  12.9   3.9  42.8   04:02    SW
18  12.4  17.0   12:37   9.3   05:36   3.6   0.0   0.0   3.4  37.8   11:22   SSW
19  12.5  19.2   13:35   7.9   06:57   3.8   0.0   0.0   2.0  17.3   17:44     S
20  13.1  20.6   15:46   8.4   06:19   3.6   0.0   0.1   2.2  14.8   14:08    SE
21  16.2  22.7   16:27  11.7   23:17   1.4   0.0   0.0   2.4  14.8   11:19     E
22  21.2  26.7   16:37  17.8   08:38   0.0   0.0   0.0   1.9  15.8   13:37     N
23  16.6  21.9   13:43  13.3   06:41   1.0   0.0   0.0   1.6  19.4   13:46   SSW
25  11.5  15.7   18:13   9.3   01:40   3.9   0.0   0.0   1.3  11.2   09:39   SSW
26  13.9  18.1   15:03  11.1   07:33   4.3   0.0   0.0   2.6  15.8   08:40     S
27  12.2  17.9   15:17   9.2   06:54   6.1   0.0   0.0   3.1  17.3   13:57    SE
28  12.1  18.3   14:57   8.9   06:33   6.2   0.0   0.0   3.3  19.4   14:59    SE
29  11.9  17.7   13:33   7.4   04:08   6.4   0.0   0.0   2.8  22.0   13:49   SSE
30  12.5  15.7   14:25  10.0   05:40   5.8   0.0   0.0   1.2  13.3   15:34   WSW
31  16.2  20.7   14:44  12.8   21:18   2.5   0.4   0.0   2.4  20.9   12:42   ESE
----------------------------------------------------------------------------------
    17.4  36.4     8     7.4    29    35.2   0.4  41.2   2.5  42.8    17     SSE

Max >=  40.0:  0
Max <=  25.0:  7
Min <=  16.0:  7
Min <=   5.0:  0
Max Rain: 18.5 on day 9
Days of Rain: 4 (>= 0.2 mm)  3 (>= 2.0 mm)  0 (>= 20.0 mm)
Heat Base: 18.3  Cool Base: 18.3  Method: Integration