crafers weather station

 Latitude S 34° 59' 22"    Longitude E 138° 43' 40"    Elevation 500 m

6.6 °C




  NOAA Style Reports for Crafers - commenced 28/12/2013.





Select a Year or Month report

Report for 2016 Feb
                   Monthly Climatological Summary for Feb 2016

Name: Crafers Weather   City: Adelaide   State: South Australia
Elevation: 500 m  Lat: S 34 59' 22"   Lon: E 138 43' 40"

                  Temperature (C), Rain (mm), Wind Speed (km/h)

                                      Heat  Cool        Avg
    Mean                              Deg   Deg         Wind                 Dom
Day Temp  High   Time   Low    Time   Days  Days  Rain  Speed High   Time    Dir
----------------------------------------------------------------------------------
 1  23.3  30.6   16:40  16.4   08:11   0.0   0.4  15.0   3.3  23.4   04:45     E
 2  15.3  19.0   12:29  11.9   05:35   1.4   0.0  12.2   3.9  28.1   18:27     S
 3  14.0  18.2   15:29  11.9   01:53   2.2   0.0   0.1   7.4  39.2   02:29   SSE
 4  14.3  19.9   13:55  10.4   05:41   2.4   0.0   0.0   8.1  33.1   13:09   SSE
 5  18.2  25.4   08:52  11.7   09:00   0.8   0.0   0.0   3.3  22.0   15:48    SE
 6  22.6  32.4   14:09  14.0   03:07   0.2   1.1   0.0   2.3  18.4   17:52     S
 7  19.8  31.4   14:48  12.8   05:58   1.1   0.6   0.0   3.6  20.9   17:35   SSE
 8  16.7  24.2   14:31  12.1   06:35   1.3   0.0   0.1   3.4  22.0   14:10   SSE
 9  21.5  33.9   15:32  14.5   00:11   0.2   0.8   0.0   2.5  15.8   14:11   ESE
12  20.5  29.7   14:58  12.7   00:46   0.7   0.2   0.0  ----  25.6   15:32    SE
13  18.1  27.0   13:31   0.0   09:52   1.3   0.0   0.1   2.4  19.4   13:56   SSW
14  15.7  21.6   14:55  11.1   02:52   1.7   0.0   0.0   2.2  19.4   14:12   SSW
15  15.1  20.5   14:41  11.8   05:39   1.7   0.0   0.7   2.8  20.9   11:59   SSW
16  13.5  20.5   14:02  10.1   06:33   3.2   0.0   0.0   5.9  28.1   17:54   SSE
17  15.1  22.6   15:03  12.1   09:00   1.9   0.0   0.0   3.4  23.4   18:57   SSE
18  18.1  26.1   15:12  12.1   06:32   0.9   0.0   0.0   2.5  13.3   13:14     S
19  13.5  19.9   14:35   8.4   06:12   3.1   0.0   0.0   3.7  20.9   19:24   SSE
20  15.0  21.6   15:04  10.8   00:13   2.2   0.0   0.0   3.4  27.0   09:43   ESE
21  24.6  32.4   16:21  19.8   09:00   0.0   0.9   0.0   2.3  18.4   12:35    NE
22  28.8  35.3   16:22  24.7   00:44   0.0   2.3   0.0   2.0  15.8   10:43     N
23  25.5  34.8   11:52  18.8   06:59   0.0   1.7   0.1   2.0  28.1   15:55   WSW
24  19.9  25.0   13:33  16.6   06:09   0.0   0.0   0.7   1.9  15.8   03:30    SW
25  16.1  23.0   14:01  11.1   05:57   1.6   0.0   0.0   2.6  29.5   11:58    SW
26  16.4  24.3   14:20  11.7   01:13   1.7   0.0   0.0   3.4  20.9   20:46     S
27  17.0  26.6   15:14  11.5   07:07   1.5   0.0   0.0   2.8  15.8   15:26   SSE
28  16.6  25.9   14:17  11.9   07:06   1.8   0.0   0.0   2.8  22.0   16:45    SE
29  21.8  30.1   14:41  16.8   09:00   0.0   0.3   0.0   2.3  17.3   12:17    NW
----------------------------------------------------------------------------------
    18.4  35.3    22     0.0    13    32.9   8.3  29.0   3.3  39.2     3     SSE

Max >=  40.0:  0
Max <=  25.0: 13
Min <=  16.0: 21
Min <=   5.0:  1
Max Rain: 15.0 on day 1
Days of Rain: 4 (>= 0.2 mm)  2 (>= 2.0 mm)  0 (>= 20.0 mm)
Heat Base: 16.0  Cool Base: 27.0  Method: Integration