crafers weather station

 Latitude S 34° 59' 22"    Longitude E 138° 43' 40"    Elevation 500 m

7.5 °C




  NOAA Style Reports for Crafers - commenced 28/12/2013.






Report for 2016 Jan
                   Monthly Climatological Summary for Jan 2016

Name: Crafers Weather   City: Adelaide   State: South Australia
Elevation: 500 m  Lat: S 34 59' 22"   Lon: E 138 43' 40"

                  Temperature (C), Rain (mm), Wind Speed (km/h)

                                      Heat  Cool        Avg
    Mean                              Deg   Deg         Wind                 Dom
Day Temp  High   Time   Low    Time   Days  Days  Rain  Speed High   Time    Dir
----------------------------------------------------------------------------------
 1  19.4  31.0   13:08  12.6   06:20   1.2   0.6   0.0   5.5  23.4   02:15   SSE
 2  16.2  22.0   14:28  13.2   04:07   1.2   0.0   0.0   6.6  29.5   13:26   SSE
 3  17.8  25.4   16:30  14.1   03:08   0.5   0.0   0.0   4.1  20.9   16:30   SSE
 4  20.7  28.3   15:30  14.5   23:23   0.2   0.0   0.0   4.0  24.5   16:05   SSE
 5  20.4  29.2   15:14  12.8   03:58   0.9   0.3   0.0   3.2  24.5   16:33   SSW
 6  17.8  25.5   13:17  13.3   06:33   0.9   0.0   0.0   5.6  33.1   18:41   SSE
 7  16.6  26.4   14:29  11.3   01:37   2.1   0.0   0.0   5.1  24.5   10:13   SSE
 8  18.4  27.8   15:12  11.5   01:45   1.0   0.0   0.0   2.8  18.4   10:30   ESE
 9  24.8  33.0   16:27  18.9   02:27   0.0   1.3   0.0   2.4  18.4   13:03     E
10  27.8  34.5   16:35  22.9   05:34   0.0   1.9   0.0   2.2  19.4   16:03   SSE
11  23.7  33.5   16:35  16.5   03:39   0.0   1.1   0.4   2.0  19.4   17:59   SSE
12  30.4  36.2   14:39  23.8   22:52   0.0   2.6   0.0   3.3  18.4   17:11    SE
13  20.3  33.1   11:25  15.0   11:03   1.0   1.0   0.0   4.8  30.6   19:04   SSW
14  13.1  19.9   13:37   8.5   06:27   3.3   0.0   0.0   7.0  45.4   20:23   SSE
15  14.3  21.6   14:51   9.4   06:03   2.8   0.0   0.0   5.0  33.1   18:34    SE
16  19.2  27.4   14:52  13.0   01:48   0.5   0.0   0.0   2.8  20.9   14:27    SE
17  25.5  32.7   15:41  19.5   04:20   0.0   1.5   0.0   2.6  19.4   14:30     W
18  26.0  35.1   14:56  18.6   00:24   0.0   2.5   0.0   3.1  25.6   15:07     W
19  27.0  33.7   11:41  19.0   04:27   0.0   2.0   1.5   2.9  27.0   15:27   SSE
20  23.3  31.0   14:19  17.6   00:11   0.0   0.7   0.0   2.5  24.5   17:43   WSW
21  25.1  32.5   13:55  18.3   04:49   0.0   1.4   9.5   2.3  22.0   01:28   SSE
22  19.4  26.9   12:55  14.3   07:36   0.4   0.0  11.0   3.6  24.5   16:06     S
23  16.2  22.6   16:41  13.0   06:01   1.3   0.0   0.1   4.1  20.9   00:28   SSE
24  16.8  24.3   14:38  13.4   22:22   1.2   0.0   0.0   4.6  24.5   16:06   SSE
25  17.0  26.3   15:38  11.5   06:12   1.6   0.0   0.1   3.5  20.9   10:19    SE
26  22.1  30.1   14:49  17.5   09:00   0.0   0.3   0.0   2.3  18.4   17:31   ESE
27  21.3  30.6   15:24  13.8   02:33   0.6   0.7   0.0   3.4  23.4   15:25    SW
28  13.8  20.5   13:05   8.4   06:29   2.8   0.0  11.2   3.1  28.1   17:02   WSW
29  11.5  15.2   12:29  10.0   04:47   4.5   0.0  33.9   5.0  46.4   16:28     S
30  15.1  22.1   16:31  10.9   04:06   2.2   0.0   0.1   2.7  36.7   12:19     S
31  17.2  23.1   15:31  12.8   04:06   0.9   0.0   0.0   2.4  20.9   15:06   SSW
----------------------------------------------------------------------------------
    19.9  36.2    12     8.4    28    31.1  17.9  67.8   3.7  46.4    29     SSE

Max >=  40.0:  0
Max <=  25.0:  9
Min <=  16.0: 21
Min <=   5.0:  0
Max Rain: 33.9 on day 29
Days of Rain: 6 (>= 0.2 mm)  4 (>= 2.0 mm)  1 (>= 20.0 mm)
Heat Base: 16.0  Cool Base: 27.0  Method: Integration