crafers weather station

 Latitude S 34° 59' 22"    Longitude E 138° 43' 40"    Elevation 500 m

6.0 °C




  NOAA Style Reports for Crafers - commenced 28/12/2013.






Report for 2015 Dec
                   Monthly Climatological Summary for Dec 2015

Name: Crafers Weather   City: Adelaide   State: South Australia
Elevation: 500 m  Lat: S 34 59' 22"   Lon: E 138 43' 40"

                  Temperature (C), Rain (mm), Wind Speed (km/h)

                                      Heat  Cool        Avg
    Mean                              Deg   Deg         Wind                 Dom
Day Temp  High   Time   Low    Time   Days  Days  Rain  Speed High   Time    Dir
----------------------------------------------------------------------------------
 1   9.3  13.6   09:49   5.4   02:10   6.7   0.0   4.4   3.0  25.6   17:05    SW
 2  11.8  18.6   16:29   6.8   05:39   4.5   0.0   0.0   3.1  22.0   13:07     S
 3  18.7  26.1   15:43  12.6   22:38   0.8   0.0   0.0   2.7  15.8   12:45   SSE
 4  24.9  33.0   15:45  18.6   23:32   0.0   1.2   0.0   2.7  17.3   09:41     E
 5  29.6  37.0   16:01  23.3   02:08   0.0   3.7   0.0   2.7  19.4   12:36    SW
 6  30.2  39.4   15:29  25.3   07:27   0.0   3.4   0.0   4.3  27.0   04:01    SE
 7  24.0  34.8   15:27  14.8   05:56   0.1   1.8   7.7   3.1  25.6   23:05   SSW
 8  16.3  20.7   13:51  13.2   05:04   1.1   0.0   1.5   4.2  37.8   12:09    SW
14  18.1  18.1   09:03  18.0   09:00   0.0   0.0   0.0   1.2  18.4   09:13     S
15  24.1  30.3   13:02  19.9   04:44   0.0   0.4   1.3   2.2  19.4   13:56   ESE
16  28.8  37.2   14:59  22.0   03:45   0.0   3.3   0.0   2.7  18.4   12:43   SSE
17  27.3  37.5   17:23   0.0   17:20   0.0   0.6   0.0   1.7  13.3   17:37    NW
18  31.6  38.6   16:15  25.7   21:54   0.0   4.7   0.0   2.8  24.5   14:05    SE
19  28.9  37.6   13:27  17.0   08:46   0.0   3.4   3.3   3.8  27.0   05:56    SW
20  14.6  20.6   12:57  10.4   04:37   2.3   0.0   2.7   4.1  23.4   08:13     S
21  14.0  18.8   16:46   9.7   05:44   2.4   0.0   0.1   3.8  24.5   13:57    SE
22  17.7  27.6   16:26  10.6   03:40   1.9   0.0   0.0   3.2  19.4   15:26    SE
23  21.4  30.9   15:30  13.9   00:44   0.2   0.4   0.0   3.3  19.4   16:46    SE
24  28.7  35.6   15:11  24.2   01:48   0.0   2.6   0.0   2.9  18.4   08:34     E
25  20.8  32.4   10:36   9.8   05:58   1.9   1.6   1.5   4.4  31.7   10:41     S
26  12.7  20.4   14:32   7.0   05:59   3.9   0.0   0.0   5.2  27.0   15:40     S
27  14.6  22.1   15:41   9.4   05:23   2.6   0.0   0.0   4.0  20.9   17:21    SE
28  18.6  27.7   14:49  11.6   01:12   1.3   0.0   0.0   2.9  20.9   18:04    SE
29  24.9  32.8   16:23  18.6   02:25   0.0   1.3   0.0   3.1  18.4   14:52   ESE
30  28.1  34.7   15:43  21.7   06:12   0.0   2.4   0.0   2.3  15.8   13:31     W
31  27.8  37.5   14:49  17.0   07:23   0.0   3.3   0.0   2.6  23.4   11:52   SSW
----------------------------------------------------------------------------------
    21.8  39.4     6     0.0    17    29.7  34.1  22.5   3.2  37.8     8     SSE

Max >=  40.0:  0
Max <=  25.0:  8
Min <=  16.0: 14
Min <=   5.0:  1
Max Rain: 7.7 on day 7
Days of Rain: 7 (>= 0.2 mm)  4 (>= 2.0 mm)  0 (>= 20.0 mm)
Heat Base: 16.0  Cool Base: 27.0  Method: Integration