crafers weather station

 Latitude S 34° 59' 22"    Longitude E 138° 43' 40"    Elevation 500 m

7.2 °C




  NOAA Style Reports for Crafers - commenced 28/12/2013.






Report for 2015 Nov
                   Monthly Climatological Summary for Nov 2015

Name: Crafers Weather   City: Adelaide   State: South Australia
Elevation: 500 m  Lat: S 34 59' 22"   Lon: E 138 43' 40"

                  Temperature (C), Rain (mm), Wind Speed (km/h)

                                      Heat  Cool        Avg
    Mean                              Deg   Deg         Wind                 Dom
Day Temp  High   Time   Low    Time   Days  Days  Rain  Speed High   Time    Dir
----------------------------------------------------------------------------------
 1  16.5  23.3   13:46  12.0   06:12   1.5   0.0   0.3   1.8  18.4   13:25    SW
 2  13.9  19.7   14:27  10.7   04:44   2.8   0.0   0.0   2.2  20.9   13:37    SE
 3  17.3  23.1   15:51  11.5   09:00   0.5   0.0   9.4   4.2  27.0   04:59     E
 4  16.4  23.1   14:47  12.2   06:18   1.1   0.0   4.1   2.6  27.0   10:46     S
 5  13.7  17.7   13:46  11.1   06:50   2.4   0.0   1.2   2.7  19.4   13:22    SW
 6  12.4  20.9   16:25   8.1   00:21   4.2   0.0   0.1   1.7  14.8   12:33     S
 7  20.6  27.6   15:58  12.0   09:00   0.1   0.0   0.0   1.9  11.2   12:14   ESE
 8  25.9  32.3   14:30  20.4   04:21   0.0   1.3   0.0   2.3  14.8   13:49    NW
 9  22.3  31.8   12:11  13.0   07:38   0.4   1.3   0.0   2.8  19.4   00:36    SE
10  13.6  20.7   13:15   9.1   06:14   2.9   0.0   0.0   4.2  19.4   00:54    SE
11  16.1  21.8   15:03  11.1   09:00   1.4   0.0   0.0   1.8  14.8   09:45   ESE
12  14.7  23.8   11:57   8.5   05:28   3.4   0.0   0.0   4.3  22.0   08:52     S
13  11.5  17.4   14:33   6.9   04:23   4.6   0.0   0.0   5.7  31.7   10:36     S
14  12.5  17.9   11:02   8.4   06:15   3.7   0.0   0.0   5.8  28.1   23:22   SSE
15  14.2  20.8   08:46   8.7   00:49   2.8   0.0   0.0   3.1  22.0   14:36    SE
16  20.6  26.5   15:39  15.7   04:29   0.0   0.0   0.0   2.2  17.3   11:00   WSW
17  27.5  31.2   16:00  18.7   21:55   0.0   0.9   0.0   3.4  20.9   14:36     S
18  22.9  28.6   08:01   0.0   19:37   0.0   0.1   0.3   1.6  22.0   23:12     W
19  21.4  31.4   13:53  12.4   06:11   0.4   0.8   0.0   2.8  20.9   17:40   SSE
20  13.6  19.3   12:05   9.7   04:46   2.9   0.0   0.0   3.8  28.1   15:11   SSW
21  11.7  19.5   14:29   6.6   03:43   4.7   0.0   0.0   3.7  28.1   18:48     S
22  13.2  20.1   13:39   8.8   23:14   3.5   0.0   0.0   2.6  24.5   16:49   SSW
23  13.8  21.0   14:23   8.3   03:07   3.1   0.0   0.0   2.1  18.4   09:43   SSW
24  20.1  25.5   08:58  15.7   21:35   0.0   0.0   0.0   2.8  22.0   08:10   ESE
25  18.5  30.5   11:38   6.7   06:01   1.6   0.3   2.8   5.7  34.2   10:00     S
26  10.4  16.9   13:35   5.5   02:53   5.6   0.0   0.0   3.1  28.1   13:26   SSW
27  12.3  18.3   15:25   7.5   05:34   3.8   0.0   0.0   2.4  24.5   16:40   SSW
28  14.2  21.0   14:14   8.6   05:35   2.9   0.0   0.0   2.3  27.0   13:24   SSW
29  19.1  25.9   08:45  13.9   22:53   0.2   0.0   0.2   2.5  18.4   08:53     E
30  17.7  30.7   10:57  10.4   06:03   1.9   0.3   0.0   5.0  35.6   11:40    SW
----------------------------------------------------------------------------------
    16.6  32.3     8     0.0    18    62.4   5.0  18.4   3.1  35.6    30       S

Max >=  40.0:  0
Max <=  25.0: 19
Min <=  16.0: 28
Min <=   5.0:  1
Max Rain: 9.4 on day 3
Days of Rain: 7 (>= 0.2 mm)  3 (>= 2.0 mm)  0 (>= 20.0 mm)
Heat Base: 16.0  Cool Base: 27.0  Method: Integration