crafers weather station

 Latitude S 34° 59' 22"    Longitude E 138° 43' 40"    Elevation 500 m

6.6 °C




  NOAA Style Reports for Crafers - commenced 28/12/2013.





Select a Year or Month report

Report for 2015 Aug
                   Monthly Climatological Summary for Aug 2015

Name: Crafers Weather   City: Adelaide   State: South Australia
Elevation: 500 m  Lat: S 34 59' 22"   Lon: E 138 43' 40"

                  Temperature (C), Rain (mm), Wind Speed (km/h)

                                      Heat  Cool        Avg
    Mean                              Deg   Deg         Wind                 Dom
Day Temp  High   Time   Low    Time   Days  Days  Rain  Speed High   Time    Dir
----------------------------------------------------------------------------------
 1   6.0   7.7   09:04   4.6   23:29   9.9   0.0   6.0   1.5  17.3   08:44   SSW
 2   7.6   8.9   14:54   6.2   09:00   8.4   0.0   4.3   5.5  34.2   08:21   WSW
 3   5.9  10.4   13:42   3.7   21:54  10.1   0.0   1.3   1.8  22.0   13:24   WSW
 4   7.0   8.3   13:07   6.0   09:00   9.0   0.0  10.8   4.0  28.1   22:37   WSW
 5   6.7   9.1   14:11   5.7   19:43   9.3   0.0   3.7   2.9  20.9   14:13    SW
 6   6.9   9.4   13:42   5.2   01:51   9.1   0.0   0.6   0.7  18.4   11:35    SW
 7   5.9   9.7   08:58   3.7   05:10  10.1   0.0   0.1   0.9  12.2   08:40    NW
 8   8.7  12.6   13:15   5.6   20:58   7.3   0.0   0.0   2.2  19.4   08:21     E
 9  10.7  15.8   13:59   7.5   08:48   5.3   0.0   2.3   5.9  31.7   06:50   ESE
10   7.4  10.1   15:05   5.6   06:01   8.6   0.0   0.7   6.9  33.1   09:41     S
11   6.6  11.4   11:06   4.4   01:42   9.4   0.0  13.4   5.6  30.6   14:41    SE
12   7.6  10.7   13:48   5.8   20:49   8.3   0.0   9.1   4.1  37.8   12:02   WSW
13   9.1  10.2   15:37   8.1   04:29   6.9   0.0   8.0   3.2  19.4   07:39   SSW
14   9.0  10.6   14:23   7.1   00:30   7.0   0.0   2.0   0.9  24.5   13:05    SW
15   8.5  10.8   08:57   5.6   05:25   7.5   0.0   0.1   0.8   7.2   13:51   NNW
16   9.7  13.8   13:45   7.7   21:18   6.3   0.0   0.1   2.4  14.8   14:42   WSW
17   7.5  11.9   12:17   4.8   06:26   8.5   0.0   1.6   1.6  20.9   11:54    SW
18   6.8  10.1   15:22   4.3   02:05   9.2   0.0   0.0   1.3  11.2   11:59    NW
19  12.8  17.1   08:45   7.8   09:00   3.2   0.0   0.3   3.0  39.2   08:38     E
20  14.3  19.2   12:44  10.1   05:08   2.1   0.0   5.5   5.3  29.5   20:00   ESE
21  11.5  16.0   13:56   9.2   05:48   4.5   0.0   1.0   4.5  36.7   15:56   SSW
22   8.8  13.1   16:09   6.2   00:24   7.2   0.0   0.2   1.4  17.3   15:23   ESE
23   7.8  12.2   12:10   4.9   05:40   8.2   0.0   0.0   7.9  30.6   23:29   SSE
24   6.4   9.9   14:24   4.8   06:45   9.6   0.0   0.0  10.4  49.0   13:10   SSE
25   7.2  11.3   13:32   5.1   02:09   8.8   0.0   0.0   4.4  33.1   12:44   SSE
26   6.9  12.6   11:42   4.5   22:57   9.1   0.0   0.2   1.4  13.3   10:22    SW
27   7.7  11.4   11:03   5.9   23:19   8.3   0.0   2.1   3.8  20.9   15:33     S
28   6.4   9.7   13:08   4.2   20:05   9.5   0.0   0.5   1.7  14.8   16:17   SSE
29   5.7  11.0   12:57   2.5   06:45  10.3   0.0   0.1   2.0  15.8   16:24   ESE
30   8.1  14.7   14:26   4.4   02:10   7.9   0.0   0.0   2.0  14.8   09:37     N
31  11.6  16.5   14:51   7.5   03:30   4.4   0.0   0.5   2.0  17.3   12:52   NNE
----------------------------------------------------------------------------------
     8.2  19.2    20     2.5    29   243.3   0.0  74.5   3.3  49.0    24       S

Max >=  40.0:  0
Max <=  25.0: 31
Min <=  16.0: 31
Min <=   5.0: 12
Max Rain: 13.4 on day 11
Days of Rain: 21 (>= 0.2 mm)  11 (>= 2.0 mm)  0 (>= 20.0 mm)
Heat Base: 16.0  Cool Base: 27.0  Method: Integration