crafers weather station

 Latitude S 34° 59' 22"    Longitude E 138° 43' 40"    Elevation 500 m

8.4 °C




  NOAA Style Reports for Crafers - commenced 28/12/2013.





Select a Year or Month report

Report for 2015 Mar
                   Monthly Climatological Summary for Mar 2015

Name: Crafers Weather   City: Adelaide   State: South Australia
Elevation: 500 m  Lat: S 34 59' 22"   Lon: E 138 43' 40"

                  Temperature (C), Rain (mm), Wind Speed (km/h)

                                      Heat  Cool        Avg
    Mean                              Deg   Deg         Wind                 Dom
Day Temp  High   Time   Low    Time   Days  Days  Rain  Speed High   Time    Dir
----------------------------------------------------------------------------------
 1  14.8  21.4   12:54  10.2   04:52   2.5   0.0   0.0   4.2  27.0   12:07   SSE
 2  18.0  26.8   14:24  11.2   06:59   1.2   0.0   0.0   2.0  13.3   09:51   SSE
 3  15.8  25.1   14:35   9.7   07:21   2.4   0.0   0.0   2.7  20.9   16:55    SE
 4  16.2  20.8   16:06  10.8   07:23   0.8   0.0   1.0   4.6  27.0   16:44    SW
 5  13.8  21.7   16:08   9.1   01:19   3.2   0.0   0.0   3.7  30.6   09:57     S
 6  15.4  21.8   16:40  11.8   22:52   1.9   0.0   0.0   2.5  24.5   09:57   SSW
 7  16.5  22.1   15:13  13.6   23:05   1.0   0.0   0.0   1.9  22.0   13:32    SW
 8  16.4  21.2   14:43  13.8   04:59   0.9   0.0   1.3   2.6  28.1   14:44    SW
 9  14.3  21.7   14:04  10.1   03:39   2.5   0.0   4.2   1.4  19.4   14:03     S
10  15.6  23.9   16:05  10.4   07:00   2.3   0.0   0.0   1.7  17.3   14:31    SE
11  16.7  25.1   14:44  11.9   05:37   1.4   0.0   0.0   2.3  19.4   14:54   SSW
12  13.9  22.7   14:32   8.0   07:18   3.4   0.0   0.0   4.4  25.6   17:58   SSE
13  16.8  25.6   15:53  11.9   09:00   1.4   0.0   0.0   2.2  18.4   10:15   ESE
14  18.5  27.5   15:39  11.3   08:55   1.1   0.0   0.2   3.6  23.4   12:22     S
15  15.0  21.1   15:13  10.7   09:48   1.8   0.0   0.0   3.3  20.9   10:06   ESE
16  23.3  31.0   15:31  16.7   05:58   0.0   0.4   0.0   2.9  20.9   14:52     E
17  16.9  20.8   11:40  14.6   07:03   0.3   0.0   5.0   4.9  25.6   11:57    SW
18  21.4  25.2   07:01  15.2   09:00   0.0   0.0   0.0   4.0  23.4   06:35    SE
19  17.6  26.5   11:44  10.7   07:19   1.4   0.0   0.0   2.9  25.6   09:27   WSW
20  12.5  20.0   15:01   7.6   07:22   4.0   0.0   0.0   2.8  22.0   15:12   SSE
21  15.0  23.1   16:49  10.3   23:44   2.4   0.0   0.0   3.0  19.4   11:09     E
22  22.4  28.5   15:44  15.1   07:15   0.1   0.1   1.2   3.8  30.6   05:00    SE
23  12.0  19.5   13:15   8.4   04:45   4.3   0.0   3.2   3.2  29.5   17:21   SSW
24  10.1  14.4   13:52   7.3   23:37   5.9   0.0   0.0   2.0  22.0   15:47     S
25  10.5  16.4   14:21   7.1   07:15   5.5   0.0   2.5   3.7  30.6   15:31    SW
26  11.0  14.9   15:29   8.8   00:32   5.0   0.0   0.1   2.8  27.0   10:06    SW
27  11.2  16.0   12:53   8.0   06:49   4.8   0.0   0.0   1.6  18.4   11:16     S
28  14.8  20.2   13:42   9.8   09:00   2.0   0.0   0.0   1.8  23.4   14:03   ENE
29  16.1  21.9   16:04  11.1   07:24   1.5   0.0   0.0   1.2  13.3   13:18   SSW
30  17.5  25.8   14:28  12.5   06:15   1.1   0.0   0.0   2.0  13.3   12:13     W
31  22.7  29.8   15:41  17.2   09:00   0.0   0.3   0.0   2.4  19.4   08:16   ENE
----------------------------------------------------------------------------------
    15.9  31.0    16     7.1    25    66.1   0.8  18.7   2.8  30.6     5       S

Max >=  40.0:  0
Max <=  25.0: 20
Min <=  16.0: 29
Min <=   5.0:  0
Max Rain: 5.0 on day 17
Days of Rain: 8 (>= 0.2 mm)  4 (>= 2.0 mm)  0 (>= 20.0 mm)
Heat Base: 16.0  Cool Base: 27.0  Method: Integration