crafers weather station

 Latitude S 34° 59' 22"    Longitude E 138° 43' 40"    Elevation 500 m

8.5 °C




  NOAA Style Reports for Crafers - commenced 28/12/2013.





Select a Year or Month report

Report for 2015 Feb
                   Monthly Climatological Summary for Feb 2015

Name: Crafers Weather   City: Adelaide   State: South Australia
Elevation: 500 m  Lat: S 34 59' 22"   Lon: E 138 43' 40"

                  Temperature (C), Rain (mm), Wind Speed (km/h)

                                      Heat  Cool        Avg
    Mean                              Deg   Deg         Wind                 Dom
Day Temp  High   Time   Low    Time   Days  Days  Rain  Speed High   Time    Dir
----------------------------------------------------------------------------------
 1  12.6  16.9   13:05  10.0   06:58   3.4   0.0   0.4   8.0  34.2   18:45     S
 2  13.7  19.6   15:00  10.2   07:38   2.9   0.0   0.0   7.8  36.7   21:59   SSE
 3  14.9  24.2   15:16  10.3   05:13   2.8   0.0   0.0   5.9  25.6   18:06   SSE
 4  13.2  21.8   15:11   7.5   06:12   3.6   0.0   0.0   5.2  25.6   12:36   SSE
 5  19.3  27.2   16:40  12.3   09:00   0.3   0.0   0.0   2.9  20.9   09:28     E
 6  27.6  35.7   16:45  21.0   06:43   0.0   2.4   0.0   2.3  28.1   18:21     E
 7  24.4  35.1   13:52  12.9   07:21   0.5   2.6   0.0   2.7  22.0   13:12     S
 8  17.0  26.6   13:50  11.3   07:35   1.7   0.0   0.0   4.2  18.4   17:39    SE
 9  19.6  31.6   15:48  12.0   02:39   0.9   0.5   0.0   2.5  15.8   14:15   ESE
10  25.0  34.5   15:22  19.3   21:53   0.0   1.4   0.0   2.6  18.4   14:05   SSE
11  20.6  34.6   11:56  13.7   06:21   0.8   1.2   0.0   3.8  23.4   04:02   SSE
12  24.5  31.7   14:07  14.4   09:00   0.0   0.7   0.0   2.9  15.8   11:53     E
13  25.6  30.9   15:24  21.7   00:36   0.0   0.5   0.0   1.9  18.4   17:16     E
14  30.0  37.8   15:43  26.1   09:00   0.0   3.1   0.0   2.8  27.0   08:48   ESE
15  22.3  36.5   13:34  13.6   06:06   0.7   2.3   0.0   3.7  23.4   09:09     S
16  16.4  25.8   14:49  12.0   01:13   1.8   0.0   0.0   4.5  25.6   17:31   SSE
17  16.5  27.4   14:42  11.6   07:34   1.8   0.0   0.0   4.7  22.0   23:24    SE
18  19.7  26.8   16:27  12.6   09:00   0.3   0.0   0.0   2.9  22.0   15:34   ESE
19  26.4  34.6   15:09  20.3   05:35   0.0   2.0   0.0   2.2  23.4   14:33   WSW
20  26.8  35.0   14:02  21.8   22:57   0.0   1.8   0.0   2.3  15.8   10:15   ESE
21  28.8  36.1   12:53  22.4   07:07   0.0   3.0   0.0   2.5  22.0   10:36   SSE
22  27.3  36.6   16:28  15.6   07:21   0.0   3.2   0.0   3.1  27.0   08:53     S
23  14.3  22.3   13:49   8.9   06:47   3.0   0.0   0.0   8.2  36.7   15:01   SSE
24  13.6  20.9   14:32   8.3   06:18   3.3   0.0   0.0   4.6  30.6   10:12   SSE
25  19.1  27.8   15:23  13.7   09:00   0.4   0.0   0.0   1.7  13.3   15:01   SSW
26  22.7  31.9   15:26  15.5   06:55   0.0   0.8   0.0   1.9  18.4   16:12    SW
27  24.8  31.6   13:21  18.9   22:42   0.0   1.1   0.2   2.2  17.3   13:27   ESE
28  19.7  32.1   12:40  11.1   05:51   1.5   0.9   0.0   4.8  24.5   22:54   SSW
----------------------------------------------------------------------------------
    20.9  37.8    14     7.5     4    29.7  27.5   0.6   3.7  36.7     2     SSE

Max >=  40.0:  0
Max <=  25.0:  6
Min <=  16.0: 20
Min <=   5.0:  0
Max Rain: 0.4 on day 1
Days of Rain: 2 (>= 0.2 mm)  0 (>= 2.0 mm)  0 (>= 20.0 mm)
Heat Base: 16.0  Cool Base: 27.0  Method: Integration