crafers weather station

 Latitude S 34° 59' 22"    Longitude E 138° 43' 40"    Elevation 500 m

6.0 °C




  NOAA Style Reports for Crafers - commenced 28/12/2013.






Report for 2015 Jan
                   Monthly Climatological Summary for Jan 2015

Name: Crafers Weather   City: Adelaide   State: South Australia
Elevation: 500 m  Lat: S 34 59' 22"   Lon: E 138 43' 40"

                  Temperature (C), Rain (mm), Wind Speed (km/h)

                                      Heat  Cool        Avg
    Mean                              Deg   Deg         Wind                 Dom
Day Temp  High   Time   Low    Time   Days  Days  Rain  Speed High   Time    Dir
----------------------------------------------------------------------------------
 1  26.1  33.7   16:57  20.4   11:01   0.0   1.3   0.0   3.1  20.9   11:09   ESE
 2  32.1  40.5   16:45  25.0   22:40   0.0   5.4   0.0   3.2  25.6   12:37    NE
 3  22.6  35.8   11:23  13.5   06:39   0.5   1.8   0.0   4.9  27.0   14:49   SSE
 4  17.2  25.6   15:16  11.7   05:40   1.5   0.0   0.0   3.6  22.0   10:55    SE
 5  21.5  30.7   16:47  15.2   04:25   0.1   0.5   0.0   3.0  27.0   12:00    SE
 6  28.4  36.5   16:03  21.6   22:36   0.0   2.8   0.0   3.1  23.4   16:19    SE
 7  26.1  38.0   14:36  18.4   03:15   0.0   2.8  13.5   3.1  22.0   13:06   SSW
 8  18.5  23.9   13:19  14.4   06:21   0.4   0.0   3.2   2.4  15.8   06:52    SE
 9  12.4  15.1   10:59  10.1   08:00   3.6   0.0   6.6   4.9  25.6   02:13   SSE
10  12.6  13.8   01:37  10.3   09:00   3.4   0.0   3.1   6.8  29.5   02:29    SE
11  18.3  24.3   17:34  12.9   09:00   0.2   0.0   0.1   4.1  27.0   09:52    SE
12  21.1  26.6   12:02  15.6   08:44   0.0   0.0  29.6   4.1  30.6   00:31   ESE
13  14.4  16.3   13:28  12.5   06:07   1.7   0.0   7.3   4.3  35.6   10:21   WSW
14  14.9  20.6   16:12  11.1   02:39   1.9   0.0   0.1   2.8  23.4   09:02   SSW
15  14.5  20.9   15:34   9.8   06:00   2.5   0.0   0.0   2.0  19.4   08:30   SSW
16  17.1  22.5   14:48  13.5   06:29   0.8   0.0   0.0   3.6  24.5   13:03    SW
17  16.0  23.5   15:46  10.7   02:29   2.0   0.0   0.0   2.7  20.9   18:25   SSW
18  14.6  22.2   15:54   9.3   06:21   2.6   0.0   0.0   3.5  27.0   16:17    SE
19  22.7  29.5   17:21  16.0   09:00   0.0   0.2   0.0   3.1  18.4   09:20     E
20  19.6  30.3   14:13  14.5   06:50   0.4   0.2   0.2   3.4  24.5   15:26     S
21  16.8  25.6   17:18  12.6   06:01   1.3   0.0   0.0   3.2  19.4   10:33   SSE
22  23.1  32.6   14:06  14.1   05:51   0.2   1.1   0.0   2.1  18.4   08:12   SSE
23  17.2  26.1   16:00  11.2   02:43   1.8   0.0   0.0   2.6  23.4   14:36   SSW
24  15.7  22.2   14:39   9.1   06:25   1.9   0.0   0.0   3.8  24.5   00:26    SW
25  13.7  20.3   16:05   9.8   23:58   3.0   0.0   0.0   3.4  31.7   14:30   SSW
26  12.6  17.3   14:00   8.3   06:21   3.5   0.0   0.0   4.0  23.4   16:58   SSE
27  13.3  19.6   14:27   8.4   06:23   3.2   0.0   0.0   8.2  35.6   13:37   SSE
28  15.5  21.7   16:27  10.9   06:42   1.7   0.0   0.0   5.9  33.1   11:27   SSE
29  17.3  26.3   15:33  10.6   06:34   1.6   0.0   0.0   4.5  28.1   13:34    SE
30  15.7  24.9   15:24   9.5   04:36   2.5   0.0   0.0   4.9  20.9   08:51    SE
31  13.9  20.2   13:17  10.7   05:52   2.7   0.0   0.1   7.8  35.6   21:48   SSE
----------------------------------------------------------------------------------
    18.2  40.5     2     8.3    26    45.0  16.1  63.8   3.9  35.6    13     SSE

Max >=  40.0:  1
Max <=  25.0: 17
Min <=  16.0: 27
Min <=   5.0:  0
Max Rain: 29.6 on day 12
Days of Rain: 7 (>= 0.2 mm)  6 (>= 2.0 mm)  1 (>= 20.0 mm)
Heat Base: 16.0  Cool Base: 27.0  Method: Integration