crafers weather station

 Latitude S 34° 59' 22"    Longitude E 138° 43' 40"    Elevation 500 m

6.6 °C




  NOAA Style Reports for Crafers - commenced 28/12/2013.





Select a Year or Month report

Report for 2014 Sep
                   Monthly Climatological Summary for Sep 2014

Name: Crafers Weather   City: Adelaide   State: South Australia
Elevation: 500 m  Lat: S 34 59' 22"   Lon: E 138 43' 40"

                  Temperature (C), Rain (mm), Wind Speed (km/h)

                                      Heat  Cool        Avg
    Mean                              Deg   Deg         Wind                 Dom
Day Temp  High   Time   Low    Time   Days  Days  Rain  Speed High   Time    Dir
----------------------------------------------------------------------------------
 1   7.4  13.4   13:25   4.0   04:32   8.6   0.0   5.6   3.4  33.1   22:07   WSW
 2   7.3  13.0   14:21   3.9   06:17   8.7   0.0   0.1   2.4  22.0   14:33   SSW
 3   8.3  11.5   11:29   5.7   05:32   7.7   0.0   6.5   1.3  14.8   10:51   WNW
 4   7.8  11.8   11:24   5.4   05:23   8.2   0.0   0.1   1.7  17.3   08:51     E
 5  10.2  17.2   15:01   6.3   20:38   5.8   0.0   0.0   2.3  22.0   10:06     E
 6  13.6  19.8   13:47   9.7   06:12   3.1   0.0   0.0   3.1  23.4   23:14    NE
 7  16.2  20.5   13:58  13.9   19:38   0.8   0.0   0.0   5.2  35.6   14:08   ENE
 8  15.6  22.4   13:52   9.6   06:34   2.3   0.0   8.6   5.5  30.6   17:58   ESE
 9  10.8  17.8   13:53   8.3   16:36   5.3   0.0   6.6   5.9  40.3   17:55   SSW
10  10.7  13.0   13:14   9.1   05:54   5.3   0.0   3.7   4.9  31.7   01:14    SW
11   9.3  15.9   14:39   5.3   06:03   6.6   0.0   0.0   2.1  20.9   09:40   WSW
12   9.5  15.4   15:46   5.8   05:03   6.5   0.0   0.1   2.0  12.2   10:24   NNW
13  13.8  20.4   14:49   9.8   01:56   2.9   0.0   0.0   2.3  20.9   12:52     E
14  16.4  24.7   14:13   9.6   06:38   1.3   0.0   1.3   3.3  20.9   07:15    SE
15  10.0  15.0   13:01   8.2   02:16   6.0   0.0   3.0   4.4  36.7   12:56    SW
16   9.7  15.5   12:22   6.8   06:15   6.3   0.0   2.1   2.9  18.4   09:40   WSW
17   8.2  14.9   13:23   4.2   21:55   7.8   0.0   0.1   2.1  24.5   10:43    SW
18   7.2  11.2   12:14   4.2   04:01   8.8   0.0   0.0   1.9  15.8   08:39   SSE
19  10.4  17.5   14:31   5.8   03:58   5.7   0.0   0.0   2.2  17.3   10:31    NE
20  12.8  21.2   13:51   7.8   04:01   3.9   0.0   0.0   2.4  17.3   11:51    NE
21  14.7  22.2   14:59  10.2   22:36   2.7   0.0   0.0   2.6  14.8   08:27   NNE
22  17.9  24.7   14:19  13.0   05:55   0.6   0.0   0.0   2.5  19.4   11:33    NE
23  16.4  24.6   13:51  11.8   04:21   1.8   0.0   2.0   2.8  27.0   11:48   ENE
24  13.8  21.7   12:35   9.5   23:17   3.3   0.0   0.1   2.3  20.9   16:11   SSW
25  10.3  13.0   15:46   7.8   20:33   5.7   0.0   0.1   1.8  14.8   10:40    SW
26  13.3  19.5   08:59  10.5   19:55   2.9   0.0   0.0   2.4  20.9   08:14    SE
27  22.3  27.8   15:18  19.5   09:00   0.0   0.0   0.0   6.6  41.8   04:23   ESE
28  15.0  26.2   13:26  10.2   04:27   3.3   0.0   0.0   6.3  39.2   11:41    SW
29  13.5  18.8   14:00  10.4   04:39   2.9   0.0   0.0   5.2  37.8   06:39     S
30   9.9  16.0   09:53   5.2   05:45   6.1   0.0   2.7   4.4  46.4   12:14   WSW
----------------------------------------------------------------------------------
    12.1  27.8    27     3.9     2   140.9   0.0  42.7   3.3  46.4    30     SSE

Max >=  40.0:  0
Max <=  25.0: 28
Min <=  16.0: 29
Min <=   5.0:  4
Max Rain: 8.6 on day 8
Days of Rain: 10 (>= 0.2 mm)  9 (>= 2.0 mm)  0 (>= 20.0 mm)
Heat Base: 16.0  Cool Base: 27.0  Method: Integration