crafers weather station

 Latitude S 34° 59' 22"    Longitude E 138° 43' 40"    Elevation 500 m

6.6 °C




  NOAA Style Reports for Crafers - commenced 28/12/2013.





Select a Year or Month report

Report for 2014 Aug
                   Monthly Climatological Summary for Aug 2014

Name: Crafers Weather   City: Adelaide   State: South Australia
Elevation: 500 m  Lat: S 34 59' 22"   Lon: E 138 43' 40"

                  Temperature (C), Rain (mm), Wind Speed (km/h)

                                      Heat  Cool        Avg
    Mean                              Deg   Deg         Wind                 Dom
Day Temp  High   Time   Low    Time   Days  Days  Rain  Speed High   Time    Dir
----------------------------------------------------------------------------------
 1   4.3   7.9   15:47   2.4   00:46  11.7   0.0   2.5   2.2  35.6   11:55   WSW
 2   5.5  11.9   14:02   2.0   06:54  10.4   0.0   0.0   1.3  13.3   14:06    NW
 3   6.5  13.4   14:13   3.0   07:02   9.5   0.0   0.0   2.0  13.3   11:58   NNW
 4   7.8  13.8   14:27   4.1   21:18   8.2   0.0   0.0   1.5  11.2   13:46   WNW
 5   8.1  13.1   12:53   5.0   07:23   7.9   0.0   0.0   1.4  12.2   11:22     W
 6   9.2  13.9   13:14   6.9   18:09   6.8   0.0   0.0   1.4  18.4   12:03   ESE
 7   8.9  16.2   14:45   4.2   00:22   7.1   0.0   0.0   1.8  13.3   13:38   ENE
 8  11.0  15.9   12:59   7.6   20:36   5.0   0.0   0.0   2.4  19.4   06:18     S
 9  10.8  17.5   12:16   5.3   06:23   5.2   0.0   0.2   2.7  25.6   08:53   SSE
10   5.8  11.4   14:20   2.3   07:07  10.2   0.0   1.4   2.4  23.4   11:12     S
11   5.0   9.5   11:30   2.2   06:54  11.0   0.0   0.0   1.2  14.8   10:09    SE
12   6.0  10.4   14:25   3.8   06:02  10.0   0.0   0.0   7.4  33.1   05:27   SSE
13   7.5   9.9   13:33   5.6   09:00   8.4   0.0   0.0   8.0  40.3   10:42    SE
14   7.2  12.3   14:34   5.0   21:37   8.8   0.0   0.0   3.3  24.5   09:37   ESE
15   9.5  16.9   13:06   5.8   07:15   6.6   0.0   0.0   4.3  19.4   00:07   SSE
16   7.9  10.3   12:38   6.4   06:44   8.0   0.0   0.0   5.8  22.0   14:30   SSE
17   8.5  13.6   12:59   5.7   06:39   7.5   0.0   1.8   4.2  27.0   13:17     S
18   6.8  11.0   13:08   4.2   00:16   9.2   0.0   0.4   2.2  18.4   15:24     S
19   6.8  10.8   13:38   3.6   06:54   9.2   0.0   0.0   2.6  20.9   13:43   SSE
20   6.8  12.5   11:52   4.1   20:45   9.2   0.0   0.0   2.5  17.3   09:38     E
21  11.5  17.2   14:39   9.0   22:21   4.5   0.0   0.0   2.4  15.8   10:03   NNW
22  14.1  19.6   14:14  10.6   19:45   2.6   0.0   0.0   3.9  24.5   02:49     E
23   9.0  13.9   09:09   5.3   06:40   7.0   0.0   1.2   2.4  30.6   13:13   WSW
24   8.7  16.5   14:35   4.6   05:16   7.3   0.0   0.1   1.8  19.4   09:34   WSW
25   9.5  18.6   15:33   5.6   06:32   6.7   0.0   0.0   1.6  17.3   10:15   ESE
26  12.0  19.4   14:25   8.0   05:29   4.4   0.0   0.0   2.6  15.8   10:38   NNW
27  14.3  21.3   13:51  10.1   05:08   2.8   0.0   0.0   2.0  12.2   09:50   NNW
28  15.6  23.1   13:05  10.5   04:32   2.1   0.0   0.0   1.8  11.2   09:38   NNW
29  22.3  24.3   14:02  18.9   09:00   0.0   0.0   0.0   2.7  12.2   14:25    NE
30  14.6  23.1   09:01  11.0   20:49   1.6   0.0   0.0   2.6  24.5   08:05    SE
31  13.3  20.3   12:29   7.8   08:38   3.3   0.0  11.2   3.8  28.1   10:30   SSE
----------------------------------------------------------------------------------
     9.5  24.3    29     2.0     2   212.2   0.0  18.8   2.9  40.3    13     SSE

Max >=  40.0:  0
Max <=  25.0: 31
Min <=  16.0: 30
Min <=   5.0: 14
Max Rain: 11.2 on day 31
Days of Rain: 7 (>= 0.2 mm)  2 (>= 2.0 mm)  0 (>= 20.0 mm)
Heat Base: 16.0  Cool Base: 27.0  Method: Integration