crafers weather station

 Latitude S 34° 59' 22"    Longitude E 138° 43' 40"    Elevation 500 m

7.2 °C




  NOAA Style Reports for Crafers - commenced 28/12/2013.






Report for 2014 Jul
                   Monthly Climatological Summary for Jul 2014

Name: Crafers Weather   City: Adelaide   State: South Australia
Elevation: 500 m  Lat: S 34 59' 22"   Lon: E 138 43' 40"

                  Temperature (C), Rain (mm), Wind Speed (km/h)

                                      Heat  Cool        Avg
    Mean                              Deg   Deg         Wind                 Dom
Day Temp  High   Time   Low    Time   Days  Days  Rain  Speed High   Time    Dir
----------------------------------------------------------------------------------
 1   8.7  11.6   15:13   6.4   06:46   7.3   0.0   0.1   0.5   9.7   12:14    NW
 2   9.0  14.5   14:18   5.7   20:42   7.0   0.0   0.0   3.0  25.6   03:34   ESE
 3   9.4  12.7   13:42   7.5   02:01   6.6   0.0   1.0   7.2  37.8   23:17    SE
 4   8.0   9.5   13:16   6.8   23:14   8.0   0.0  13.4   4.8  29.5   12:25   WSW
 5   8.4  10.3   11:26   7.3   17:35   7.6   0.0  14.7   3.5  27.0   12:57   WSW
 6   7.9  12.8   13:13   4.3   22:09   8.1   0.0   0.0   2.3  23.4   06:07     S
 7  10.4  11.7   11:40   8.8   09:00   5.6   0.0   0.0   7.4  31.7   01:40   ESE
 8   8.3  12.9   15:06   5.1   08:04   7.7   0.0  33.0   6.5  31.7   21:58   ESE
 9   5.7   7.4   08:39   4.8   01:14  10.3   0.0  16.6   4.2  31.7   12:31   WSW
10   7.7  10.1   11:41   6.4   18:38   8.3   0.0   0.8   3.6  20.9   12:54     S
11   7.4   9.5   15:58   3.2   07:34   8.6   0.0  11.8   4.2  33.1   16:50   SSE
12   5.2   9.3   12:39   2.4   06:30  10.7   0.0   0.8   1.5  18.4   12:47     S
13   5.8  10.3   13:57   3.8   19:12  10.2   0.0   0.0   2.4  19.4   12:49   ENE
14   5.9   8.7   14:39   4.1   05:15  10.1   0.0   5.1   2.6  24.5   08:09     E
15   7.4   8.4   01:55   4.9   09:00   8.6   0.0   7.9   4.2  31.7   11:21   ESE
16   7.6  10.5   15:46   5.5   01:15   8.4   0.0  12.6   6.2  37.8   14:17     S
17   4.9   8.1   15:21   3.1   06:41  11.1   0.0  11.7   3.3  31.7   09:51   WSW
18   6.8  10.2   13:41   5.4   04:43   9.2   0.0   0.0   2.7  20.9   09:45   SSE
19   5.8  10.3   13:49   3.8   02:35  10.2   0.0   0.0   1.9  13.3   09:41     E
20   7.9  13.0   14:40   5.8   01:38   8.1   0.0   0.0   1.1  12.2   12:09   ENE
21   8.7  15.2   14:09   5.3   02:56   7.3   0.0   0.0   1.7  14.8   10:45   NNW
22  11.2  18.0   14:49   8.6   20:04   4.9   0.0   0.0   2.2  13.3   11:40   NNW
23   8.6  13.4   11:37   6.7   19:06   7.4   0.0  26.3   3.8  28.1   21:20   ENE
24   9.4   9.9   15:04   8.6   09:00   6.6   0.0  10.8   5.3  33.1   16:24     S
25   9.5  10.4   14:58   8.6   07:14   6.5   0.0   2.3   1.9  18.4   09:14   WSW
26   8.4  13.2   13:23   4.1   00:27   7.6   0.0   0.0   2.4  20.9   06:55   ESE
27  11.3  14.0   15:34   8.5   06:52   4.7   0.0   0.0   6.1  34.2   18:41    SE
28   9.7  11.5   15:02   7.7   05:35   6.3   0.0   0.0   7.0  31.7   18:34     S
29  10.6  11.3   14:56   9.4   09:00   5.4   0.0  10.1   6.7  47.9   11:24   SSW
30  10.4  11.5   14:56   8.9   05:53   5.6   0.0   0.1   8.1  47.9   23:28    SE
31   5.6  11.6   10:08   2.9   00:54  10.4   0.0  28.3   6.2  47.9   08:32   WSW
----------------------------------------------------------------------------------
     8.1  18.0    22     2.4    12   244.4   0.0 207.4   4.0  47.9    29     SSE

Max >=  40.0:  0
Max <=  25.0: 31
Min <=  16.0: 31
Min <=   5.0: 11
Max Rain: 33.0 on day 8
Days of Rain: 17 (>= 0.2 mm)  14 (>= 2.0 mm)  3 (>= 20.0 mm)
Heat Base: 16.0  Cool Base: 27.0  Method: Integration