crafers weather station

 Latitude S 34° 59' 22"    Longitude E 138° 43' 40"    Elevation 500 m

7.2 °C




  NOAA Style Reports for Crafers - commenced 28/12/2013.






Report for 2014 May
                   Monthly Climatological Summary for May 2014

Name: Crafers Weather   City: Adelaide   State: South Australia
Elevation: 500 m  Lat: S 34 59' 22"   Lon: E 138 43' 40"

                  Temperature (C), Rain (mm), Wind Speed (km/h)

                                      Heat  Cool        Avg
    Mean                              Deg   Deg         Wind                 Dom
Day Temp  High   Time   Low    Time   Days  Days  Rain  Speed High   Time    Dir
----------------------------------------------------------------------------------
 1  10.1  13.7   13:38   6.8   08:47   5.9   0.0  14.0   2.6  22.0   23:37   ESE
 2   5.9   9.2   13:11   4.4   01:41  10.0   0.0   4.1   2.3  24.5   15:19   SSW
 3   8.0  13.3   14:16   5.3   03:35   8.0   0.0   0.0   2.1  29.5   14:19   SSW
 4  10.5  14.2   13:04   7.8   19:37   5.5   0.0   1.8   2.0  18.4   13:09   SSE
 5  11.0  16.8   14:18   8.1   03:54   5.0   0.0   1.9   1.4  17.3   05:24   ESE
 6   7.8  12.9   13:43   4.7   05:51   8.2   0.0   0.0   2.1  19.4   12:05     E
 7   8.9  15.4   15:34   5.5   02:43   7.1   0.0   0.0   2.2  19.4   11:19   ENE
 8  12.3  16.4   13:26   9.7   18:01   3.7   0.0   0.6   4.3  28.1   02:37     E
 9  10.6  11.8   08:48   8.8   09:42   5.4   0.0  26.1   3.2  25.6   11:09   ESE
10  12.6  15.2   13:42  10.9   20:04   3.4   0.0   0.0   1.6  15.8   12:15   ESE
11  13.0  18.9   15:08  10.1   06:01   3.4   0.0   0.0   1.5  14.8   14:03   NNW
12  13.0  19.9   14:38   9.7   06:06   3.4   0.0   0.0   1.5  17.3   14:28    NE
13  14.7  20.9   13:53  11.5   21:33   2.2   0.0   0.1   2.4  22.0   05:47   ENE
14  16.9  22.5   15:18  13.6   19:56   0.4   0.0   0.0   2.7  17.3   04:51   ESE
15  16.7  22.1   13:55  13.8   23:39   0.6   0.0   0.0   2.8  27.0   14:40   ESE
16  19.1  23.8   14:47  15.8   05:26   0.0   0.0   0.0   2.7  22.0   10:34     E
17  16.8  20.7   09:54  13.7   04:19   0.4   0.0   0.0   1.6  22.0   12:36   ESE
18  17.0  23.1   14:30  14.0   08:30   0.6   0.0   0.3   1.9  18.4   11:23     E
19  14.0  19.2   12:46  11.7   07:14   2.4   0.0   0.3   1.3  18.4   12:43     E
20  15.7  22.1   13:13  12.2   21:43   1.5   0.0   0.0   1.2  17.3   12:08     N
21  18.2  24.1   14:06  15.2   22:07   0.1   0.0   0.0   2.1  22.0   05:37     E
22  16.7  23.2   14:05  14.1   07:35   0.7   0.0   0.8   2.7  29.5   13:42    SE
23  14.1  19.4   15:15  11.4   23:47   2.4   0.0   0.0   1.5  14.8   11:21     N
24  16.2  21.1   14:14  11.6   07:19   1.0   0.0   0.0   2.7  34.2   22:16   ESE
25  16.3  21.5   14:33  13.3   05:42   0.9   0.0   1.4   1.6  19.4   01:03     E
26  13.7  18.5   14:05  10.6   05:57   2.6   0.0  19.8   4.9  39.2   08:27   ESE
27  11.1  12.2   13:50  10.0   06:02   4.9   0.0  14.9   5.7  35.6   12:45    SW
28  10.9  13.2   12:17   8.6   03:23   5.1   0.0   0.6   1.4  22.0   11:42    SW
29  12.0  18.5   14:16   9.3   05:16   4.1   0.0   0.0   1.7  15.8   14:08   NNW
30  13.2  18.1   13:20  10.1   07:17   3.2   0.0   0.4   3.1  25.6   00:37     E
31   9.1  10.7   10:52   7.2   05:31   6.9   0.0   8.9   1.1  13.3   18:43   ESE
----------------------------------------------------------------------------------
    13.1  24.1    21     4.4     2   109.0   0.0  96.0   2.3  39.2    26     ESE

Max >=  40.0:  0
Max <=  25.0: 31
Min <=  16.0: 31
Min <=   5.0:  2
Max Rain: 26.1 on day 9
Days of Rain: 15 (>= 0.2 mm)  6 (>= 2.0 mm)  1 (>= 20.0 mm)
Heat Base: 16.0  Cool Base: 27.0  Method: Integration