crafers weather station

 Latitude S 34° 59' 22"    Longitude E 138° 43' 40"    Elevation 500 m

6.1 °C




  NOAA Style Reports for Crafers - commenced 28/12/2013.






Report for 2014 Apr
                   Monthly Climatological Summary for Apr 2014

Name: Crafers Weather   City: Adelaide   State: South Australia
Elevation: 500 m  Lat: S 34 59' 22"   Lon: E 138 43' 40"

                  Temperature (C), Rain (mm), Wind Speed (km/h)

                                      Heat  Cool        Avg
    Mean                              Deg   Deg         Wind                 Dom
Day Temp  High   Time   Low    Time   Days  Days  Rain  Speed High   Time    Dir
----------------------------------------------------------------------------------
 1  24.0  33.6   15:06  13.2   08:34   0.3   1.5   0.8   3.1  28.1   21:50    SE
 2  13.3  18.4   12:46  10.4   01:07   3.1   0.0   0.0   2.3  15.8   10:27   SSE
 3  12.3  16.5   15:24   9.6   07:10   3.7   0.0   0.1   4.9  23.4   14:31   SSE
 4  10.9  17.8   14:54   6.9   06:32   5.2   0.0   0.0   3.2  27.0   15:04   SSE
 5  12.3  19.2   15:22   8.8   20:59   4.2   0.0   0.0   2.2  20.9   15:03    SE
 6  17.4  24.5   14:23  14.2   09:00   0.4   0.0   0.0   1.9  15.8   20:04   ENE
 7  19.2  23.7   12:16  16.6   06:25   0.0   0.0   0.1   2.6  20.9   12:23     E
 8  17.4  20.6   13:25  15.0   06:50   0.1   0.0   7.1   0.9  11.2   09:08     E
 9  16.0  16.9   15:28  15.3   09:00   0.1   0.0   3.8   2.0  14.8   21:44   ESE
10  14.0  16.8   14:50  11.6   07:17   2.1   0.0   1.0   6.4  34.2   19:24     S
11  11.7  13.8   13:52  10.0   03:53   4.3   0.0   0.3   5.9  24.5   15:27   SSE
12  12.0  17.5   14:08   8.6   20:51   4.2   0.0   0.0   2.6  18.4   15:18    SE
13  12.9  18.1   13:11   8.8   06:37   3.2   0.0   0.0   4.4  20.9   16:49   SSE
14  13.0  18.6   14:22   8.5   06:32   3.3   0.0   0.0   5.2  25.6   13:26   SSE
15  13.1  20.3   15:24   9.6   21:41   3.5   0.0   0.0   1.9  24.5   11:28   ESE
16  14.7  20.9   15:04  11.2   04:51   2.3   0.0   0.0   1.5  19.4   14:21     E
17  15.7  21.4   14:52  12.5   07:49   1.3   0.0   3.3   2.4  22.0   07:23   SSW
18  11.0  17.9   11:38   7.2   03:57   5.2   0.0   0.0   2.1  23.4   09:06     S
19  11.3  15.8   14:02   8.5   06:38   4.7   0.0   0.0   1.2  12.2   10:56   NNE
20  16.2  20.7   14:08  12.7   22:13   0.9   0.0   0.0   2.2  20.9   08:17   ENE
21  19.2  25.5   13:09  12.5   07:58   0.6   0.0   0.0   4.0  35.6   13:50   ESE
22  12.2  20.0   13:00   7.4   06:38   4.4   0.0   0.0   1.7  22.0   12:49   SSW
23  13.8  18.9   14:24  10.4   18:55   2.6   0.0   1.2   2.5  22.0   00:52    SW
24  11.1  18.7   13:41   7.6   01:24   5.1   0.0   0.0   2.1  22.0   09:01     S
25  15.0  20.1   12:15  11.3   22:47   1.8   0.0   1.6   2.1  25.6   08:28   ESE
26  10.1  17.2   10:21   5.8   06:53   5.9   0.0   0.6   3.3  20.9   14:27    SE
27  15.3  20.6   14:41  10.7   09:00   1.4   0.0   0.0   3.1  24.5   08:25     E
28  19.8  26.1   15:06  10.7   08:58   0.8   0.0  34.2   5.0  41.8   23:18   ESE
29  10.2  14.5   13:19   6.7   07:05   5.8   0.0   2.9   2.8  31.7   18:37   WSW
30  10.4  15.6   13:04   7.7   00:21   5.6   0.0   0.0   0.9  13.3   10:02    SE
----------------------------------------------------------------------------------
    14.2  33.6     1     5.8    26    86.1   1.5  57.0   2.9  41.8    28      SE

Max >=  40.0:  0
Max <=  25.0: 27
Min <=  16.0: 29
Min <=   5.0:  0
Max Rain: 34.2 on day 28
Days of Rain: 11 (>= 0.2 mm)  5 (>= 2.0 mm)  1 (>= 20.0 mm)
Heat Base: 16.0  Cool Base: 27.0  Method: Integration